000
CXUS54 KFWD 180730
CF6FTW
PRELIMINARY LOCAL CLIMATOLOGICAL DATA (WS FORM: F-6)

                                          STATION:   FORT WORTH MEACHAM
                                          MONTH:     SEPTEMBER
                                          YEAR:      2014
                                          LATITUDE:   32 49 N
                                          LONGITUDE:  97 21 W

  TEMPERATURE IN F:       :PCPN:    SNOW:  WIND      :SUNSHINE: SKY     :PK WND
================================================================================
1   2   3   4   5  6A  6B    7    8   9   10  11  12  13   14  15   16   17  18
                                     12Z  AVG MX 2MIN
DY MAX MIN AVG DEP HDD CDD  WTR  SNW DPTH SPD SPD DIR MIN PSBL S-S WX    SPD DR
================================================================================

 1  99  78  89   7   0  24 0.00  0.0    0 16.1 24 150   M    M   1        32 170
 2  99  79  89   7   0  24 0.00  0.0    0 14.1 22 150   M    M   1        28 140
 3  99  79  89   7   0  24 0.00  0.0    0 14.4 25 170   M    M   1        33 180
 4  99  77  88   6   0  23 0.00  0.0    0 12.8 22 160   M    M   1        27 160
 5  98  76  87   6   0  22 0.00  0.0    0  8.9 16 150   M    M   1        20 150
 6  96  72  84   3   0  19 0.81  0.0    0  8.7 29 220   M    M   3 13     41 200
 7  86  71  79  -2   0  14    T  0.0    0  5.8 12  10   M    M   7        15 350
 8  95  74  85   5   0  20 0.00  0.0    0  7.6 15 160   M    M   2 18     20 220
 9  99  78  89   9   0  24 0.00  0.0    0 12.9 21 160   M    M   0        28 170
10 102  79  91  11   0  26 0.00  0.0    0 13.6 23 200   M    M   0        30 190
11  88  73  81   2   0  16 0.07  0.0    0  9.8 17  10   M    M   6 13     21 350
12  73  59  66 -13   0   1 0.02  0.0    0 15.5 25  10   M    M  10 18     33  10
13  72  57  65 -13   0   0    T  0.0    0 10.4 22  10   M    M   8        28  10
14  79  64  72  -6   0   7 0.00  0.0    0  4.3  9  70   M    M   6        12 140
15  85  70  78   0   0  13 0.01  0.0    0  4.1  9 210   M    M   3        12 220
16  92  74  83   6   0  18    T  0.0    0  4.4 12 150   M    M   2        14 150
17  95  74  85   8   0  20    T  0.0    0  5.3 17 100   M    M   2 3      21 100
================================================================================
SM 1556 1234         0 295  0.91     0.0 168.7          M       54
================================================================================
AV 91.5 72.6                               9.9 FASTST   M    M   3    MAX(MPH)
                                 MISC ---->  # 29 220               # 41  200
================================================================================
NOTES:
# LAST OF SEVERAL OCCURRENCES

COLUMN 17 PEAK WIND IN M.P.H.

PRELIMINARY LOCAL CLIMATOLOGICAL DATA (WS FORM: F-6) , PAGE 2

                                          STATION:  FORT WORTH MEACHAM
                                          MONTH:    SEPTEMBER
                                          YEAR:     2014
                                          LATITUDE:   32 49 N
                                          LONGITUDE:  97 21 W

[TEMPERATURE DATA]      [PRECIPITATION DATA]       SYMBOLS USED IN COLUMN 16

AVERAGE MONTHLY: 82.1   TOTAL FOR MONTH:   0.91    1 = FOG OR MIST
DPTR FM NORMAL:   2.2   DPTR FM NORMAL:   -0.54    2 = FOG REDUCING VISIBILITY
HIGHEST:   102 ON 10    GRTST 24HR  0.81 ON  6- 6      TO 1/4 MILE OR LESS
LOWEST:     57 ON 13                               3 = THUNDER
                        SNOW, ICE PELLETS, HAIL    4 = ICE PELLETS
                        TOTAL MONTH:   0.0 INCH    5 = HAIL
                        GRTST 24HR     0.0         6 = FREEZING RAIN OR DRIZZLE
                        GRTST DEPTH:   0           7 = DUSTSTORM OR SANDSTORM:
                                                       VSBY 1/2 MILE OR LESS
                                                   8 = SMOKE OR HAZE
[NO. OF DAYS WITH]      [WEATHER - DAYS WITH]      9 = BLOWING SNOW
                                                   X = TORNADO
MAX 32 OR BELOW:   0    0.01 INCH OR MORE:   4
MAX 90 OR ABOVE:  11    0.10 INCH OR MORE:   1
MIN 32 OR BELOW:   0    0.50 INCH OR MORE:   1
MIN  0 OR BELOW:   0    1.00 INCH OR MORE:   0

[HDD (BASE 65) ]
TOTAL THIS MO.     0    CLEAR  (SCALE 0-3)  12
DPTR FM NORMAL     0    PTCLDY (SCALE 4-7)   4
TOTAL FM JUL 1     0    CLOUDY (SCALE 8-10)  1
DPTR FM NORMAL     0

[CDD (BASE 65) ]
TOTAL THIS MO.   295
DPTR FM NORMAL    42    [PRESSURE DATA]
TOTAL FM JAN 1  2578    HIGHEST SLP M ON M
DPTR FM NORMAL   220    LOWEST  SLP 29.69 ON 10

[REMARKS]
