000
CXUS54 KFWD 300730
CF6FTW
PRELIMINARY LOCAL CLIMATOLOGICAL DATA (WS FORM: F-6)

                                          STATION:   FORT WORTH MEACHAM
                                          MONTH:     AUGUST
                                          YEAR:      2015
                                          LATITUDE:   32 49 N
                                          LONGITUDE:  97 21 W

  TEMPERATURE IN F:       :PCPN:    SNOW:  WIND      :SUNSHINE: SKY     :PK WND
================================================================================
1   2   3   4   5  6A  6B    7    8   9   10  11  12  13   14  15   16   17  18
                                     12Z  AVG MX 2MIN
DY MAX MIN AVG DEP HDD CDD  WTR  SNW DPTH SPD SPD DIR MIN PSBL S-S WX    SPD DR
================================================================================

 1  98  78  88   2   0  23 0.00  0.0    0  4.7 13 110   M    M   2        15 110
 2 100  81  91   5   0  26 0.00  0.0    0  7.0 15 150   M    M   2        20 160
 3 101  78  90   4   0  25 0.00  0.0    0  6.3 16 130   M    M   1        21 130
 4 101  79  90   4   0  25 0.00  0.0    0  9.2 17 160   M    M   1        23 180
 5 105  83  94   8   0  29 0.00  0.0    0 11.8 17 160   M    M   1        23 200
 6 105  83  94   8   0  29 0.00  0.0    0 12.3 18 180   M    M   0        24 180
 7 105  82  94   8   0  29 0.00  0.0    0 10.5 18 190   M    M   0        27 240
 8 104  81  93   7   0  28 0.00  0.0    0 11.7 18 150   M    M   0        23 200
 9 107  81  94   8   0  29 0.00  0.0    0 10.4 16 140   M    M   0        26 200
10 107  80  94   8   0  29 0.00  0.0    0  5.5 14 190   M    M   0        17 190
11 105  81  93   7   0  28 0.00  0.0    0  8.4 18 360   M    M   2        20  30
12 101  80  91   5   0  26 0.00  0.0    0  9.9 18  20   M    M   0 8      24  20
13 100  77  89   3   0  24 0.00  0.0    0  7.1 13  60   M    M   1        16  40
14  96  80  88   2   0  23    T  0.0    0  7.7 15  30   M    M   4        19 110
15  98  78  88   2   0  23 0.00  0.0    0  7.3 13  40   M    M   0        18  80
16  99  73  86   0   0  21 0.00  0.0    0  5.1 13 140   M    M   1        17 150
17  98  77  88   3   0  23 0.00  0.0    0  7.4 16 150   M    M   0        20 140
18 101  79  90   5   0  25 0.00  0.0    0 13.4 21 160   M    M   0        27 160
19  93  68  81  -4   0  16 0.02  0.0    0 14.1 28 320   M    M   4 3      34 330
20  76  66  71 -14   0   6 0.29  0.0    0  7.0 15 130   M    M   9 18     18 130
21  94  73  84  -1   0  19 0.00  0.0    0 13.2 22 130   M    M   5 1      27 130
22  99  76  88   3   0  23 0.00  0.0    0 12.3 21 160   M    M   1        26 140
23 102  80  91   7   0  26 0.00  0.0    0 10.0 21  80   M    M   1        25  80
24 100  77  89   5   0  24 0.00  0.0    0  4.7 12  40   M    M   0 3      14  40
25  96  77  87   3   0  22 0.00  0.0    0  8.2 15 110   M    M   2        18 120
26  97  75  86   2   0  21 0.00  0.0    0  7.0 12 130   M    M   1        16  90
27  98  74  86   2   0  21 0.00  0.0    0  6.8 20 120   M    M   0 8      23 120
28  98  72  85   1   0  20 0.00  0.0    0 10.4 16 150   M    M   0        21 140
29 100  79  90   7   0  25    T  0.0    0  8.0 17 260   M    M   2 3      22 260
================================================================================
SM 2884 2248         0 688  0.31     0.0 257.4          M       40
================================================================================
AV 99.4 77.5                               8.9 FASTST   M    M   1    MAX(MPH)
                                 MISC ---->  # 28 320               # 34  330
================================================================================
NOTES:
# LAST OF SEVERAL OCCURRENCES

COLUMN 17 PEAK WIND IN M.P.H.

PRELIMINARY LOCAL CLIMATOLOGICAL DATA (WS FORM: F-6) , PAGE 2

                                          STATION:  FORT WORTH MEACHAM
                                          MONTH:    AUGUST
                                          YEAR:     2015
                                          LATITUDE:   32 49 N
                                          LONGITUDE:  97 21 W

[TEMPERATURE DATA]      [PRECIPITATION DATA]       SYMBOLS USED IN COLUMN 16

AVERAGE MONTHLY: 88.5   TOTAL FOR MONTH:   0.31    1 = FOG OR MIST
DPTR FM NORMAL:   3.2   DPTR FM NORMAL:   -1.35    2 = FOG REDUCING VISIBILITY
HIGHEST:   107 ON 10, 9 GRTST 24HR  0.31 ON 19-20      TO 1/4 MILE OR LESS
LOWEST:     66 ON 20                               3 = THUNDER
                        SNOW, ICE PELLETS, HAIL    4 = ICE PELLETS
                        TOTAL MONTH:   0.0 INCH    5 = HAIL
                        GRTST 24HR     0.0         6 = FREEZING RAIN OR DRIZZLE
                        GRTST DEPTH:   0           7 = DUSTSTORM OR SANDSTORM:
                                                       VSBY 1/2 MILE OR LESS
                                                   8 = SMOKE OR HAZE
[NO. OF DAYS WITH]      [WEATHER - DAYS WITH]      9 = BLOWING SNOW
                                                   X = TORNADO
MAX 32 OR BELOW:   0    0.01 INCH OR MORE:   2
MAX 90 OR ABOVE:  28    0.10 INCH OR MORE:   1
MIN 32 OR BELOW:   0    0.50 INCH OR MORE:   0
MIN  0 OR BELOW:   0    1.00 INCH OR MORE:   0

[HDD (BASE 65) ]
TOTAL THIS MO.     0    CLEAR  (SCALE 0-3)  25
DPTR FM NORMAL     0    PTCLDY (SCALE 4-7)   3
TOTAL FM JUL 1     0    CLOUDY (SCALE 8-10)  1
DPTR FM NORMAL     0

[CDD (BASE 65) ]
TOTAL THIS MO.   688
DPTR FM NORMAL   101    [PRESSURE DATA]
TOTAL FM JAN 1  2355    HIGHEST SLP M ON M
DPTR FM NORMAL   284    LOWEST  SLP 29.66 ON 18

[REMARKS]
