000
CXUS54 KFWD 230730
CF6FTW
PRELIMINARY LOCAL CLIMATOLOGICAL DATA (WS FORM: F-6)

                                          STATION:   FORT WORTH MEACHAM
                                          MONTH:     JULY
                                          YEAR:      2014
                                          LATITUDE:   32 49 N
                                          LONGITUDE:  97 21 W

  TEMPERATURE IN F:       :PCPN:    SNOW:  WIND      :SUNSHINE: SKY     :PK WND
================================================================================
1   2   3   4   5  6A  6B    7    8   9   10  11  12  13   14  15   16   17  18
                                     12Z  AVG MX 2MIN
DY MAX MIN AVG DEP HDD CDD  WTR  SNW DPTH SPD SPD DIR MIN PSBL S-S WX    SPD DR
================================================================================

 1  94  75  85   2   0  20 0.00  0.0    0 10.5 23 190   M    M   0        32 180
 2  93  75  84   1   0  19 0.00  0.0    0  7.0 16  50   M    M   0        20  30
 3  87  72  80  -4   0  15 0.00  0.0    0  7.9 20  50   M    M   2        29 210
 4  93  75  84   0   0  19 0.00  0.0    0  6.9 15 140   M    M   1        20 150
 5  93  74  84   0   0  19 0.00  0.0    0  9.2 16 140   M    M   2 1      21 150
 6  94  74  84   0   0  19 0.00  0.0    0  9.9 15 180   M    M   0        22 180
 7  99  76  88   4   0  23 0.00  0.0    0 10.1 17 170   M    M   1        25 190
 8  98  77  88   4   0  23 0.00  0.0    0  9.0 17 200   M    M   0        22 210
 9  98  75  87   3   0  22 0.00  0.0    0  7.3 17 100   M    M   0        22 200
10  98  77  88   4   0  23 0.00  0.0    0 11.6 20 180   M    M   0        31 180
11  97  74  86   2   0  21 0.00  0.0    0 12.1 22 170   M    M   0        29 170
12  99  73  86   2   0  21 0.00  0.0    0  7.7 18 190   M    M   0        23 160
13 100  75  88   4   0  23 0.00  0.0    0  6.3 14 200   M    M   0        20 190
14 103  77  90   5   0  25    T  0.0    0  7.8 21 140   M    M   1 3      28 150
15  94  76  85   0   0  20 0.00  0.0    0 10.5 18  40   M    M   1        26  50
16  92  70  81  -4   0  16 0.00  0.0    0  8.5 17 160   M    M   2        21 160
17  80  68  74 -11   0   9 0.91  0.0    0  8.5 25 220   M    M   9 12     35 220
18  76  65  71 -14   0   6    T  0.0    0  8.2 15  20   M    M  10 1      18  30
19  82  69  76  -9   0  11 0.00  0.0    0  5.2 12 120   M    M   7        14 100
20  93  67  80  -5   0  15 0.00  0.0    0  7.9 14 140   M    M   2        16 130
21  98  77  88   3   0  23 0.00  0.0    0  8.3 16 150   M    M   3 18     22 130
22  99  78  89   4   0  24 0.00  0.0    0  6.1 13  70   M    M   1 8       M  M
================================================================================
SM 2060 1619         0 416  0.91     0.0 186.5          M       42
================================================================================
AV 93.6 73.6                               8.5 FASTST   M    M   2    MAX(MPH)
                                 MISC ---->  # 25 220               # 35  220
================================================================================
NOTES:
# LAST OF SEVERAL OCCURRENCES

COLUMN 17 PEAK WIND IN M.P.H.

PRELIMINARY LOCAL CLIMATOLOGICAL DATA (WS FORM: F-6) , PAGE 2

                                          STATION:  FORT WORTH MEACHAM
                                          MONTH:    JULY
                                          YEAR:     2014
                                          LATITUDE:   32 49 N
                                          LONGITUDE:  97 21 W

[TEMPERATURE DATA]      [PRECIPITATION DATA]       SYMBOLS USED IN COLUMN 16

AVERAGE MONTHLY: 83.6   TOTAL FOR MONTH:   0.91    1 = FOG OR MIST
DPTR FM NORMAL:  -0.7   DPTR FM NORMAL:   -1.06    2 = FOG REDUCING VISIBILITY
HIGHEST:   103 ON 14    GRTST 24HR  0.91 ON 17-17      TO 1/4 MILE OR LESS
LOWEST:     65 ON 18                               3 = THUNDER
                        SNOW, ICE PELLETS, HAIL    4 = ICE PELLETS
                        TOTAL MONTH:   0.0 INCH    5 = HAIL
                        GRTST 24HR     0.0         6 = FREEZING RAIN OR DRIZZLE
                        GRTST DEPTH:   0           7 = DUSTSTORM OR SANDSTORM:
                                                       VSBY 1/2 MILE OR LESS
                                                   8 = SMOKE OR HAZE
[NO. OF DAYS WITH]      [WEATHER - DAYS WITH]      9 = BLOWING SNOW
                                                   X = TORNADO
MAX 32 OR BELOW:   0    0.01 INCH OR MORE:   1
MAX 90 OR ABOVE:  18    0.10 INCH OR MORE:   1
MIN 32 OR BELOW:   0    0.50 INCH OR MORE:   1
MIN  0 OR BELOW:   0    1.00 INCH OR MORE:   0

[HDD (BASE 65) ]
TOTAL THIS MO.     0    CLEAR  (SCALE 0-3)  19
DPTR FM NORMAL     0    PTCLDY (SCALE 4-7)   1
TOTAL FM JUL 1     0    CLOUDY (SCALE 8-10)  2
DPTR FM NORMAL     0

[CDD (BASE 65) ]
TOTAL THIS MO.   416
DPTR FM NORMAL    -9    [PRESSURE DATA]
TOTAL FM JAN 1  1394    HIGHEST SLP M ON M
DPTR FM NORMAL    96    LOWEST  SLP 29.80 ON  1

[REMARKS]
