000
CXUS51 KCAR 230600
CF6FVE
PRELIMINARY LOCAL CLIMATOLOGICAL DATA (WS FORM: F-6)

                                          STATION:   FRENCHVILLE ME
                                          MONTH:     FEBRUARY
                                          YEAR:      2018
                                          LATITUDE:   47 16 N
                                          LONGITUDE:  68 19 W

  TEMPERATURE IN F:       :PCPN:    SNOW:  WIND      :SUNSHINE: SKY     :PK WND
================================================================================
1   2   3   4   5  6A  6B    7    8   9   10  11  12  13   14  15   16   17  18
                                     12Z  AVG MX 2MIN
DY MAX MIN AVG DEP HDD CDD  WTR  SNW DPTH SPD SPD DIR MIN PSBL S-S WX    SPD DR
================================================================================

 1  25   6  16   7  49   0 0.02    M    M  8.4 15 150   M    M   9 1      20 180
 2  24  -7   9   0  56   0    T    M    M 15.0 25 320   M    M   6 18     34 310
 3   1 -14  -6 -16  71   0 0.00    M    M 10.4 23 300   M    M   3 8      30 300
 4  29  -2  14   4  51   0 0.12    M    M  8.6 13 170   M    M  10 18     19 180
 5  31   3  17   7  48   0 0.10    M    M 11.4 28 300   M    M   7 128    35 300
 6  17   2  10   0  55   0    T    M    M  7.3 15 250   M    M   6 18     19 190
 7  11   0   6  -4  59   0 0.19    M    M  7.3 14  50   M    M   6 1      20  60
 8  13   3   8  -3  57   0 0.01    M    M 11.6 21 330   M    M   5 18     27 320
 9  16  -3   7  -4  58   0    T    M    M  7.1 21 240   M    M   4 1      26 240
10  23   4  14   3  51   0 0.02    M    M  5.8 12 180   M    M   9 1      15 180
11  23  14  19   7  46   0 0.04    M    M 10.9 23 130   M    M   8 16     30 130
12  30   7  19   7  46   0    T    M    M 14.1 26 280   M    M   7 16     36 280
13  13  -6   4  -8  61   0 0.00    M    M 11.7 24 320   M    M   1        30 300
14  33  10  22   9  43   0 0.00    M    M  9.6 20 220   M    M   5        28 210
15  39  27  33  20  32   0 0.02    M    M  8.5 21 260   M    M   7 12     27 260
16  35   5  20   7  45   0 0.01    M    M 13.6 29 320   M    M   7 1      37 300
17  17   0   9  -5  56   0 0.00    M    M 10.6 24 320   M    M   1        30 290
18  32  15  24  10  41   0    T    M    M  7.8 20 330   M    M   6 1      25 340
19  37  13  25  11  40   0 0.00    M    M  8.7 21 170   M    M   4        29 180
20  34  28  31  16  34   0 0.11    M    M  8.0 22 130   M    M  10 16     27 110
21  48  15  32  17  33   0 0.04    M    M 14.5 33 340   M    M   8 126    45 340
22   M   M   M   M   M   M    M    M    M   M   M   M   M    M   M 126     M  M
================================================================================
SM  531  120      1032   0  0.68    M    210.9          M      129
================================================================================
AV 25.3  5.7                              10.0 FASTST   M    M   6    MAX(MPH)
                                 MISC ---->  # 33 340               # 45  340
================================================================================
NOTES:
# LAST OF SEVERAL OCCURRENCES

COLUMN 17 PEAK WIND IN M.P.H.

PRELIMINARY LOCAL CLIMATOLOGICAL DATA (WS FORM: F-6) , PAGE 2

                                          STATION:  FRENCHVILLE ME
                                          MONTH:    FEBRUARY
                                          YEAR:     2018
                                          LATITUDE:   47 16 N
                                          LONGITUDE:  68 19 W

[TEMPERATURE DATA]      [PRECIPITATION DATA]       SYMBOLS USED IN COLUMN 16

AVERAGE MONTHLY: 15.5   TOTAL FOR MONTH:   0.68    1 = FOG OR MIST
DPTR FM NORMAL:   3.5   DPTR FM NORMAL:    0.12    2 = FOG REDUCING VISIBILITY
HIGHEST:    48 ON 21    GRTST 24HR  0.19 ON  7- 7      TO 1/4 MILE OR LESS
LOWEST:    -14 ON  3                               3 = THUNDER
                        SNOW, ICE PELLETS, HAIL    4 = ICE PELLETS
                        TOTAL MONTH:    M          5 = HAIL
                        GRTST 24HR    M  ON   M    6 = FREEZING RAIN OR DRIZZLE
                        GRTST DEPTH:  M  ON   M    7 = DUSTSTORM OR SANDSTORM:
                                                       VSBY 1/2 MILE OR LESS
                                                   8 = SMOKE OR HAZE
[NO. OF DAYS WITH]      [WEATHER - DAYS WITH]      9 = BLOWING SNOW
                                                   X = TORNADO
MAX 32 OR BELOW:  15    0.01 INCH OR MORE:  11
MAX 90 OR ABOVE:   0    0.10 INCH OR MORE:   4
MIN 32 OR BELOW:  21    0.50 INCH OR MORE:   0
MIN  0 OR BELOW:   7    1.00 INCH OR MORE:   0

[HDD (BASE 65) ]
TOTAL THIS MO.  1032    CLEAR  (SCALE 0-3)   3
DPTR FM NORMAL  -134    PTCLDY (SCALE 4-7)  12
TOTAL FM JUL 1  6494    CLOUDY (SCALE 8-10)  6
DPTR FM NORMAL  -216

[CDD (BASE 65) ]
TOTAL THIS MO.     0
DPTR FM NORMAL     0    [PRESSURE DATA]
TOTAL FM JAN 1     0    HIGHEST SLP M ON M
DPTR FM NORMAL     0    LOWEST  SLP 29.42 ON  5

[REMARKS]
