000
CXUS53 KDDC 012203
CF6GCK
PRELIMINARY LOCAL CLIMATOLOGICAL DATA (WS FORM: F-6)

                                          STATION:   GARDEN CITY REGIONAL ARPT KS
                                          MONTH:     APRIL
                                          YEAR:      2016
                                          LATITUDE:   37 55 N
                                          LONGITUDE: 100 43 W

  TEMPERATURE IN F:       :PCPN:    SNOW:  WIND      :SUNSHINE: SKY     :PK WND
================================================================================
1   2   3   4   5  6A  6B    7    8   9   10  11  12  13   14  15   16   17  18
                                     12Z  AVG MX 2MIN
DY MAX MIN AVG DEP HDD CDD  WTR  SNW DPTH SPD SPD DIR MIN PSBL S-S WX    SPD DR
================================================================================

 1  57  25  41  -7  24   0 0.00    M    M 15.6 30 330   M    M   2        37 340
 2  71  23  47  -1  18   0 0.00    M    M  9.1 18 330   M    M   0        25 320
 3  79  31  55   6  10   0 0.00    M    M 10.3 21 330   M    M   0 8      28 320
 4  77  38  58   9   7   0 0.00    M    M 12.8 21 150   M    M   0 8      30 130
 5  85  45  65  16   0   0    T    M    M 16.5 52 360   M    M   1 8      62 360
 6  72  37  55   5  10   0 0.00    M    M 16.1 36 350   M    M   1        45 350
 7  68  38  53   3  12   0 0.00    M    M 14.1 26  10   M    M   2        34  10
 8  73  37  55   5  10   0 0.00    M    M  8.0 23 210   M    M   4 8      29 230
 9  77  42  60   9   5   0 0.00    M    M 17.1 35 190   M    M   0        43 190
10  74  44  59   8   6   0 0.00    M    M 15.1 28  40   M    M   0        35  50
11  52  38  45  -6  20   0 0.29    M    M  9.1 24  60   M    M   8 1      30  50
12  65  33  49  -3  16   0 0.00    M    M 11.8 26 190   M    M   0 1      34 210
13  72  38  55   3  10   0 0.00    M    M  9.6 17 140   M    M   0        23 150
14  76  49  63  11   2   0 0.00    M    M 21.9 36 150   M    M   4 1      44 150
15  75  49  62   9   3   0 0.68    M    M 21.9 40 140   M    M   6 13     52 150
16  58  48  53   0  12   0 1.47    M    M 16.1 28 150   M    M  10 13     35 150
17  50  42  46  -7  19   0 0.14    M    M 15.4 22 360   M    M   9 13     27 340
18  58  39  49  -5  16   0 0.00    M    M 11.4 24 330   M    M   7        31 330
19  52  37  45  -9  20   0 0.59    M    M  6.4 15  70   M    M   8 12     17  80
20  65  39  52  -2  13   0 0.11    M    M  7.3 33 330   M    M   7 123    43 330
21  70  40  55   0  10   0 0.00    M    M  9.4 22 350   M    M   2        33 340
22  76  40  58   3   7   0 0.00    M    M  9.6 18 160   M    M   0        24 180
23  85  52  69  13   0   4 0.00    M    M 22.0 38 180   M    M   0        46 180
24  79  52  66  10   0   1 0.00    M    M 12.1 29 180   M    M   0        34 180
25  75  45  60   4   5   0 0.00    M    M 12.3 23 120   M    M   0        28 110
26  77  48  63   6   2   0 0.00    M    M  9.1 40 240   M    M   1        52 250
27  63  43  53  -4  12   0 0.01    M    M 19.5 32 320   M    M   3        45 310
28  60  38  49  -8  16   0    T    M    M 12.4 26  60   M    M   5        34  60
29  47  37  42 -16  23   0 1.25    M    M 20.4 37  70   M    M  10 13     46  70
30  51  35  43 -15  22   0 0.00    M    M 17.7 24 320   M    M  10 1      30 310
================================================================================
SM 2039 1202       330   5 4.54    M     410.1          M      100
================================================================================
AV 68.0 40.1                              13.7 FASTST   M    M   3      MAX(MPH)
                                 MISC ---->    52 360                     62 360
================================================================================
NOTES:
# LAST OF SEVERAL OCCURRENCES

COLUMN 17 PEAK WIND IN M.P.H.

PRELIMINARY LOCAL CLIMATOLOGICAL DATA (WS FORM: F-6) , PAGE 2

                                          STATION:  GARDEN CITY REGIONAL ARPT KS
                                          MONTH:    APRIL
                                          YEAR:     2016
                                          LATITUDE:   37 55 N
                                          LONGITUDE: 100 43 W

[TEMPERATURE DATA]      [PRECIPITATION DATA]       SYMBOLS USED IN COLUMN 16

AVERAGE MONTHLY: 54.1   TOTAL FOR MONTH:   4.54    1 = FOG OR MIST
DPTR FM NORMAL:   1.1   DPTR FM NORMAL:    2.82    2 = FOG REDUCING VISIBILITY
HIGHEST:    85 ON 23, 5 GRTST 24HR  2.09 ON 15-16      TO 1/4 MILE OR LESS
LOWEST:     23 ON  2                               3 = THUNDER
                                                   4 = ICE PELLETS
                                                   5 = HAIL
                                                   6 = FREEZING RAIN OR DRIZZLE
                                                   7 = DUSTSTORM OR SANDSTORM:
                                                       VSBY 1/2 MILE OR LESS
                                                   8 = SMOKE OR HAZE
[NO. OF DAYS WITH]      [WEATHER - DAYS WITH]      9 = BLOWING SNOW
                                                   X = TORNADO
MAX 32 OR BELOW:   0    0.01 INCH OR MORE:   8
MAX 90 OR ABOVE:   0    0.10 INCH OR MORE:   7
MIN 32 OR BELOW:   3    0.50 INCH OR MORE:   4
MIN  0 OR BELOW:   0    1.00 INCH OR MORE:   2

[HDD (BASE 65) ]
TOTAL THIS MO.   330    CLEAR  (SCALE 0-3)  18
DPTR FM NORMAL   -44    PTCLDY (SCALE 4-7)   7
TOTAL FM JUL 1  4262    CLOUDY (SCALE 8-10)  5
DPTR FM NORMAL  -800

[CDD (BASE 65) ]
TOTAL THIS MO.     5
DPTR FM NORMAL    -7    [PRESSURE DATA]
TOTAL FM JAN 1     6    HIGHEST SLP 30.28 ON 18
DPTR FM NORMAL    -6    LOWEST  SLP 29.45 ON 26

[REMARKS]
#FINAL-04-16#
