000
CXUS54 KFWD 210730
CF6GDJ
PRELIMINARY LOCAL CLIMATOLOGICAL DATA (WS FORM: F-6)

                                          STATION:   GRANBURY
                                          MONTH:     DECEMBER
                                          YEAR:      2014
                                          LATITUDE:   32 26 N
                                          LONGITUDE:  97 48 W

  TEMPERATURE IN F:       :PCPN:    SNOW:  WIND      :SUNSHINE: SKY     :PK WND
================================================================================
1   2   3   4   5  6A  6B    7    8   9   10  11  12  13   14  15   16   17  18
                                     12Z  AVG MX 2MIN
DY MAX MIN AVG DEP HDD CDD  WTR  SNW DPTH SPD SPD DIR MIN PSBL S-S WX    SPD DR
================================================================================

 1  58  33  46  -2  19   0 0.00  0.0    0 13.3 20 310   M    M   8        28 310
 2  50  33  42  -5  23   0 0.00  0.0    0  5.4 10 150   M    M   9         M  M
 3  60  50  55   8  10   0 0.00  0.0    0  7.7 12 130   M    M  10 1       M  M
 4  67  58  63  17   2   0 0.00  0.0    0  7.2 13 120   M    M   9 18     18 130
 5  80  58  69  23   0   4 0.04  0.0    0  7.3 14 210   M    M   5 1      20 210
 6  67  49  58  12   7   0 0.00  0.0    0  6.5 10 360   M    M   4        16 350
 7  52  44  48   2  17   0 0.00  0.0    0  2.4  7  90   M    M   8 1       M  M
 8  59  40  50   5  15   0 0.00  0.0    0  0.6  6 330   M    M   6 1       M  M
 9  63  38  51   6  14   0 0.00  0.0    0  0.8  5  60   M    M   5 12      M  M
10  64  38  51   6  14   0 0.00  0.0    0  3.9  8 130   M    M   8 12      M  M
11  65  55  60  16   5   0 0.00  0.0    0  4.0  8 180   M    M  10         M  M
12  73  58  66  22   0   1 0.00  0.0    0  5.2  9 160   M    M   8 1       M  M
13  72  58  65  21   0   0 0.00  0.0    0  8.3 15 190   M    M   7        20 130
14  71  60  66  22   0   1 0.08  0.0    0 10.8 21 180   M    M   8        29 180
15  65  39  52   8  13   0 0.00  0.0    0  9.1 17 280   M    M   0        25 290
16  56  38  47   3  18   0 0.00  0.0    0  5.3 16 330   M    M   1        16 320
17  49  42  46   3  19   0 0.15    M    0  6.7 15 110   M    M  10 13      M  M
18  54  45  50   7  15   0 0.00  0.0    0  2.2  5  10   M    M  10 1       M  M
19  49  46  48   5  17   0 0.18  0.0    0  3.8  8 320   M    M  10 13      M  M
20  51  46  49   6  16   0 0.00  0.0    0  1.7  7 110   M    M  10 18      M  M
================================================================================
SM 1225  928       224   6  0.45     0.0 112.2          M      146
================================================================================
AV 61.2 46.4                               5.6 FASTST   M    M   7    MAX(MPH)
                                 MISC ---->    21   M                 29    M
================================================================================
NOTES:
# LAST OF SEVERAL OCCURRENCES

COLUMN 17 PEAK WIND IN M.P.H.

PRELIMINARY LOCAL CLIMATOLOGICAL DATA (WS FORM: F-6) , PAGE 2

                                          STATION:  GRANBURY
                                          MONTH:    DECEMBER
                                          YEAR:     2014
                                          LATITUDE:   32 26 N
                                          LONGITUDE:  97 48 W

[TEMPERATURE DATA]      [PRECIPITATION DATA]       SYMBOLS USED IN COLUMN 16

AVERAGE MONTHLY: 53.8   TOTAL FOR MONTH:   0.45    1 = FOG OR MIST
DPTR FM NORMAL:   9.0   DPTR FM NORMAL:       M    2 = FOG REDUCING VISIBILITY
HIGHEST:    80 ON  5    GRTST 24HR  0.18 ON 19-19      TO 1/4 MILE OR LESS
LOWEST:     33 ON  2, 1                            3 = THUNDER
                        SNOW, ICE PELLETS, HAIL    4 = ICE PELLETS
                        TOTAL MONTH:   0.0 INCH    5 = HAIL
                        GRTST 24HR     0.0         6 = FREEZING RAIN OR DRIZZLE
                        GRTST DEPTH:   0           7 = DUSTSTORM OR SANDSTORM:
                                                       VSBY 1/2 MILE OR LESS
                                                   8 = SMOKE OR HAZE
[NO. OF DAYS WITH]      [WEATHER - DAYS WITH]      9 = BLOWING SNOW
                                                   X = TORNADO
MAX 32 OR BELOW:   0    0.01 INCH OR MORE:   4
MAX 90 OR ABOVE:   0    0.10 INCH OR MORE:   2
MIN 32 OR BELOW:   0    0.50 INCH OR MORE:   0
MIN  0 OR BELOW:   0    1.00 INCH OR MORE:   0

[HDD (BASE 65) ]
TOTAL THIS MO.   224    CLEAR  (SCALE 0-3)   2
DPTR FM NORMAL  -181    PTCLDY (SCALE 4-7)  10
TOTAL FM JUL 1   602    CLOUDY (SCALE 8-10)  8
DPTR FM NORMAL  -226

[CDD (BASE 65) ]
TOTAL THIS MO.     6
DPTR FM NORMAL     6    [PRESSURE DATA]
TOTAL FM JAN 1  2959    HIGHEST SLP M ON M
DPTR FM NORMAL   567    LOWEST  SLP M ON M

[REMARKS]
