000
CXUS51 KPHI 210800
CF6GED
PRELIMINARY LOCAL CLIMATOLOGICAL DATA (WS FORM: F-6)

                                          STATION:   GEORGETOWN DE
                                          MONTH:     JANUARY
                                          YEAR:      2018
                                          LATITUDE:   38 41 N
                                          LONGITUDE:  75 22 W

  TEMPERATURE IN F:       :PCPN:    SNOW:  WIND      :SUNSHINE: SKY     :PK WND
================================================================================
1   2   3   4   5  6A  6B    7    8   9   10  11  12  13   14  15   16   17  18
                                     12Z  AVG MX 2MIN
DY MAX MIN AVG DEP HDD CDD  WTR  SNW DPTH SPD SPD DIR MIN PSBL S-S WX    SPD DR
================================================================================

 1  23   9  16 -20  49   0 0.00    M    M  5.7 17 330   M    M   1        26 330
 2  26  11  19 -17  46   0 0.00    M    M  6.1 15 280   M    M   0        19 240
 3  36   5  21 -15  44   0 0.02    M    M  4.4 14  50   M    M   3 1      18  50
 4  30  17  24 -11  41   0 0.60    M    M 15.6 23 300   M    M   9 128    40 300
 5  19  12  16 -19  49   0 0.00    M    M 13.3 24 290   M    M   0 9      38 290
 6  18   9  14 -21  51   0 0.00    M    M  8.7 20 290   M    M   0        31 300
 7  18   0   9 -26  56   0 0.00    M    M  4.6 10 340   M    M   0        15 340
 8  38   8  23 -12  42   0 0.06    M    M  9.7 22 230   M    M   4        27 220
 9  47  27  37   2  28   0 0.00    M    M  3.6 14 320   M    M   4 12     22 310
10  49  24  37   2  28   0 0.00    M    M  3.5  9 100   M    M   5 1      11  70
11  66  38  52  17  13   0 0.00    M    M  5.3 14 160   M    M   6        19 160
12  68  57  63  28   2   0 0.29    M    M 14.0 24 190   M    M  10 1      35 170
13  63  26  45  10  20   0 0.22    M    M 12.3 24 230   M    M   7 1      34 210
14  27  16  22 -13  43   0 0.00    M    M  8.0 16 350   M    M   0        26 340
15  34  15  25 -10  40   0    T    M    M  7.7 16  30   M    M   8 18     21  40
16  47  26  37   2  28   0 0.00    M    M  3.4 12 110   M    M   2 1      14 130
17  39  24  32  -3  33   0    T    M    M  6.3 14 360   M    M  10 18     22 340
18  38  20  29  -6  36   0 0.00    M    M  7.4 17 300   M    M   1        24 330
19  51  20  36   1  29   0 0.00    M    M  3.5 14 300   M    M   0        19 290
20  58  28  43   8  22   0 0.00    M    M  5.1 13 230   M    M   0        15 280
================================================================================
SM  795  392       700   0  1.19    M    148.2          M       70
================================================================================
AV 39.8 19.6                               7.4 FASTST   M    M   4    MAX(MPH)
                                 MISC ---->  # 24 290               # 40  300
================================================================================
NOTES:
# LAST OF SEVERAL OCCURRENCES

COLUMN 17 PEAK WIND IN M.P.H.

PRELIMINARY LOCAL CLIMATOLOGICAL DATA (WS FORM: F-6) , PAGE 2

                                          STATION:  GEORGETOWN DE
                                          MONTH:    JANUARY
                                          YEAR:     2018
                                          LATITUDE:   38 41 N
                                          LONGITUDE:  75 22 W

[TEMPERATURE DATA]      [PRECIPITATION DATA]       SYMBOLS USED IN COLUMN 16

AVERAGE MONTHLY: 29.7   TOTAL FOR MONTH:   1.19    1 = FOG OR MIST
DPTR FM NORMAL:  -5.5   DPTR FM NORMAL:   -0.70    2 = FOG REDUCING VISIBILITY
HIGHEST:    68 ON 12    GRTST 24HR  0.60 ON  4- 4      TO 1/4 MILE OR LESS
LOWEST:      0 ON  7                               3 = THUNDER
                        SNOW, ICE PELLETS, HAIL    4 = ICE PELLETS
                        TOTAL MONTH:    M          5 = HAIL
                        GRTST 24HR    M  ON   M    6 = FREEZING RAIN OR DRIZZLE
                        GRTST DEPTH:  M  ON   M    7 = DUSTSTORM OR SANDSTORM:
                                                       VSBY 1/2 MILE OR LESS
                                                   8 = SMOKE OR HAZE
[NO. OF DAYS WITH]      [WEATHER - DAYS WITH]      9 = BLOWING SNOW
                                                   X = TORNADO
MAX 32 OR BELOW:   7    0.01 INCH OR MORE:   5
MAX 90 OR ABOVE:   0    0.10 INCH OR MORE:   3
MIN 32 OR BELOW:  18    0.50 INCH OR MORE:   1
MIN  0 OR BELOW:   1    1.00 INCH OR MORE:   0

[HDD (BASE 65) ]
TOTAL THIS MO.   700    CLEAR  (SCALE 0-3)  10
DPTR FM NORMAL   103    PTCLDY (SCALE 4-7)   7
TOTAL FM JUL 1  2171    CLOUDY (SCALE 8-10)  3
DPTR FM NORMAL    -8

[CDD (BASE 65) ]
TOTAL THIS MO.     0
DPTR FM NORMAL     0    [PRESSURE DATA]
TOTAL FM JAN 1     0    HIGHEST SLP M ON M
DPTR FM NORMAL     0    LOWEST  SLP 29.28 ON  4

[REMARKS]
