000
CXUS56 KOTX 240900
CF6GEG
PRELIMINARY LOCAL CLIMATOLOGICAL DATA (WS FORM: F-6)

                                          STATION:   SPOKANE WA AIRPORT
                                          MONTH:     MAY
                                          YEAR:      2017
                                          LATITUDE:   47 37 N
                                          LONGITUDE: 117 32 W

  TEMPERATURE IN F:       :PCPN:    SNOW:  WIND      :SUNSHINE: SKY     :PK WND
================================================================================
1   2   3   4   5  6A  6B    7    8   9   10  11  12  13   14  15   16   17  18
                                     12Z  AVG MX 2MIN
DY MAX MIN AVG DEP HDD CDD  WTR  SNW DPTH SPD SPD DIR MIN PSBL S-S WX    SPD DR
================================================================================

 1  50  35  43  -8  22   0 0.03  0.0    0  8.4 22 250   M    M   8 1      25 240
 2  58  36  47  -4  18   0 0.00  0.0    0  3.5  9 170   M    M   7        11 230
 3  69  44  57   6   8   0 0.00  0.0    0  5.8 12 220   M    M   7        14 220
 4  83  50  67  15   0   2 0.00  0.0    0  7.9 21 240   M    M   4        29 240
 5  69  50  60   8   5   0 0.13  0.0    0  9.2 22 240   M    M   8 3      26 220
 6  53  41  47  -5  18   0 0.04  0.0    0  9.5 18 220   M    M   9 1      24 200
 7  60  43  52   0  13   0    T  0.0    0  8.7 20 240   M    M   5        25 240
 8  65  39  52  -1  13   0 0.00  0.0    0  6.0 13 260   M    M   6        17 260
 9  70  45  58   5   7   0 0.00  0.0    0  3.6 10 220   M    M   5        14 260
10  77  47  62   8   3   0    T  0.0    0  3.9 12 260   M    M   4        14 270
11  71  47  59   5   6   0 0.19  0.0    0 10.0 26 260   M    M   8 1      33 260
12  52  38  45  -9  20   0    T  0.0    0 11.0 23 220   M    M   7        28 220
13  54  35  45  -9  20   0 0.19  0.0    0 10.1 23 210   M    M   6 135    28 190
14  53  38  46  -9  19   0 0.04  0.0    0  7.2 21 290   M    M   7 5      25 280
15  58  37  48  -7  17   0    T  0.0    0  5.7 16 220   M    M   7 1      21 220
16  54  41  48  -7  17   0 0.39  0.0    0 11.1 23 230   M    M  10 15     26 220
17  59  40  50  -6  15   0    T  0.0    0  4.8 13 280   M    M   8        16 280
18  63  45  54  -2  11   0    T  0.0    0  4.3 10 290   M    M   8        14 290
19  69  46  58   2   7   0 0.00  0.0    0  4.3 15 250   M    M   7        18 250
20  65  51  58   2   7   0 0.30  0.0    0  5.2 15  50   M    M   7 1      20  60
21  78  49  64   7   1   0 0.00  0.0    0  5.1 14 270   M    M   4 1      16 280
22  82  54  68  11   0   3 0.00  0.0    0  4.8 10  20   M    M   4        15  20
23  82  57  70  13   0   5 0.00  0.0    0 11.5 28 250   M    M   2        35 240
================================================================================
SM 1494 1008       247  10  1.31     0.0 161.6          M      148
================================================================================
AV 65.0 43.8                               7.0 FASTST   M    M   6    MAX(MPH)
                                 MISC ---->  # 28 250               # 35  240
================================================================================
NOTES:
# LAST OF SEVERAL OCCURRENCES

COLUMN 17 PEAK WIND IN M.P.H.

PRELIMINARY LOCAL CLIMATOLOGICAL DATA (WS FORM: F-6) , PAGE 2

                                          STATION:  SPOKANE WA AIRPORT
                                          MONTH:    MAY
                                          YEAR:     2017
                                          LATITUDE:   47 37 N
                                          LONGITUDE: 117 32 W

[TEMPERATURE DATA]      [PRECIPITATION DATA]       SYMBOLS USED IN COLUMN 16

AVERAGE MONTHLY: 54.4   TOTAL FOR MONTH:   1.31    1 = FOG OR MIST
DPTR FM NORMAL:   0.3   DPTR FM NORMAL:    0.18    2 = FOG REDUCING VISIBILITY
HIGHEST:    83 ON  4    GRTST 24HR  0.39 ON 16-16      TO 1/4 MILE OR LESS
LOWEST:     35 ON 13, 1                            3 = THUNDER
                        SNOW, ICE PELLETS, HAIL    4 = ICE PELLETS
                        TOTAL MONTH:   0.0 INCH    5 = HAIL
                        GRTST 24HR     0.0         6 = FREEZING RAIN OR DRIZZLE
                        GRTST DEPTH:   0           7 = DUSTSTORM OR SANDSTORM:
                                                       VSBY 1/2 MILE OR LESS
                                                   8 = SMOKE OR HAZE
[NO. OF DAYS WITH]      [WEATHER - DAYS WITH]      9 = BLOWING SNOW
                                                   X = TORNADO
MAX 32 OR BELOW:   0    0.01 INCH OR MORE:   8
MAX 90 OR ABOVE:   0    0.10 INCH OR MORE:   5
MIN 32 OR BELOW:   0    0.50 INCH OR MORE:   0
MIN  0 OR BELOW:   0    1.00 INCH OR MORE:   0

[HDD (BASE 65) ]
TOTAL THIS MO.   247    CLEAR  (SCALE 0-3)   1
DPTR FM NORMAL   -13    PTCLDY (SCALE 4-7)  16
TOTAL FM JUL 1  6537    CLOUDY (SCALE 8-10)  6
DPTR FM NORMAL   141

[CDD (BASE 65) ]
TOTAL THIS MO.    10
DPTR FM NORMAL     8    [PRESSURE DATA]
TOTAL FM JAN 1    10    HIGHEST SLP M ON M
DPTR FM NORMAL     8    LOWEST  SLP 29.52 ON 16

[REMARKS]
