000
CXUS53 KIND 300730
CF6GEZ
PRELIMINARY LOCAL CLIMATOLOGICAL DATA (WS FORM: F-6)

                                          STATION:   SHELBYVILLE IN
                                          MONTH:     SEPTEMBER
                                          YEAR:      2016
                                          LATITUDE:   39 35 N
                                          LONGITUDE:  85 48 W

  TEMPERATURE IN F:       :PCPN:    SNOW:  WIND      :SUNSHINE: SKY     :PK WND
================================================================================
1   2   3   4   5  6A  6B    7    8   9   10  11  12  13   14  15   16   17  18
                                     12Z  AVG MX 2MIN
DY MAX MIN AVG DEP HDD CDD  WTR  SNW DPTH SPD SPD DIR MIN PSBL S-S WX    SPD DR
================================================================================

 1  78  62  70   0   0   5 0.00    M    M  8.0 17 360   M    M   3        22  10
 2  79  59  69  -1   0   4 0.00    M    M  8.8 16  50   M    M   2        23  50
 3  81  57  69  -1   0   4 0.00    M    M  5.9 13  50   M    M   1        20 140
 4  83  57  70   0   0   5 0.00    M    M  5.2 10 110   M    M   0        17 160
 5  89  63  76   7   0  11 0.00    M    M  6.0 17 260   M    M   1        23 260
 6  89  70  80  11   0  15 0.00    M    M  7.5 16 230   M    M   2        20 210
 7  89  70  80  11   0  15 0.00    M    M  8.8 17 190   M    M   1        22 190
 8  88  73  81  13   0  16 1.04    M    M  8.1 28 330   M    M   4 13     33 320
 9  85  73  79  11   0  14 0.04    M    M  5.3 15 200   M    M   7 138    21 180
10  81  63  72   4   0   7 0.98    M    M  9.1 24 280   M    M   5 13     33 280
11  79  55  67  -1   0   2 0.00    M    M  2.7  9 350   M    M   1        13 350
12  81  54  68   1   0   3 0.00    M    M  4.3 10 140   M    M   0        14 150
13  84  54  69   2   0   4 0.00    M    M  4.1 10 230   M    M   0 18     13 200
14  86  61  74   8   0   9 0.00    M    M  4.8 12  50   M    M   2 1      22  40
15  83  63  73   7   0   8 0.00    M    M  5.0  9  80   M    M   1        13  70
16  89  61  75   9   0  10 0.09    M    M  5.8 25 240   M    M   3 3      31 230
17  78  69  74   9   0   9 0.36    M    M  7.6 14 220   M    M   7 13     18 210
18  84  63  74   9   0   9 0.00    M    M  3.1  9 210   M    M   4 1      11 200
19  87  57  72   8   0   7 0.00    M    M  1.4  7 330   M    M   1 12      9 130
20  89  57  73   9   0   8 0.00    M    M  2.1  8 260   M    M   0        10 250
21  91  58  75  11   0  10 0.00    M    M  1.9  8 140   M    M   0        11 350
22  91  59  75  12   0  10 0.00    M    M  2.9  9 180   M    M   0        13 220
23  89  63  76  13   0  11 0.00    M    M  3.0  9 290   M    M   0 18     12 270
24  87  67  77  15   0  12 0.00    M    M  5.9 10  40   M    M   3 18     23 340
25  88  62  75  13   0  10 0.00    M    M  4.5 10 180   M    M   2        15 180
26  75  51  63   2   2   0 0.67    M    M  8.7 23 310   M    M   4 13     29 310
27  77  48  63   2   2   0 0.00    M    M  9.5 22 240   M    M   1        29 220
28  65  54  60   0   5   0 0.49    M    M  6.1 14 310   M    M   9 13     19 310
29  70  54  62   2   3   0    T    M    M  3.7 12  40   M    M   9 8      16  40
================================================================================
SM 2415 1757        12 218  3.67    M    159.8          M       73
================================================================================
AV 83.3 60.6                               5.5 FASTST   M    M   3    MAX(MPH)
                                 MISC ---->  # 28 330               # 33  320
================================================================================
NOTES:
# LAST OF SEVERAL OCCURRENCES

COLUMN 17 PEAK WIND IN M.P.H.

PRELIMINARY LOCAL CLIMATOLOGICAL DATA (WS FORM: F-6) , PAGE 2

                                          STATION:  SHELBYVILLE IN
                                          MONTH:    SEPTEMBER
                                          YEAR:     2016
                                          LATITUDE:   39 35 N
                                          LONGITUDE:  85 48 W

[TEMPERATURE DATA]      [PRECIPITATION DATA]       SYMBOLS USED IN COLUMN 16

AVERAGE MONTHLY: 71.9   TOTAL FOR MONTH:   3.67    1 = FOG OR MIST
DPTR FM NORMAL:   6.2   DPTR FM NORMAL:    0.62    2 = FOG REDUCING VISIBILITY
HIGHEST:    91 ON 22,21 GRTST 24HR  1.08 ON  8- 9      TO 1/4 MILE OR LESS
LOWEST:     48 ON 27                               3 = THUNDER
                        SNOW, ICE PELLETS, HAIL    4 = ICE PELLETS
                        TOTAL MONTH:    M          5 = HAIL
                        GRTST 24HR    M  ON   M    6 = FREEZING RAIN OR DRIZZLE
                        GRTST DEPTH:  M  ON   M    7 = DUSTSTORM OR SANDSTORM:
                                                       VSBY 1/2 MILE OR LESS
                                                   8 = SMOKE OR HAZE
[NO. OF DAYS WITH]      [WEATHER - DAYS WITH]      9 = BLOWING SNOW
                                                   X = TORNADO
MAX 32 OR BELOW:   0    0.01 INCH OR MORE:   7
MAX 90 OR ABOVE:   2    0.10 INCH OR MORE:   5
MIN 32 OR BELOW:   0    0.50 INCH OR MORE:   3
MIN  0 OR BELOW:   0    1.00 INCH OR MORE:   1

[HDD (BASE 65) ]
TOTAL THIS MO.    12    CLEAR  (SCALE 0-3)  20
DPTR FM NORMAL   -60    PTCLDY (SCALE 4-7)   7
TOTAL FM JUL 1    14    CLOUDY (SCALE 8-10)  2
DPTR FM NORMAL   -64

[CDD (BASE 65) ]
TOTAL THIS MO.   218
DPTR FM NORMAL   125    [PRESSURE DATA]
TOTAL FM JAN 1  1397    HIGHEST SLP M ON M
DPTR FM NORMAL   498    LOWEST  SLP 29.74 ON 28

[REMARKS]
