000
CXUS53 KIND 300730
CF6GEZ
PRELIMINARY LOCAL CLIMATOLOGICAL DATA (WS FORM: F-6)

                                          STATION:   SHELBYVILLE IN
                                          MONTH:     APRIL
                                          YEAR:      2017
                                          LATITUDE:   39 35 N
                                          LONGITUDE:  85 48 W

  TEMPERATURE IN F:       :PCPN:    SNOW:  WIND      :SUNSHINE: SKY     :PK WND
================================================================================
1   2   3   4   5  6A  6B    7    8   9   10  11  12  13   14  15   16   17  18
                                     12Z  AVG MX 2MIN
DY MAX MIN AVG DEP HDD CDD  WTR  SNW DPTH SPD SPD DIR MIN PSBL S-S WX    SPD DR
================================================================================

 1  55  40  48   0  17   0 0.00    M    M  7.0 15 320   M    M   7 18     17 350
 2  66  38  52   4  13   0 0.00    M    M  6.9 16 100   M    M   0        21 100
 3  70  49  60  11   5   0 0.01    M    M 12.5 24 210   M    M   6        29 220
 4  65  49  57   8   8   0 0.02    M    M 13.8 24 250   M    M   9        30 270
 5  70  47  59  10   6   0 0.27    M    M 12.5 29 270   M    M   4 3      37 270
 6  48  38  43  -7  22   0 0.11    M    M 20.0 40 320   M    M  10 18     52 330
 7  57  35  46  -4  19   0 0.00    M    M 14.2 25 330   M    M   0        31 320
 8  65  31  48  -2  17   0 0.00    M    M  7.9 17 160   M    M   0        21 170
 9  78  44  61  10   4   0 0.00    M    M 16.2 30 180   M    M   0        37 190
10  79  62  71  20   0   6 0.00    M    M 12.7 29 300   M    M   4        36 320
11  70  50  60   9   5   0 0.08    M    M  9.2 16 270   M    M   3 13     21 220
12  69  41  55   3  10   0 0.00    M    M  4.5 12 330   M    M   0 18     22 220
13  79  44  62  10   3   0 0.00    M    M  7.2 15 200   M    M   2        23 180
14  84  51  68  16   0   3 0.00    M    M  6.6 10 180   M    M   1        21 130
15  84  63  74  21   0   9 0.00    M    M 13.1 28 230   M    M   2        35 210
16  80  63  72  19   0   7 0.05    M    M 11.4 21 270   M    M   5 3      27 270
17  72  52  62   9   3   0 0.00    M    M  7.7 15  70   M    M   0        23  80
18  81  45  63   9   2   0 0.00    M    M 11.2 24 120   M    M   2        30 120
19  83  63  73  19   0   8 0.00    M    M  9.8 17 210   M    M   4 18     29 240
20  83  61  72  18   0   7 0.70    M    M 13.1 26 220   M    M   5 13     34 220
21  61  47  54  -1  11   0 0.04    M    M  9.8 17 330   M    M   5        23 320
22  59  46  53  -2  12   0 0.00    M    M 12.9 24  60   M    M   2        29  60
23  73  43  58   3   7   0 0.00    M    M 12.9 22  60   M    M   0        28  40
24  79  43  61   5   4   0 0.00    M    M 11.7 21  70   M    M   0        27  50
25  78  54  66  10   0   1 0.00    M    M  8.6 16 160   M    M   1        19 150
26  86  60  73  17   0   8 0.00    M    M 15.0 29 180   M    M   0 8      35 160
27  73  48  61   4   4   0 0.01    M    M 13.4 29 260   M    M   8        33 260
28  70  44  57   0   8   0 0.76    M    M  9.3 29 110   M    M   6 13     36 120
29  79  60  70  13   0   5 1.40    M    M  9.7 30 330   M    M   6 13     36 340
================================================================================
SM 2096 1411       180  54  3.45    M    320.8          M       92
================================================================================
AV 72.3 48.7                              11.1 FASTST   M    M   3    MAX(MPH)
                                 MISC ---->  # 40 320               # 52  330
================================================================================
NOTES:
# LAST OF SEVERAL OCCURRENCES

COLUMN 17 PEAK WIND IN M.P.H.

PRELIMINARY LOCAL CLIMATOLOGICAL DATA (WS FORM: F-6) , PAGE 2

                                          STATION:  SHELBYVILLE IN
                                          MONTH:    APRIL
                                          YEAR:     2017
                                          LATITUDE:   39 35 N
                                          LONGITUDE:  85 48 W

[TEMPERATURE DATA]      [PRECIPITATION DATA]       SYMBOLS USED IN COLUMN 16

AVERAGE MONTHLY: 60.5   TOTAL FOR MONTH:   3.45    1 = FOG OR MIST
DPTR FM NORMAL:   7.8   DPTR FM NORMAL:   -0.66    2 = FOG REDUCING VISIBILITY
HIGHEST:    86 ON 26    GRTST 24HR  1.99 ON 28-29      TO 1/4 MILE OR LESS
LOWEST:     31 ON  8                               3 = THUNDER
                        SNOW, ICE PELLETS, HAIL    4 = ICE PELLETS
                        TOTAL MONTH:    M          5 = HAIL
                        GRTST 24HR    M  ON   M    6 = FREEZING RAIN OR DRIZZLE
                        GRTST DEPTH:  M  ON   M    7 = DUSTSTORM OR SANDSTORM:
                                                       VSBY 1/2 MILE OR LESS
                                                   8 = SMOKE OR HAZE
[NO. OF DAYS WITH]      [WEATHER - DAYS WITH]      9 = BLOWING SNOW
                                                   X = TORNADO
MAX 32 OR BELOW:   0    0.01 INCH OR MORE:  11
MAX 90 OR ABOVE:   0    0.10 INCH OR MORE:   5
MIN 32 OR BELOW:   1    0.50 INCH OR MORE:   3
MIN  0 OR BELOW:   0    1.00 INCH OR MORE:   1

[HDD (BASE 65) ]
TOTAL THIS MO.   180    CLEAR  (SCALE 0-3)  16
DPTR FM NORMAL  -189    PTCLDY (SCALE 4-7)  11
TOTAL FM JUL 1  3987    CLOUDY (SCALE 8-10)  2
DPTR FM NORMAL -1265

[CDD (BASE 65) ]
TOTAL THIS MO.    54
DPTR FM NORMAL    53    [PRESSURE DATA]
TOTAL FM JAN 1    58    HIGHEST SLP M ON M
DPTR FM NORMAL    56    LOWEST  SLP 29.38 ON  3

[REMARKS]
