000
CXUS53 KFGF 220915
CF6GFK
PRELIMINARY LOCAL CLIMATOLOGICAL DATA (WS FORM: F-6)

                                          STATION:   GRAND FORKS INTL AP ND
                                          MONTH:     MAY
                                          YEAR:      2015
                                          LATITUDE:   47 57 N
                                          LONGITUDE:  97 11 W

  TEMPERATURE IN F:       :PCPN:    SNOW:  WIND      :SUNSHINE: SKY     :PK WND
================================================================================
1   2   3   4   5  6A  6B    7    8   9   10  11  12  13   14  15   16   17  18
                                     12Z  AVG MX 2MIN
DY MAX MIN AVG DEP HDD CDD  WTR  SNW DPTH SPD SPD DIR MIN PSBL S-S WX    SPD DR
================================================================================

 1  76  38  57   8   8   0 0.00  0.0    0  6.2 17 220   M    M   5 12     23 240
 2  86  44  65  15   0   0 0.02  0.0    0 13.0 32 260   M    M   5        44 200
 3  70  40  55   5  10   0 0.00  0.0    0 12.5 26 320   M    M   5        36 330
 4  70  31  51   0  14   0 0.00  0.0    0  3.6 12 290   M    M   1        16 300
 5  79  36  58   7   7   0 0.00  0.0    0 12.7 23 150   M    M   3        30 190
 6  63  57  60   9   5   0 0.26  0.0    0 12.9 22 180   M    M   8 1      30 180
 7  65  41  53   1  12   0 0.13  0.0    0 16.8 30 300   M    M   9 1      36 330
 8  42  30  36 -16  29   0 0.00  0.0    0 14.8 24  10   M    M   8        29  10
 9  53  28  41 -11  24   0 0.00  0.0    0 11.3 18  30   M    M   9        25  40
10  45  39  42 -11  23   0 0.21  0.0    0 15.5 29  50   M    M  10 1      37  50
11  42  34  38 -15  27   0 0.78  0.0    0 18.1 28  10   M    M  10 1      35  10
12  58  30  44 -10  21   0 0.00  0.0    0  8.6 14 110   M    M   5        18  30
13  51  44  48  -6  17   0 0.35  0.0    0 12.2 26 130   M    M  10 1      31 120
14  56  50  53  -1  12   0 0.46  0.0    0 11.2 22 180   M    M  10 1      29 180
15  66  47  57   3   8   0 0.00  0.0    0  6.5 15 350   M    M   7 1      18 350
16  72  41  57   2   8   0 0.01  0.0    0 10.8 23 120   M    M   7 1      29 120
17  59  34  47  -8  18   0 1.58    T    0 21.4 40 350   M    M   9 1      49 350
18  43  32  38 -18  27   0    T    T    0 22.4 40 350   M    M   9 16     55 350
19  59  27  43 -13  22   0 0.00  0.0    0  6.7 15 350   M    M   1        23 330
20  74  37  56   0   9   0 0.00  0.0    0  5.7 12 270   M    M   1        16 280
21  69  40  55  -1  10   0 0.00  0.0    0  6.8 17 360   M    M   0        21 360
================================================================================
SM 1298  800       311   0  3.80    T    249.7          M      132
================================================================================
AV 61.8 38.1                              11.9 FASTST   M    M   6    MAX(MPH)
                                 MISC ---->  # 40 350               # 55  350
================================================================================
NOTES:
# LAST OF SEVERAL OCCURRENCES

COLUMN 17 PEAK WIND IN M.P.H.

PRELIMINARY LOCAL CLIMATOLOGICAL DATA (WS FORM: F-6) , PAGE 2

                                          STATION:  GRAND FORKS INTL AP ND
                                          MONTH:    MAY
                                          YEAR:     2015
                                          LATITUDE:   47 57 N
                                          LONGITUDE:  97 11 W

[TEMPERATURE DATA]      [PRECIPITATION DATA]       SYMBOLS USED IN COLUMN 16

AVERAGE MONTHLY: 50.0   TOTAL FOR MONTH:   3.80    1 = FOG OR MIST
DPTR FM NORMAL:  -3.1   DPTR FM NORMAL:    2.08    2 = FOG REDUCING VISIBILITY
HIGHEST:    86 ON  2    GRTST 24HR  1.58 ON 17-17      TO 1/4 MILE OR LESS
LOWEST:     27 ON 19                               3 = THUNDER
                        SNOW, ICE PELLETS, HAIL    4 = ICE PELLETS
                        TOTAL MONTH:    T          5 = HAIL
                        GRTST 24HR    T  ON 18-18  6 = FREEZING RAIN OR DRIZZLE
                        GRTST DEPTH:   0           7 = DUSTSTORM OR SANDSTORM:
                                                       VSBY 1/2 MILE OR LESS
                                                   8 = SMOKE OR HAZE
[NO. OF DAYS WITH]      [WEATHER - DAYS WITH]      9 = BLOWING SNOW
                                                   X = TORNADO
MAX 32 OR BELOW:   0    0.01 INCH OR MORE:   9
MAX 90 OR ABOVE:   0    0.10 INCH OR MORE:   7
MIN 32 OR BELOW:   6    0.50 INCH OR MORE:   2
MIN  0 OR BELOW:   0    1.00 INCH OR MORE:   1

[HDD (BASE 65) ]
TOTAL THIS MO.   311    CLEAR  (SCALE 0-3)   5
DPTR FM NORMAL    52    PTCLDY (SCALE 4-7)   6
TOTAL FM JUL 1  8886    CLOUDY (SCALE 8-10) 10
DPTR FM NORMAL  -451

[CDD (BASE 65) ]
TOTAL THIS MO.     0
DPTR FM NORMAL    -6    [PRESSURE DATA]
TOTAL FM JAN 1     0    HIGHEST SLP M ON M
DPTR FM NORMAL    -7    LOWEST  SLP 29.44 ON 17

[REMARKS]
