000
CXUS53 KFGF 270915
CF6GFK
PRELIMINARY LOCAL CLIMATOLOGICAL DATA (WS FORM: F-6)

                                          STATION:   GRAND FORKS INTL AP ND
                                          MONTH:     MARCH
                                          YEAR:      2017
                                          LATITUDE:   47 57 N
                                          LONGITUDE:  97 11 W

  TEMPERATURE IN F:       :PCPN:    SNOW:  WIND      :SUNSHINE: SKY     :PK WND
================================================================================
1   2   3   4   5  6A  6B    7    8   9   10  11  12  13   14  15   16   17  18
                                     12Z  AVG MX 2MIN
DY MAX MIN AVG DEP HDD CDD  WTR  SNW DPTH SPD SPD DIR MIN PSBL S-S WX    SPD DR
================================================================================

 1  24   8  16  -2  49   0 0.01  0.1    1 11.6 20 330   M    M   5        24 330
 2  13   2   8 -10  57   0 0.00  0.0    1  9.4 17 350   M    M   3        20 330
 3  33   5  19   1  46   0    T    T    1 13.8 22 160   M    M   8        26 140
 4  43  24  34  15  31   0 0.00  0.0    1 18.2 29 170   M    M   5        38 160
 5  47  29  38  19  27   0 0.00  0.0    0  8.0 20 170   M    M   4 18     25 180
 6  53  19  36  16  29   0    T    T    0 18.0 37 270   M    M   7 18     45 280
 7  24  14  19  -1  46   0    T    T    0 33.3 51 270   M    M  10 789    61 270
 8  26  11  19  -2  46   0    T    T    0 23.4 44 300   M    M   7        54 310
 9  13  -2   6 -15  59   0 0.00  0.0    0 16.5 25 350   M    M   2        32 340
10   9  -5   2 -20  63   0 0.00  0.0    0 10.3 21 360   M    M   4        25 350
11  14   1   8 -14  57   0 0.00  0.0    0  9.1 14  20   M    M   4        19  30
12  20   5  13 -10  52   0    T    T    0 12.4 20  30   M    M   8 8      24  10
13  23   2  13 -10  52   0 0.00  0.0    0  6.9 15 350   M    M   1        17 350
14  30   7  19  -5  46   0 0.00  0.0    0 10.1 21 190   M    M   0        26 200
15  38  14  26   2  39   0 0.00  0.0    0 14.0 23 190   M    M   5        28 180
16  40  27  34   9  31   0 0.30  0.0    0 14.2 20 150   M    M   9 18     24 150
17  38  25  32   6  33   0    T    T    0 20.4 33 330   M    M   9 18     38 320
18  35  17  26   0  39   0 0.00  0.0    0 10.8 25 350   M    M   6 8      32 340
19  54  35  45  18  20   0 0.00  0.0    0 16.1 28 180   M    M   4        34 160
20  51  23  37  10  28   0 0.00  0.0    0 13.1 32 330   M    M   3        39 320
21  24  16  20  -8  45   0 0.00  0.0    0 13.8 24 360   M    M   4        29  10
22  35  16  26  -2  39   0    T  0.1    0 16.8 32 150   M    M   7 8      39 150
23  39  33  36   7  29   0 0.46  0.0    0 10.3 23 170   M    M   8 1      28 170
24  36  28  32   3  33   0 0.00  0.0    0 10.8 20 360   M    M   4 1      23 360
25  40  25  33   3  32   0 0.00  0.0    0  9.8 20 180   M    M   5 1      25 180
26  47  31  39   9  26   0 0.00  0.0    0  5.7 14 160   M    M   8 1      16 200
================================================================================
SM  849  410      1054   0  0.77     0.2 356.8          M      140
================================================================================
AV 32.7 15.8                              13.7 FASTST   M    M   5    MAX(MPH)
                                 MISC ---->  # 51 270               # 61  270
================================================================================
NOTES:
# LAST OF SEVERAL OCCURRENCES

COLUMN 17 PEAK WIND IN M.P.H.

PRELIMINARY LOCAL CLIMATOLOGICAL DATA (WS FORM: F-6) , PAGE 2

                                          STATION:  GRAND FORKS INTL AP ND
                                          MONTH:    MARCH
                                          YEAR:     2017
                                          LATITUDE:   47 57 N
                                          LONGITUDE:  97 11 W

[TEMPERATURE DATA]      [PRECIPITATION DATA]       SYMBOLS USED IN COLUMN 16

AVERAGE MONTHLY: 24.2   TOTAL FOR MONTH:   0.77    1 = FOG OR MIST
DPTR FM NORMAL:   0.5   DPTR FM NORMAL:   -0.03    2 = FOG REDUCING VISIBILITY
HIGHEST:    54 ON 19    GRTST 24HR  0.46 ON 23-23      TO 1/4 MILE OR LESS
LOWEST:     -5 ON 10                               3 = THUNDER
                        SNOW, ICE PELLETS, HAIL    4 = ICE PELLETS
                        TOTAL MONTH:   0.2 INCH    5 = HAIL
                        GRTST 24HR   0.1 ON   M    6 = FREEZING RAIN OR DRIZZLE
                        GRTST DEPTH:   1 ON  4, 3  7 = DUSTSTORM OR SANDSTORM:
                                                       VSBY 1/2 MILE OR LESS
                                                   8 = SMOKE OR HAZE
[NO. OF DAYS WITH]      [WEATHER - DAYS WITH]      9 = BLOWING SNOW
                                                   X = TORNADO
MAX 32 OR BELOW:  11    0.01 INCH OR MORE:   3
MAX 90 OR ABOVE:   0    0.10 INCH OR MORE:   2
MIN 32 OR BELOW:  24    0.50 INCH OR MORE:   0
MIN  0 OR BELOW:   2    1.00 INCH OR MORE:   0

[HDD (BASE 65) ]
TOTAL THIS MO.  1054    CLEAR  (SCALE 0-3)   4
DPTR FM NORMAL   -19    PTCLDY (SCALE 4-7)  19
TOTAL FM JUL 1  7023    CLOUDY (SCALE 8-10)  3
DPTR FM NORMAL -1200

[CDD (BASE 65) ]
TOTAL THIS MO.     0
DPTR FM NORMAL     0    [PRESSURE DATA]
TOTAL FM JAN 1     0    HIGHEST SLP M ON M
DPTR FM NORMAL     0    LOWEST  SLP 28.93 ON  6

[REMARKS]
