000
CXUS55 KALY 250800
CF6GFL
PRELIMINARY LOCAL CLIMATOLOGICAL DATA (WS FORM: F-6)

                                          STATION:   GLENS FALLS NY
                                          MONTH:     JANUARY
                                          YEAR:      2015
                                          LATITUDE:   43 20 N
                                          LONGITUDE:  73 37 W

  TEMPERATURE IN F:       :PCPN:    SNOW:  WIND      :SUNSHINE: SKY     :PK WND
================================================================================
1   2   3   4   5  6A  6B    7    8   9   10  11  12  13   14  15   16   17  18
                                     12Z  AVG MX 2MIN
DY MAX MIN AVG DEP HDD CDD  WTR  SNW DPTH SPD SPD DIR MIN PSBL S-S WX    SPD DR
================================================================================

 1  30  20  25   5  40   0 0.00    M    M  9.3 21 200   M    M   5 8      28 200
 2  34  19  27   8  38   0 0.00    M    M  7.5 22 310   M    M   9        32 300
 3  28  14  21   2  44   0 0.60    M    M  2.3 10  80   M    M   6 16     13  90
 4  44  28  36  17  29   0 0.16    M    M  3.7 15 250   M    M  10 126    23 240
 5  40   6  23   4  42   0    T    M    M 12.7 29 300   M    M   5 8      37 290
 6  16   4  10  -8  55   0    T    M    M  5.0 12 180   M    M   6 18     16 190
 7  22  -7   8 -10  57   0 0.00  0.0    M 10.6 26 300   M    M   4 1      38 270
 8  16 -13   2 -16  63   0 0.00    M    M  7.6 18 190   M    M   4 8      25 200
 9  26  13  20   2  45   0 0.03    M    M 11.1 22 220   M    M   7 18     31 210
10  19  -6   7 -11  58   0 0.00    M    M  7.9 16 240   M    M   1 8      22 240
11  23  -6   9  -9  56   0 0.00    M    M  3.4 13 180   M    M   7        16 210
12  32  22  27   9  38   0 0.07    M    M  3.2 15  20   M    M  10 1      21 340
13  25 -15   5 -13  60   0    T    M    M  7.8 20  40   M    M   3 8      27  40
14  16 -19  -1 -19  66   0 0.00    M    M  0.3  7 180   M    M   4 18      8 180
15  21  -9   6 -12  59   0 0.00    M    M  2.5 10 160   M    M   4 18     12 200
16  32  -1  16  -1  49   0    T    M    M  9.5 23 290   M    M   6 18     32 300
17  13  -8   3 -14  62   0 0.00    M    M  3.3 14  10   M    M   1        16 360
18  33   1  17   0  48   0 0.53    M    M  0.6  6  60   M    M   6 12      6  60
19  39  29  34  17  31   0 0.00    M    M  6.1 16 280   M    M   8 12     23 280
20  31  17  24   7  41   0 0.00    M    M  7.8 18 280   M    M   3        26 280
21  24   2  13  -4  52   0 0.00    M    M  1.3 12 340   M    M   0        16 330
22  27  10  19   2  46   0 0.00    M    M  2.3 12 290   M    M   7        13 290
23  30   4  17  -1  48   0 0.00    M    M  4.8 17 200   M    M   4 18     22 190
24  33  12  23   5  42   0    T    M    M  1.2  8 200   M    M   6 18     10 210
================================================================================
SM  654  117      1169   0  1.39     0.0 131.8          M      126
================================================================================
AV 27.2  4.9                               5.5 FASTST   M    M   5    MAX(MPH)
                                 MISC ---->  # 29 300               # 38  270
================================================================================
NOTES:
# LAST OF SEVERAL OCCURRENCES

COLUMN 17 PEAK WIND IN M.P.H.

PRELIMINARY LOCAL CLIMATOLOGICAL DATA (WS FORM: F-6) , PAGE 2

                                          STATION:  GLENS FALLS NY
                                          MONTH:    JANUARY
                                          YEAR:     2015
                                          LATITUDE:   43 20 N
                                          LONGITUDE:  73 37 W

[TEMPERATURE DATA]      [PRECIPITATION DATA]       SYMBOLS USED IN COLUMN 16

AVERAGE MONTHLY: 16.1   TOTAL FOR MONTH:   1.39    1 = FOG OR MIST
DPTR FM NORMAL:  -1.9   DPTR FM NORMAL:   -0.84    2 = FOG REDUCING VISIBILITY
HIGHEST:    44 ON  4    GRTST 24HR  0.74 ON  3- 4      TO 1/4 MILE OR LESS
LOWEST:    -19 ON 14                               3 = THUNDER
                        SNOW, ICE PELLETS, HAIL    4 = ICE PELLETS
                        TOTAL MONTH:   0.0 INCH    5 = HAIL
                        GRTST 24HR     0.0         6 = FREEZING RAIN OR DRIZZLE
                        GRTST DEPTH:  M  ON   M    7 = DUSTSTORM OR SANDSTORM:
                                                       VSBY 1/2 MILE OR LESS
                                                   8 = SMOKE OR HAZE
[NO. OF DAYS WITH]      [WEATHER - DAYS WITH]      9 = BLOWING SNOW
                                                   X = TORNADO
MAX 32 OR BELOW:  18    0.01 INCH OR MORE:   5
MAX 90 OR ABOVE:   0    0.10 INCH OR MORE:   3
MIN 32 OR BELOW:  24    0.50 INCH OR MORE:   2
MIN  0 OR BELOW:   9    1.00 INCH OR MORE:   0

[HDD (BASE 65) ]
TOTAL THIS MO.  1169    CLEAR  (SCALE 0-3)   5
DPTR FM NORMAL    38    PTCLDY (SCALE 4-7)  16
TOTAL FM JUL 1  3701    CLOUDY (SCALE 8-10)  3
DPTR FM NORMAL  -368

[CDD (BASE 65) ]
TOTAL THIS MO.     0
DPTR FM NORMAL     0    [PRESSURE DATA]
TOTAL FM JAN 1     0    HIGHEST SLP M ON M
DPTR FM NORMAL     0    LOWEST  SLP 29.32 ON 24

[REMARKS]
