273
CXUS54 KSHV 271300
CF6GGG
PRELIMINARY LOCAL CLIMATOLOGICAL DATA (WS FORM: F-6)

                                          STATION:   LONGVIEW
                                          MONTH:     JULY
                                          YEAR:      2017
                                          LATITUDE:   32 22 N
                                          LONGITUDE:  94 43 W

  TEMPERATURE IN F:       :PCPN:    SNOW:  WIND      :SUNSHINE: SKY     :PK WND
================================================================================
1   2   3   4   5  6A  6B    7    8   9   10  11  12  13   14  15   16   17  18
                                     12Z  AVG MX 2MIN
DY MAX MIN AVG DEP HDD CDD  WTR  SNW DPTH SPD SPD DIR MIN PSBL S-S WX    SPD DR
================================================================================

 1  90  69  80  -2   0  15 0.61  0.0    0  5.3 35 270   M    M   4 13     46 270
 2  94  72  83   0   0  18 0.00  0.0    0  7.2 15 180   M    M   5 18     20 170
 3  93  76  85   2   0  20    T  0.0    0  7.1 20 330   M    M   4 8      26 340
 4  88  71  80  -3   0  15 0.04  0.0    0  8.1 21 190   M    M   2 1      28 190
 5  93  75  84   1   0  19    T  0.0    0  8.9 16 180   M    M   3 3      23 170
 6  92  75  84   1   0  19    T  0.0    0  5.3 17 300   M    M   2 3      23 310
 7  95  74  85   2   0  20 0.03  0.0    0  5.4 14 200   M    M   2 38     18 200
 8  95  71  83   0   0  18 0.13  0.0    0  5.4 22 180   M    M   1 38     31  20
 9  92  70  81  -2   0  16    T  0.0    0  3.7 21 210   M    M   1 3      28 190
10  91  70  81  -2   0  16 0.00  0.0    0  4.6 10 240   M    M   3 12     15 180
11  94  73  84   1   0  19 0.06  0.0    0  5.7 23 100   M    M   3 3      32 100
12  94  75  85   1   0  20    T  0.0    0  6.4 25 200   M    M   3 3      32 200
13  95  74  85   1   0  20 0.00  0.0    0  4.5 10 220   M    M   1        13 210
14  97  74  86   2   0  21 0.07  0.0    0  6.1 22  60   M    M   2 3      26  50
15  95  73  84   0   0  19 0.00  0.0    0  3.1 14 350   M    M   1        16  20
16  94  77  86   2   0  21 0.16  0.0    0  4.3 15 150   M    M   4 13     19 160
17  94  74  84   0   0  19 0.00  0.0    0  3.7 14  70   M    M   2 1      16  70
18  95  75  85   1   0  20 0.00  0.0    0  3.4  9 180   M    M   2        12 230
19  96  76  86   2   0  21 0.00  0.0    0  3.1 10 240   M    M   2        13 230
20  97  76  87   3   0  22 0.00  0.0    0  5.3 13 260   M    M   2        16 280
21  97  77  87   3   0  22 0.00  0.0    0  5.2 12 210   M    M   1        15 230
22  97  76  87   3   0  22 0.00  0.0    0  6.6 14 170   M    M   1        16 170
23  97  74  86   2   0  21 1.23  0.0    0  8.0 28 150   M    M   2 13     33  30
24  91  73  82  -2   0  17 0.00  0.0    0  7.6 21 200   M    M   3 3      25 200
25  94  77  86   2   0  21 0.00  0.0    0  7.1 15 190   M    M   2 8      19 240
26  95  75  85   1   0  20 0.00  0.0    0  7.9 15 250   M    M   2 1      21 250
================================================================================
SM 2445 1922         0 501  2.33     0.0 149.0          M       60
================================================================================
AV 94.0 73.9                               5.7 FASTST   M    M   2    MAX(MPH)
                                 MISC ---->  # 35 270               # 46  270
================================================================================
NOTES:
# LAST OF SEVERAL OCCURRENCES

COLUMN 17 PEAK WIND IN M.P.H.

PRELIMINARY LOCAL CLIMATOLOGICAL DATA (WS FORM: F-6) , PAGE 2

                                          STATION:  LONGVIEW
                                          MONTH:    JULY
                                          YEAR:     2017
                                          LATITUDE:   32 22 N
                                          LONGITUDE:  94 43 W

[TEMPERATURE DATA]      [PRECIPITATION DATA]       SYMBOLS USED IN COLUMN 16

AVERAGE MONTHLY: 84.0   TOTAL FOR MONTH:   2.33    1 = FOG OR MIST
DPTR FM NORMAL:   0.4   DPTR FM NORMAL:   -0.22    2 = FOG REDUCING VISIBILITY
HIGHEST:    97 ON 23,22 GRTST 24HR  1.23 ON 23-23      TO 1/4 MILE OR LESS
LOWEST:     69 ON  1                               3 = THUNDER
                        SNOW, ICE PELLETS, HAIL    4 = ICE PELLETS
                        TOTAL MONTH:   0.0 INCH    5 = HAIL
                        GRTST 24HR     0.0         6 = FREEZING RAIN OR DRIZZLE
                        GRTST DEPTH:   0           7 = DUSTSTORM OR SANDSTORM:
                                                       VSBY 1/2 MILE OR LESS
                                                   8 = SMOKE OR HAZE
[NO. OF DAYS WITH]      [WEATHER - DAYS WITH]      9 = BLOWING SNOW
                                                   X = TORNADO
MAX 32 OR BELOW:   0    0.01 INCH OR MORE:   8
MAX 90 OR ABOVE:  25    0.10 INCH OR MORE:   4
MIN 32 OR BELOW:   0    0.50 INCH OR MORE:   2
MIN  0 OR BELOW:   0    1.00 INCH OR MORE:   1

[HDD (BASE 65) ]
TOTAL THIS MO.     0    CLEAR  (SCALE 0-3)  21
DPTR FM NORMAL     0    PTCLDY (SCALE 4-7)   5
TOTAL FM JUL 1     0    CLOUDY (SCALE 8-10)  0
DPTR FM NORMAL     0

[CDD (BASE 65) ]
TOTAL THIS MO.   501
DPTR FM NORMAL    20    [PRESSURE DATA]
TOTAL FM JAN 1  1460    HIGHEST SLP M ON M
DPTR FM NORMAL   161    LOWEST  SLP 29.83 ON 23

[REMARKS]
