000
CXUS55 KGGW 220800
CF6GGW
PRELIMINARY LOCAL CLIMATOLOGICAL DATA (WS FORM: F-6)

                                          STATION:   GLASGOW MT
                                          MONTH:     FEBRUARY
                                          YEAR:      2018
                                          LATITUDE:   48 13 N
                                          LONGITUDE: 106 37 W

  TEMPERATURE IN F:       :PCPN:    SNOW:  WIND      :SUNSHINE: SKY     :PK WND
================================================================================
1   2   3   4   5  6A  6B    7    8   9   10  11  12  13   14  15   16   17  18
                                     12Z  AVG MX 2MIN
DY MAX MIN AVG DEP HDD CDD  WTR  SNW DPTH SPD SPD DIR MIN PSBL S-S WX    SPD DR
================================================================================

 1   8 -15  -3 -19  68   0 0.02  0.4    2  8.1 15 110   M    M   6 1      17 110
 2  16   4  10  -6  55   0 0.10  2.4    2  9.2 22 100   M    M  10 18     26 110
 3  12  -9   2 -14  63   0 0.10  2.5    4 14.5 22 350   M    M   9 1      25 340
 4  -2 -22 -12 -28  77   0 0.00  0.0    6  4.6 16 330   M    M   2        19 330
 5   5 -11  -3 -19  68   0 0.00  0.0    5  9.1 21 320   M    M   3        24 320
 6   5 -17  -6 -23  71   0 0.00  0.0    5  9.8 23 320   M    M   2        29 320
 7  13 -12   1 -16  64   0 0.01  0.2    5  8.9 18 100   M    M   5 1      20 100
 8  11  -9   1 -16  64   0 0.32  6.4    5 12.5 21  30   M    M   9 18     24  70
 9  -6 -24 -15 -32  80   0 0.00  0.0    8  5.8 12 290   M    M   1 8      13 290
10   2 -23 -10 -28  75   0 0.00  0.0    7  4.1 10 310   M    M   2 18     12 290
11  10 -26  -8 -26  73   0 0.05  0.5    7  8.4 21 340   M    M   4 1      23 340
12  -9 -30 -19 -37  84   0 0.00  0.0    7  7.5 17 120   M    M   0 18     19 120
13  22 -19   2 -16  63   0 0.00  0.0    7  4.3 15 120   M    M   0 8      16 120
14  41  14  28   9  37   0    T    T    7 13.2 36  20   M    M   7 189    39  20
15  14 -10   2 -17  63   0 0.01  0.2    5 12.8 26 360   M    M   6 8      31 360
16  25 -10   8 -11  57   0 0.00  0.0    5  6.2 15 330   M    M   4        18 330
17  17   1   9 -11  56   0 0.05  1.5    5  9.0 25  60   M    M   6 1      29  70
18  11  -1   5 -15  60   0 0.07  1.9    7 11.6 29  50   M    M   8 1      34  50
19   1  -8  -3 -23  68   0 0.03  0.3    6  5.2 12 340   M    M   8 18     12 340
20  -1 -14  -7 -28  72   0 0.00  0.0    6  5.9 14 270   M    M   4 18     15 270
21   2 -21  -9 -30  74   0 0.00  0.0    6  9.3 16 110   M    M   1        18 110
================================================================================
SM  197 -262      1392   0  0.76    16.3 180.0          M       97
================================================================================
AV  9.4-12.5                               8.6 FASTST   M    M   5    MAX(MPH)
                                 MISC ---->  # 36  20               # 39   20
================================================================================
NOTES:
# LAST OF SEVERAL OCCURRENCES

COLUMN 17 PEAK WIND IN M.P.H.

PRELIMINARY LOCAL CLIMATOLOGICAL DATA (WS FORM: F-6) , PAGE 2

                                          STATION:  GLASGOW MT
                                          MONTH:    FEBRUARY
                                          YEAR:     2018
                                          LATITUDE:   48 13 N
                                          LONGITUDE: 106 37 W

[TEMPERATURE DATA]      [PRECIPITATION DATA]       SYMBOLS USED IN COLUMN 16

AVERAGE MONTHLY: -1.5   TOTAL FOR MONTH:   0.76    1 = FOG OR MIST
DPTR FM NORMAL: -19.6   DPTR FM NORMAL:    0.58    2 = FOG REDUCING VISIBILITY
HIGHEST:    41 ON 14    GRTST 24HR  0.32 ON  8- 8      TO 1/4 MILE OR LESS
LOWEST:    -30 ON 12                               3 = THUNDER
                        SNOW, ICE PELLETS, HAIL    4 = ICE PELLETS
                        TOTAL MONTH:  16.3 INCHES  5 = HAIL
                        GRTST 24HR   6.4 ON  8- 8  6 = FREEZING RAIN OR DRIZZLE
                        GRTST DEPTH:   8 ON  9     7 = DUSTSTORM OR SANDSTORM:
                                                       VSBY 1/2 MILE OR LESS
                                                   8 = SMOKE OR HAZE
[NO. OF DAYS WITH]      [WEATHER - DAYS WITH]      9 = BLOWING SNOW
                                                   X = TORNADO
MAX 32 OR BELOW:  20    0.01 INCH OR MORE:  10
MAX 90 OR ABOVE:   0    0.10 INCH OR MORE:   3
MIN 32 OR BELOW:  21    0.50 INCH OR MORE:   0
MIN  0 OR BELOW:  18    1.00 INCH OR MORE:   0

[HDD (BASE 65) ]
TOTAL THIS MO.  1392    CLEAR  (SCALE 0-3)   8
DPTR FM NORMAL   406    PTCLDY (SCALE 4-7)  10
TOTAL FM JUL 1  6473    CLOUDY (SCALE 8-10)  3
DPTR FM NORMAL   398

[CDD (BASE 65) ]
TOTAL THIS MO.     0
DPTR FM NORMAL     0    [PRESSURE DATA]
TOTAL FM JAN 1     0    HIGHEST SLP M ON M
DPTR FM NORMAL     0    LOWEST  SLP 29.65 ON 14

[REMARKS]
