000
CXUS55 KGGW 230800
CF6GGW
PRELIMINARY LOCAL CLIMATOLOGICAL DATA (WS FORM: F-6)

                                          STATION:   GLASGOW MT
                                          MONTH:     JANUARY
                                          YEAR:      2017
                                          LATITUDE:   48 13 N
                                          LONGITUDE: 106 37 W

  TEMPERATURE IN F:       :PCPN:    SNOW:  WIND      :SUNSHINE: SKY     :PK WND
================================================================================
1   2   3   4   5  6A  6B    7    8   9   10  11  12  13   14  15   16   17  18
                                     12Z  AVG MX 2MIN
DY MAX MIN AVG DEP HDD CDD  WTR  SNW DPTH SPD SPD DIR MIN PSBL S-S WX    SPD DR
================================================================================

 1  22   9  16   3  49   0 0.03  1.0    2 15.0 24  40   M    M  10 18     32  40
 2  10 -11   0 -13  65   0 0.08  2.4    3  8.6 21  30   M    M   8 18     24  30
 3  -4 -21 -12 -25  77   0    T    T    5  5.9 10 280   M    M   3 18     15 270
 4   5 -15  -5 -18  70   0 0.01  0.3    5  8.7 24 300   M    M   7 18     27 300
 5   4 -12  -4 -17  69   0    T    T    5  7.1 17 270   M    M   7 1      20 270
 6   5  -7  -1 -14  66   0 0.03  0.6    5  7.0 12 100   M    M   6 1      14  50
 7   2  -8  -3 -16  68   0 0.00  0.0    5 14.2 20 110   M    M   4 1      23 110
 8   6  -6   0 -13  65   0 0.00  0.0    4 12.4 25 300   M    M   6        30 300
 9   9   2   6  -7  59   0 0.25  6.4    7 16.4 24 300   M    M  10 128    30  90
10   3 -12  -4 -17  69   0 0.03  0.9    8 11.6 24 300   M    M   9 1      28 300
11  -6 -29 -17 -30  82   0 0.00  0.0    6  6.6 14 270   M    M   0 18     19 270
12  -4 -18 -11 -24  76   0 0.00  0.0    6 12.4 22 110   M    M   0        26 320
13   2 -19  -8 -21  73   0 0.00  0.0    6  5.6 17 110   M    M   0        18 110
14   7 -16  -4 -17  69   0 0.00  0.0    5  5.7 13 160   M    M   0        14 160
15  15  -9   3 -10  62   0 0.00  0.0    5  5.3 13 310   M    M   0        14 310
16  19  -1   9  -5  56   0 0.00  0.0    5  7.6 17 120   M    M   0 8      18 120
17  36   7  22   8  43   0 0.00  0.0    5  8.7 14 150   M    M   0        16 120
18  40  22  31  17  34   0 0.00  0.0    4 11.0 15 140   M    M   0        17 150
19  37  18  28  14  37   0 0.00  0.0    3  6.3 14 110   M    M   0        15 190
20  36  22  29  15  36   0 0.00  0.0    3  7.4 13 290   M    M   5 12     15 270
21  32  11  22   8  43   0 0.00  0.0    3  7.8 15 290   M    M   3 12     16 290
22  31  23  27  13  38   0 0.00  0.0    3  9.9 21 310   M    M  10 1      23 310
================================================================================
SM  307  -70      1306   0  0.43    11.6 201.2          M       88
================================================================================
AV 14.0 -3.2                               9.1 FASTST   M    M   4    MAX(MPH)
                                 MISC ---->  # 25 300               # 32   40
================================================================================
NOTES:
# LAST OF SEVERAL OCCURRENCES

COLUMN 17 PEAK WIND IN M.P.H.

PRELIMINARY LOCAL CLIMATOLOGICAL DATA (WS FORM: F-6) , PAGE 2

                                          STATION:  GLASGOW MT
                                          MONTH:    JANUARY
                                          YEAR:     2017
                                          LATITUDE:   48 13 N
                                          LONGITUDE: 106 37 W

[TEMPERATURE DATA]      [PRECIPITATION DATA]       SYMBOLS USED IN COLUMN 16

AVERAGE MONTHLY:  5.4   TOTAL FOR MONTH:   0.43    1 = FOG OR MIST
DPTR FM NORMAL:  -7.9   DPTR FM NORMAL:    0.14    2 = FOG REDUCING VISIBILITY
HIGHEST:    40 ON 18    GRTST 24HR  0.26 ON  8- 9      TO 1/4 MILE OR LESS
LOWEST:    -29 ON 11                               3 = THUNDER
                        SNOW, ICE PELLETS, HAIL    4 = ICE PELLETS
                        TOTAL MONTH:  11.6 INCHES  5 = HAIL
                        GRTST 24HR   6.4 ON   M    6 = FREEZING RAIN OR DRIZZLE
                        GRTST DEPTH:   8 ON 10     7 = DUSTSTORM OR SANDSTORM:
                                                       VSBY 1/2 MILE OR LESS
                                                   8 = SMOKE OR HAZE
[NO. OF DAYS WITH]      [WEATHER - DAYS WITH]      9 = BLOWING SNOW
                                                   X = TORNADO
MAX 32 OR BELOW:  18    0.01 INCH OR MORE:   6
MAX 90 OR ABOVE:   0    0.10 INCH OR MORE:   1
MIN 32 OR BELOW:  22    0.50 INCH OR MORE:   0
MIN  0 OR BELOW:  14    1.00 INCH OR MORE:   0

[HDD (BASE 65) ]
TOTAL THIS MO.  1306    CLEAR  (SCALE 0-3)  10
DPTR FM NORMAL   169    PTCLDY (SCALE 4-7)   8
TOTAL FM JUL 1  4562    CLOUDY (SCALE 8-10)  4
DPTR FM NORMAL   -77

[CDD (BASE 65) ]
TOTAL THIS MO.     0
DPTR FM NORMAL     0    [PRESSURE DATA]
TOTAL FM JAN 1     0    HIGHEST SLP M ON M
DPTR FM NORMAL     0    LOWEST  SLP 29.40 ON 21

[REMARKS]
