000
CXUS55 KGJT 281000
CF6GJT
PRELIMINARY LOCAL CLIMATOLOGICAL DATA (WS FORM: F-6)

                                          STATION:   GRAND JUNCTION CO
                                          MONTH:     FEBRUARY
                                          YEAR:      2015
                                          LATITUDE:   39  7 N
                                          LONGITUDE: 108 32 W

  TEMPERATURE IN F:       :PCPN:    SNOW:  WIND      :SUNSHINE: SKY     :PK WND
================================================================================
1   2   3   4   5  6A  6B    7    8   9   10  11  12  13   14  15   16   17  18
                                     12Z  AVG MX 2MIN
DY MAX MIN AVG DEP HDD CDD  WTR  SNW DPTH SPD SPD DIR MIN PSBL S-S WX    SPD DR
================================================================================

 1  46  25  36   6  29   0 0.00  0.0    0  2.4  9 120   M    M   3        11 340
 2  54  30  42  12  23   0 0.00  0.0    0  3.5  9 130   M    M   6        10 130
 3  53  31  42  12  23   0 0.00  0.0    0  5.5 14 100   M    M   3        15 100
 4  55  31  43  12  22   0 0.00  0.0    0  3.0 12 340   M    M   4        16 300
 5  59  33  46  15  19   0 0.00  0.0    0  6.6 14 120   M    M   0        16 120
 6  60  26  43  12  22   0 0.00  0.0    0  4.6 15 110   M    M   0        18 120
 7  59  30  45  13  20   0 0.00  0.0    0  5.7 16 110   M    M   1        17 110
 8  62  29  46  14  19   0 0.00  0.0    0  4.9 14 140   M    M   1        17 150
 9  63  35  49  17  16   0 0.00  0.0    0  9.0 20 120   M    M   0        25 130
10  59  28  44  11  21   0 0.00  0.0    0  6.7 28  40   M    M   2        34  50
11  58  28  43  10  22   0 0.00  0.0    0  4.8 15 350   M    M   0        19 310
12  56  27  42   8  23   0 0.00  0.0    0  5.9 13 330   M    M   1        16 320
13  63  27  45  11  20   0 0.00  0.0    0  5.9 16 140   M    M   0        17 120
14  62  27  45  11  20   0 0.00  0.0    0  5.5 13 140   M    M   0        15 140
15  60  27  44   9  21   0    T  0.0    0  7.4 25 300   M    M   2        40 320
16  47  24  36   1  29   0 0.00  0.0    0  6.4 29 350   M    M   3        34  40
17  46  15  31  -4  34   0 0.00  0.0    0  6.2 16 320   M    M   0        21 320
18  54  20  37   1  28   0 0.00  0.0    0  4.9 13 120   M    M   0        17 120
19  58  21  40   4  25   0 0.00  0.0    0  5.7 15 320   M    M   0        17 310
20  57  26  42   5  23   0 0.00  0.0    0  9.6 37 330   M    M   3 8      46 330
21  48  26  37   0  28   0    T    T    0  4.6 24 250   M    M   4        30 250
22  35  25  30  -7  35   0 0.03  0.6    0  4.8 14  50   M    M   8 18     18  40
23  34  22  28 -10  37   0 0.07  0.7    1  4.3 13 110   M    M   9 18     15 150
24  47  18  33  -5  32   0 0.00  0.0    0  6.0 17 120   M    M   0        21 120
25  48  27  38   0  27   0    T  0.0    0  6.8 16 120   M    M   8        19 120
26  43  17  30  -9  35   0 0.00  0.0    0  5.3 16 130   M    M   5        19 130
27  43  26  35  -4  30   0 0.03  0.4    T  6.3 14 120   M    M   7 1      17 120
================================================================================
SM 1429  701       683   0  0.13     1.7 152.3          M       70
================================================================================
AV 52.9 26.0                               5.6 FASTST   M    M   3    MAX(MPH)
                                 MISC ---->  # 37 330               # 46  330
================================================================================
NOTES:
# LAST OF SEVERAL OCCURRENCES

COLUMN 17 PEAK WIND IN M.P.H.

PRELIMINARY LOCAL CLIMATOLOGICAL DATA (WS FORM: F-6) , PAGE 2

                                          STATION:  GRAND JUNCTION CO
                                          MONTH:    FEBRUARY
                                          YEAR:     2015
                                          LATITUDE:   39  7 N
                                          LONGITUDE: 108 32 W

[TEMPERATURE DATA]      [PRECIPITATION DATA]       SYMBOLS USED IN COLUMN 16

AVERAGE MONTHLY: 39.4   TOTAL FOR MONTH:   0.13    1 = FOG OR MIST
DPTR FM NORMAL:   5.1   DPTR FM NORMAL:   -0.39    2 = FOG REDUCING VISIBILITY
HIGHEST:    63 ON 13, 9 GRTST 24HR  0.20 ON 31- 1      TO 1/4 MILE OR LESS
LOWEST:     15 ON 17                               3 = THUNDER
                        SNOW, ICE PELLETS, HAIL    4 = ICE PELLETS
                        TOTAL MONTH:   1.7 INCHES  5 = HAIL
                        GRTST 24HR   0.7 ON   M    6 = FREEZING RAIN OR DRIZZLE
                        GRTST DEPTH:   1 ON 23     7 = DUSTSTORM OR SANDSTORM:
                                                       VSBY 1/2 MILE OR LESS
                                                   8 = SMOKE OR HAZE
[NO. OF DAYS WITH]      [WEATHER - DAYS WITH]      9 = BLOWING SNOW
                                                   X = TORNADO
MAX 32 OR BELOW:   0    0.01 INCH OR MORE:   3
MAX 90 OR ABOVE:   0    0.10 INCH OR MORE:   0
MIN 32 OR BELOW:  25    0.50 INCH OR MORE:   0
MIN  0 OR BELOW:   0    1.00 INCH OR MORE:   0

[HDD (BASE 65) ]
TOTAL THIS MO.   683    CLEAR  (SCALE 0-3)  17
DPTR FM NORMAL  -145    PTCLDY (SCALE 4-7)   9
TOTAL FM JUL 1  3953    CLOUDY (SCALE 8-10)  1
DPTR FM NORMAL  -401

[CDD (BASE 65) ]
TOTAL THIS MO.     0
DPTR FM NORMAL     0    [PRESSURE DATA]
TOTAL FM JAN 1     0    HIGHEST SLP M ON M
DPTR FM NORMAL     0    LOWEST  SLP 29.66 ON 20

[REMARKS]
