000
CXUS54 KFWD 240730
CF6GKY
PRELIMINARY LOCAL CLIMATOLOGICAL DATA (WS FORM: F-6)
STATION: ARLINGTON
MONTH: APRIL
YEAR: 2024
LATITUDE: 32 39 N
LONGITUDE: 97 6 W
TEMPERATURE IN F: :PCPN: SNOW: WIND :SUNSHINE: SKY :PK WND
================================================================================
1 2 3 4 5 6A 6B 7 8 9 10 11 12 13 14 15 16 17 18
12Z AVG MX 2MIN
DY MAX MIN AVG DEP HDD CDD WTR SNW DPTH SPD SPD DIR MIN PSBL S-S WX SPD DR
================================================================================
1 80 67 74 11 0 9 0.17 M M 11.6 23 150 M M 8 138 33 160
2 68 50 59 -4 6 0 T M M 12.0 25 310 M M 3 3 37 320
3 73 48 61 -3 4 0 0.00 M M 8.8 22 310 M M 0 30 300
4 83 42 63 -1 2 0 0.00 M M 3.5 12 240 M M 0 21 230
5 86 50 68 4 0 3 0.00 M M 7.0 21 160 M M 0 29 160
6 77 62 70 6 0 5 0.00 M M 15.7 30 150 M M 5 43 150
7 79 52 66 2 0 1 0.01 M M 7.9 15 160 M M 2 26 280
8 83 48 66 2 0 1 T M M 6.4 23 120 M M 4 138 30 130
9 71 62 67 2 0 2 0.38 M M 10.2 22 60 M M 9 138 32 60
10 65 54 60 -5 5 0 0.00 M M 11.8 30 300 M M 8 43 300
11 74 46 60 -5 5 0 0.00 M M 8.4 21 340 M M 0 30 20
12 79 45 62 -3 3 0 0.00 M M 7.5 20 150 M M 0 27 140
13 82 59 71 6 0 6 0.00 M M 13.5 26 160 M M 0 38 150
14 82 65 74 8 0 9 0.00 M M 12.7 21 150 M M 2 28 140
15 81 69 75 9 0 10 0.00 M M 13.9 22 150 M M 7 36 160
16 85 70 78 12 0 13 0.06 M M 10.9 21 140 M M 4 1 33 160
17 82 67 75 9 0 10 0.00 M M 7.0 13 130 M M 4 1 18 99
18 88 65 77 11 0 12 0.00 M M 10.6 21 330 M M 7 1 25 320
19 71 61 66 0 0 1 T M M 11.1 17 10 M M 10 23 360
20 65 49 57 -10 8 0 2.98 M M 12.0 24 30 M M 10 13 32 40
21 67 47 57 -10 8 0 0.00 M M 9.4 20 350 M M 4 26 340
22 71 42 57 -10 8 0 0.00 M M 7.1 16 150 M M 0 24 130
23 78 56 67 0 0 2 0.00 M M 12.1 22 150 M M 5 33 150
================================================================================
SM 1770 1276 49 84 3.60 M 231.1 M 92
================================================================================
AV 77.0 55.5 10.0 FASTST M M 4 MAX(MPH)
MISC ----> # 30 150 # 43 150
================================================================================
NOTES:
# LAST OF SEVERAL OCCURRENCES
COLUMN 17 PEAK WIND IN M.P.H.
PRELIMINARY LOCAL CLIMATOLOGICAL DATA (WS FORM: F-6) , PAGE 2
STATION: ARLINGTON
MONTH: APRIL
YEAR: 2024
LATITUDE: 32 39 N
LONGITUDE: 97 6 W
[TEMPERATURE DATA] [PRECIPITATION DATA] SYMBOLS USED IN COLUMN 16
AVERAGE MONTHLY: 66.2 TOTAL FOR MONTH: 3.60 1 = FOG OR MIST
DPTR FM NORMAL: 1.0 DPTR FM NORMAL: 1.34 2 = FOG REDUCING VISIBILITY
HIGHEST: 88 ON 18 GRTST 24HR 2.98 ON 20-20 TO 1/4 MILE OR LESS
LOWEST: 42 ON 22, 4 3 = THUNDER
SNOW, ICE PELLETS, HAIL 4 = ICE PELLETS
TOTAL MONTH: M 5 = HAIL
GRTST 24HR M ON M 6 = FREEZING RAIN OR DRIZZLE
GRTST DEPTH: M ON M 7 = DUSTSTORM OR SANDSTORM:
VSBY 1/2 MILE OR LESS
8 = SMOKE OR HAZE
[NO. OF DAYS WITH] [WEATHER - DAYS WITH] 9 = BLOWING SNOW
X = TORNADO
MAX 32 OR BELOW: 0 0.01 INCH OR MORE: 5
MAX 90 OR ABOVE: 0 0.10 INCH OR MORE: 3
MIN 32 OR BELOW: 0 0.50 INCH OR MORE: 1
MIN 0 OR BELOW: 0 1.00 INCH OR MORE: 1
[HDD (BASE 65) ]
TOTAL THIS MO. 49 CLEAR (SCALE 0-3) 9
DPTR FM NORMAL -21 PTCLDY (SCALE 4-7) 10
TOTAL FM JUL 1 1876 CLOUDY (SCALE 8-10) 4
DPTR FM NORMAL -231
[CDD (BASE 65) ]
TOTAL THIS MO. 84
DPTR FM NORMAL 8 [PRESSURE DATA]
TOTAL FM JAN 1 173 HIGHEST SLP M ON M
DPTR FM NORMAL 43 LOWEST SLP 29.49 ON 1
[REMARKS]