000
CXUS54 KJAN 301000
CF6GLH
PRELIMINARY LOCAL CLIMATOLOGICAL DATA (WS FORM: F-6)

                                          STATION:   GREENVILLE
                                          MONTH:     SEPTEMBER
                                          YEAR:      2014
                                          LATITUDE:   33 29 N
                                          LONGITUDE:  90 59 W

  TEMPERATURE IN F:       :PCPN:    SNOW:  WIND      :SUNSHINE: SKY     :PK WND
================================================================================
1   2   3   4   5  6A  6B    7    8   9   10  11  12  13   14  15   16   17  18
                                     12Z  AVG MX 2MIN
DY MAX MIN AVG DEP HDD CDD  WTR  SNW DPTH SPD SPD DIR MIN PSBL S-S WX    SPD DR
================================================================================

 1  91  74  83   4   0  18 0.07  0.0    0  7.2 21 160   M    M   3 1      28 160
 2  86  71  79   0   0  14 0.11  0.0    0  5.7 16 300   M    M   4 13     22 280
 3  91  71  81   2   0  16    T  0.0    0  2.9  M   M   M    M   3 1       M  M
 4  94  73  84   5   0  19 0.02  0.0    0  2.8  9 260   M    M   2 1      16 220
 5  95  72  84   6   0  19 0.52  0.0    0  6.3  M   M   M    M   1 13      M  M
 6  94  70  82   4   0  17 0.01  0.0    0  4.8 24 350   M    M   1 123    31 280
 7  86  70  78   0   0  13 0.00  0.0    0  6.8 14 360   M    M   3        20  20
 8  92  69  81   3   0  16 0.00  0.0    0  3.8 10 360   M    M   1 1      14  10
 9  96  69  83   6   0  18    T  0.0    0  4.0 18 190   M    M   1 1       M  M
10  93  75  84   7   0  19 0.00  0.0    0   M   M   M   M    M   1 1       M  M
11  94  71  83   6   0  18 0.04  0.0    0  8.7 18 360   M    M   3 13      M  M
12  74  64  69  -7   0   4    T  0.0    0 10.9 16  20   M    M  10 18     23  20
13  73  60  67  -9   0   2 0.00  0.0    0 12.5 21  10   M    M  10        25  30
14  85  61  73  -3   0   8 0.00  0.0    0  6.4 13  20   M    M   3        23  30
15  86  63  75   0   0  10 0.00  0.0    0   M   M   M   M    M   0         M  M
16  92  69  81   6   0  16    T  0.0    0  4.5 13  30   M    M   1        17  30
17  92  67  80   5   0  15 0.00  0.0    0  4.8 10  50   M    M   1 18     13 350
18  93  70  82   8   0  17    T  0.0    0  6.5 25 120   M    M   1 3      36 130
19  90  64  77   3   0  12 0.00  0.0    0  4.3 10 120   M    M   1 18     17 140
20  93  65  79   6   0  14 0.00  0.0    0  2.3 12 140   M    M   2        14 160
21  94  67  81   8   0  16 0.00  0.0    0  6.3 18  20   M    M   1        26  20
22  84  60  72  -1   0   7 0.00  0.0    0 11.7 22  40   M    M   2        26 360
23  86  54  70  -2   0   5 0.00  0.0    0  7.9 16  40   M    M   0 8      20  30
24  86  54  70  -2   0   5 0.00  0.0    0  5.5 14 100   M    M   1        20  80
25  89  58  74   2   0   9 0.00  0.0    0  3.3 12  80   M    M   1 18     15 110
26  88  60  74   3   0   9 0.00  0.0    0  5.7 15  30   M    M   0        20  30
27  88  62  75   4   0  10 0.00  0.0    0  6.7 17  90   M    M   2        23  90
28  88  63  76   5   0  11 0.00  0.0    0  6.5 15  70   M    M   4        19 110
29  91  64  78   8   0  13 0.00  0.0    0  7.2 15  30   M    M   3        20 360
================================================================================
SM 2584 1910         0 370  0.77     0.0 166.0          M       66
================================================================================
AV 89.1 65.9                               6.1 FASTST   M    M   2    MAX(MPH)
                                 MISC ---->  # 25 120               # 36  130
================================================================================
NOTES:
# LAST OF SEVERAL OCCURRENCES

COLUMN 17 PEAK WIND IN M.P.H.

PRELIMINARY LOCAL CLIMATOLOGICAL DATA (WS FORM: F-6) , PAGE 2

                                          STATION:  GREENVILLE
                                          MONTH:    SEPTEMBER
                                          YEAR:     2014
                                          LATITUDE:   33 29 N
                                          LONGITUDE:  90 59 W

[TEMPERATURE DATA]      [PRECIPITATION DATA]       SYMBOLS USED IN COLUMN 16

AVERAGE MONTHLY: 77.5   TOTAL FOR MONTH:   0.77    1 = FOG OR MIST
DPTR FM NORMAL:   2.4   DPTR FM NORMAL:   -2.19    2 = FOG REDUCING VISIBILITY
HIGHEST:    96 ON  9    GRTST 24HR  0.52 ON  5- 5      TO 1/4 MILE OR LESS
LOWEST:     54 ON 24,23                            3 = THUNDER
                        SNOW, ICE PELLETS, HAIL    4 = ICE PELLETS
                        TOTAL MONTH:   0.0 INCH    5 = HAIL
                        GRTST 24HR     0.0         6 = FREEZING RAIN OR DRIZZLE
                        GRTST DEPTH:   0           7 = DUSTSTORM OR SANDSTORM:
                                                       VSBY 1/2 MILE OR LESS
                                                   8 = SMOKE OR HAZE
[NO. OF DAYS WITH]      [WEATHER - DAYS WITH]      9 = BLOWING SNOW
                                                   X = TORNADO
MAX 32 OR BELOW:   0    0.01 INCH OR MORE:   6
MAX 90 OR ABOVE:  16    0.10 INCH OR MORE:   2
MIN 32 OR BELOW:   0    0.50 INCH OR MORE:   1
MIN  0 OR BELOW:   0    1.00 INCH OR MORE:   0

[HDD (BASE 65) ]
TOTAL THIS MO.     0    CLEAR  (SCALE 0-3)  24
DPTR FM NORMAL    -4    PTCLDY (SCALE 4-7)   3
TOTAL FM JUL 1     0    CLOUDY (SCALE 8-10)  2
DPTR FM NORMAL    -4

[CDD (BASE 65) ]
TOTAL THIS MO.   370
DPTR FM NORMAL    74    [PRESSURE DATA]
TOTAL FM JAN 1  2037    HIGHEST SLP M ON M
DPTR FM NORMAL   -38    LOWEST  SLP 29.85 ON 18

[REMARKS]
