000
CXUS54 KMAF 291100
CF6GNC
PRELIMINARY LOCAL CLIMATOLOGICAL DATA (WS FORM: F-6)

                                          STATION:   Gaines County Airport
                                          MONTH:     AUGUST
                                          YEAR:      2015
                                          LATITUDE:   32 40 N
                                          LONGITUDE: 102 39 W

  TEMPERATURE IN F:       :PCPN:    SNOW:  WIND      :SUNSHINE: SKY     :PK WND
================================================================================
1   2   3   4   5  6A  6B    7    8   9   10  11  12  13   14  15   16   17  18
                                     12Z  AVG MX 2MIN
DY MAX MIN AVG DEP HDD CDD  WTR  SNW DPTH SPD SPD DIR MIN PSBL S-S WX    SPD DR
================================================================================

 1  96  69  83   M   0  18 0.00  0.0    0  6.7 17 120   M    M   2        23 120
 2  97  69  83   M   0  18 0.00  0.0    0  7.6 15 120   M    M   2        20 210
 3  99  68  84   M   0  19 0.53  0.0    0  9.5 25 290   M    M   3        37 290
 4  96  67  82   M   0  17 0.00  0.0    0  5.2 10 210   M    M   0        20 180
 5 102  70  86   M   0  21 0.00  0.0    0  7.8 12 160   M    M   0        17 180
 6 102  70  86   M   0  21 0.00  0.0    0  8.1 14 200   M    M   0        23 170
 7 100  69  85   M   0  20 0.00  0.0    0  8.2 14 150   M    M   0        21 160
 8 102  69  86   M   0  21 0.00  0.0    0  8.6 14 160   M    M   1        20 160
 9 101  71  86   M   0  21 0.03  0.0    0  6.3 14 310   M    M   2        20 310
10  98  71  85   M   0  20 0.00  0.0    0  7.6 17 110   M    M   0        22  90
11  95  68  82   M   0  17 0.00  0.0    0  9.0 23 360   M    M   0        29 360
12  99  68  84   M   0  19 0.00  0.0    0  5.8  9 110   M    M   1        17  50
13 101  68  85   M   0  20 0.00  0.0    0  4.4 12 200   M    M   0        16 200
14 104  70  87   M   0  22 0.42  0.0    0  6.6 18 150   M    M   2        27 150
15  93  68  81   M   0  16 0.00  0.0    0  6.5 10  50   M    M   1         M  M
16  92  70  81   M   0  16 0.00  0.0    0  4.8 15 180   M    M   4        18 150
17  92  66  79   M   0  14 0.00  0.0    0  7.1 14 150   M    M   2         M  M
18  96  67  82   M   0  17 0.11  0.0    0  9.1 15 210   M    M   1        27 310
19  78  63  71   M   0   6 0.00  0.0    0 13.0 20  40   M    M   6        25  40
20  88  61  75   M   0  10 0.00  0.0    0  6.9 13 150   M    M   4        20 140
21  96  70  83   M   0  18 0.00  0.0    0 11.7 25 250   M    M   1        36 250
22  98  65  82   M   0  17 0.00  0.0    0  6.4 12 190   M    M   0         M  M
23  93  67  80   M   0  15 0.11  0.0    0  8.5 20  70   M    M   2        24  70
24  90  61  76   M   0  11 0.00  0.0    0  5.7 14 140   M    M   2        16 130
25  95  67  81   M   0  16 0.00  0.0    0  4.9 18 150   M    M   1        23 150
26  95  64  80   M   0  15 0.00  0.0    0  6.0 15 120   M    M   1        20 100
27  97  65  81   M   0  16 0.00  0.0    0  4.7 10 180   M    M   0         M  M
28  98  70  84   M   0  19 0.01  0.0    0  8.9 17 290   M    M   3        31 290
================================================================================
SM 2693 1891         0 480  1.21     0.0 205.6          M       41
================================================================================
AV 96.2 67.5                               7.3 FASTST   M    M   1    MAX(MPH)
                                 MISC ---->    25   M                 37    M
================================================================================
NOTES:
# LAST OF SEVERAL OCCURRENCES

COLUMN 17 PEAK WIND IN M.P.H.

PRELIMINARY LOCAL CLIMATOLOGICAL DATA (WS FORM: F-6) , PAGE 2

                                          STATION:  Gaines County Airport
                                          MONTH:    AUGUST
                                          YEAR:     2015
                                          LATITUDE:   32 40 N
                                          LONGITUDE: 102 39 W

[TEMPERATURE DATA]      [PRECIPITATION DATA]       SYMBOLS USED IN COLUMN 16

AVERAGE MONTHLY: 81.9   TOTAL FOR MONTH:   1.21    1 = FOG OR MIST
DPTR FM NORMAL:     M   DPTR FM NORMAL:       M    2 = FOG REDUCING VISIBILITY
HIGHEST:   104 ON 14    GRTST 24HR  0.53 ON  3- 3      TO 1/4 MILE OR LESS
LOWEST:     61 ON 24,20                            3 = THUNDER
                        SNOW, ICE PELLETS, HAIL    4 = ICE PELLETS
                        TOTAL MONTH:   0.0 INCH    5 = HAIL
                        GRTST 24HR     0.0         6 = FREEZING RAIN OR DRIZZLE
                        GRTST DEPTH:   0           7 = DUSTSTORM OR SANDSTORM:
                                                       VSBY 1/2 MILE OR LESS
                                                   8 = SMOKE OR HAZE
[NO. OF DAYS WITH]      [WEATHER - DAYS WITH]      9 = BLOWING SNOW
                                                   X = TORNADO
MAX 32 OR BELOW:   0    0.01 INCH OR MORE:   6
MAX 90 OR ABOVE:  26    0.10 INCH OR MORE:   4
MIN 32 OR BELOW:   0    0.50 INCH OR MORE:   1
MIN  0 OR BELOW:   0    1.00 INCH OR MORE:   0

[HDD (BASE 65) ]
TOTAL THIS MO.     0    CLEAR  (SCALE 0-3)  25
DPTR FM NORMAL     M    PTCLDY (SCALE 4-7)   3
TOTAL FM JUL 1     0    CLOUDY (SCALE 8-10)  0
DPTR FM NORMAL     M

[CDD (BASE 65) ]
TOTAL THIS MO.   480
DPTR FM NORMAL     M    [PRESSURE DATA]
TOTAL FM JAN 1  1576    HIGHEST SLP M ON M
DPTR FM NORMAL     M    LOWEST  SLP M ON M

[REMARKS]
