000
CXUS52 KJAX 270800
CF6GNV
PRELIMINARY LOCAL CLIMATOLOGICAL DATA (WS FORM: F-6)

                                          STATION:   GAINESVILLE FL
                                          MONTH:     MARCH
                                          YEAR:      2015
                                          LATITUDE:   29 40 N
                                          LONGITUDE:  82 16 W

  TEMPERATURE IN F:       :PCPN:    SNOW:  WIND      :SUNSHINE: SKY     :PK WND
================================================================================
1   2   3   4   5  6A  6B    7    8   9   10  11  12  13   14  15   16   17  18
                                     12Z  AVG MX 2MIN
DY MAX MIN AVG DEP HDD CDD  WTR  SNW DPTH SPD SPD DIR MIN PSBL S-S WX    SPD DR
================================================================================

 1  76  51  64   4   1   0 0.11  0.0    0  6.3 13  10   M    M  10 1      16  20
 2  82  57  70  10   0   5 0.00  0.0    0  3.5 10 160   M    M   6 12     14 150
 3  84  60  72  12   0   7 0.00  0.0    0  5.6 14 130   M    M   6 12     18 130
 4  84  59  72  12   0   7 0.00  0.0    0  7.7 21 240   M    M   3 12     27 250
 5  83  61  72  12   0   7    T  0.0    0  7.7 22 250   M    M   7 1      28 250
 6  67  45  56  -5   9   0    T  0.0    0  9.7 17  40   M    M  10 1      21  60
 7  69  43  56  -5   9   0 0.00  0.0    0  8.1 15  30   M    M   5 1      19  40
 8  76  39  58  -3   7   0 0.00  0.0    0  3.8 12  90   M    M   0        15 100
 9  79  49  64   3   1   0 0.00  0.0    0  4.5 13  60   M    M   3        16  50
10  86  56  71  10   0   6 0.00  0.0    0  4.4 16 170   M    M   4 1      23 170
11  87  60  74  12   0   9    T  0.0    M  3.5 15 280   M    M   7        20 140
12  85  64  75  13   0  10 0.05  0.0    0  5.8 16  60   M    M   8 123    20  40
13  84  66  75  13   0  10    T  0.0    0 10.3 17 150   M    M   5        23 130
14  85  65  75  13   0  10    T  0.0    0 10.0 22 230   M    M   7        28 240
15  85  58  72  10   0   7 0.00  0.0    0  4.2 13 360   M    M   2 1      18 280
16  84  53  69   7   0   4 0.00  0.0    0  2.6 13 250   M    M   0        16 250
17  86  52  69   7   0   4 0.00  0.0    0  7.9 21 270   M    M   0 8      27 250
18  82  60  71   8   0   6 0.00  0.0    0  8.8 18  50   M    M   3 1      22  60
19  83  59  71   8   0   6 0.17  0.0    0  4.2 17 300   M    M   8 12     21 300
20  85  60  73  10   0   8 0.00  0.0    0  3.0 12 300   M    M   6 128    15 300
21  83  61  72   9   0   7 0.00  0.0    0  3.8  8 280   M    M   5 18     10 320
22  83  64  74  11   0   9    T  0.0    0  6.4 20 250   M    M   6 18     25 250
23  80  60  70   7   0   5 0.42  0.0    0  7.8 17  60   M    M  10 13     22 250
24  71  57  64   0   1   0 0.00  0.0    0  5.8 12  40   M    M  10 1      15  30
25  78  59  69   5   0   4 0.00  0.0    0  2.9 10 250   M    M   6 1      14 140
26  81  57  69   5   0   4 0.20  0.0    0  5.5 18 230   M    M   7 123    24 220
================================================================================
SM 2108 1475        28 135  0.95     0.0 153.8          M      144
================================================================================
AV 81.1 56.7                               5.9 FASTST   M    M   6    MAX(MPH)
                                 MISC ---->  # 22 250               # 28  250
================================================================================
NOTES:
# LAST OF SEVERAL OCCURRENCES

COLUMN 17 PEAK WIND IN M.P.H.

PRELIMINARY LOCAL CLIMATOLOGICAL DATA (WS FORM: F-6) , PAGE 2

                                          STATION:  GAINESVILLE FL
                                          MONTH:    MARCH
                                          YEAR:     2015
                                          LATITUDE:   29 40 N
                                          LONGITUDE:  82 16 W

[TEMPERATURE DATA]      [PRECIPITATION DATA]       SYMBOLS USED IN COLUMN 16

AVERAGE MONTHLY: 68.9   TOTAL FOR MONTH:   0.95    1 = FOG OR MIST
DPTR FM NORMAL:   7.0   DPTR FM NORMAL:   -2.75    2 = FOG REDUCING VISIBILITY
HIGHEST:    87 ON 11    GRTST 24HR  0.42 ON 23-23      TO 1/4 MILE OR LESS
LOWEST:     39 ON  8                               3 = THUNDER
                        SNOW, ICE PELLETS, HAIL    4 = ICE PELLETS
                        TOTAL MONTH:   0.0 INCH    5 = HAIL
                        GRTST 24HR     0.0         6 = FREEZING RAIN OR DRIZZLE
                        GRTST DEPTH:   0           7 = DUSTSTORM OR SANDSTORM:
                                                       VSBY 1/2 MILE OR LESS
                                                   8 = SMOKE OR HAZE
[NO. OF DAYS WITH]      [WEATHER - DAYS WITH]      9 = BLOWING SNOW
                                                   X = TORNADO
MAX 32 OR BELOW:   0    0.01 INCH OR MORE:   5
MAX 90 OR ABOVE:   0    0.10 INCH OR MORE:   4
MIN 32 OR BELOW:   0    0.50 INCH OR MORE:   0
MIN  0 OR BELOW:   0    1.00 INCH OR MORE:   0

[HDD (BASE 65) ]
TOTAL THIS MO.    28    CLEAR  (SCALE 0-3)   6
DPTR FM NORMAL   -95    PTCLDY (SCALE 4-7)  15
TOTAL FM JUL 1  1179    CLOUDY (SCALE 8-10)  5
DPTR FM NORMAL    22

[CDD (BASE 65) ]
TOTAL THIS MO.   135
DPTR FM NORMAL    89    [PRESSURE DATA]
TOTAL FM JAN 1   150    HIGHEST SLP M ON M
DPTR FM NORMAL    72    LOWEST  SLP 29.83 ON 23

[REMARKS]
