000
CXUS54 KFWD 220730
CF6GOP
PRELIMINARY LOCAL CLIMATOLOGICAL DATA (WS FORM: F-6)

                                          STATION:   GATESVILLE
                                          MONTH:     MAY
                                          YEAR:      2015
                                          LATITUDE:   31 25 N
                                          LONGITUDE:  97 48 W

  TEMPERATURE IN F:       :PCPN:    SNOW:  WIND      :SUNSHINE: SKY     :PK WND
================================================================================
1   2   3   4   5  6A  6B    7    8   9   10  11  12  13   14  15   16   17  18
                                     12Z  AVG MX 2MIN
DY MAX MIN AVG DEP HDD CDD  WTR  SNW DPTH SPD SPD DIR MIN PSBL S-S WX    SPD DR
================================================================================

 1  82  52  67  -1   0   2 0.00  0.0    0  0.5  6  90   M    M   0         M  M
 2  82  55  69   0   0   4 0.00  0.0    0  3.7 10 190   M    M   0         M  M
 3  82  55  69   0   0   4 0.00  0.0    0  6.4 13 160   M    M   1        16 160
 4  82  64  73   4   0   8 0.02  0.0    0  8.2 12 150   M    M   3        20 140
 5  82  64  73   4   0   8 0.30  0.0    0  9.7 16 180   M    M   5 13     27 160
 6  86  66  76   6   0  11 0.00  0.0    0  9.4 14 160   M    M   4 1      20 160
 7  82  72  77   7   0  12 0.00  0.0    0 10.0 17 170   M    M   4 18     24 150
 8  82  70  76   6   0  11 0.35  0.0    0  7.1 14 150   M    M   4 138    20 150
 9  86  70  78   8   0  13 0.00  0.0    0  9.4 22 160   M    M   4 138    25 160
10  84  68  76   5   0  11 0.14  0.0    0  7.8 15 170   M    M   5 138    24 170
11  70  64  67  -4   0   2 0.00  0.0    0  4.5 12  20   M    M   7 12     16 360
12  64  57  61 -10   4   0 0.21  0.0    0  4.0  8  70   M    M   7 13      M  M
13  70  63  67  -4   0   2 0.29  0.0    0  5.3 13 200   M    M   7 123    17 180
14  84  64  74   2   0   9 0.00  0.0    0  5.2 10 150   M    M   4 1       M  M
15  79  66  73   1   0   8 0.00  0.0    0  7.9 12 150   M    M   2 1      18 150
16  88  66  77   5   0  12 0.00  0.0    0 11.3 20 170   M    M   5 18     25 170
17  84  64  74   2   0   9 0.52  0.0    0  5.7 12 190   M    M   2 13     21 190
18  88  70  79   7   0  14 0.00  0.0    0  3.3 10  50   M    M   4 138    16  50
19  86  70  78   5   0  13 0.01  0.0    0  7.5 15 160   M    M   4 18     21 130
20  88  70  79   6   0  14 0.00  0.0    0  5.2 12  10   M    M   3 18     18 180
21  70  59  65  -8   0   0 0.00  0.0    0  7.2 16 360   M    M   8 1      22 360
================================================================================
SM 1701 1349         4 167  1.84     0.0 139.3          M       83
================================================================================
AV 81.0 64.2                               6.6 FASTST   M    M   4    MAX(MPH)
                                 MISC ---->    22   M               # 27  160
================================================================================
NOTES:
# LAST OF SEVERAL OCCURRENCES

COLUMN 17 PEAK WIND IN M.P.H.

PRELIMINARY LOCAL CLIMATOLOGICAL DATA (WS FORM: F-6) , PAGE 2

                                          STATION:  GATESVILLE
                                          MONTH:    MAY
                                          YEAR:     2015
                                          LATITUDE:   31 25 N
                                          LONGITUDE:  97 48 W

[TEMPERATURE DATA]      [PRECIPITATION DATA]       SYMBOLS USED IN COLUMN 16

AVERAGE MONTHLY: 72.6   TOTAL FOR MONTH:   1.84    1 = FOG OR MIST
DPTR FM NORMAL:   1.8   DPTR FM NORMAL:       M    2 = FOG REDUCING VISIBILITY
HIGHEST:    88 ON 20,18 GRTST 24HR  0.52 ON 17-17      TO 1/4 MILE OR LESS
LOWEST:     52 ON  1                               3 = THUNDER
                        SNOW, ICE PELLETS, HAIL    4 = ICE PELLETS
                        TOTAL MONTH:   0.0 INCH    5 = HAIL
                        GRTST 24HR     0.0         6 = FREEZING RAIN OR DRIZZLE
                        GRTST DEPTH:   0           7 = DUSTSTORM OR SANDSTORM:
                                                       VSBY 1/2 MILE OR LESS
                                                   8 = SMOKE OR HAZE
[NO. OF DAYS WITH]      [WEATHER - DAYS WITH]      9 = BLOWING SNOW
                                                   X = TORNADO
MAX 32 OR BELOW:   0    0.01 INCH OR MORE:   8
MAX 90 OR ABOVE:   0    0.10 INCH OR MORE:   6
MIN 32 OR BELOW:   0    0.50 INCH OR MORE:   1
MIN  0 OR BELOW:   0    1.00 INCH OR MORE:   0

[HDD (BASE 65) ]
TOTAL THIS MO.     4    CLEAR  (SCALE 0-3)   7
DPTR FM NORMAL    -6    PTCLDY (SCALE 4-7)  13
TOTAL FM JUL 1  2077    CLOUDY (SCALE 8-10)  1
DPTR FM NORMAL  -377

[CDD (BASE 65) ]
TOTAL THIS MO.   167
DPTR FM NORMAL    32    [PRESSURE DATA]
TOTAL FM JAN 1   363    HIGHEST SLP M ON M
DPTR FM NORMAL   126    LOWEST  SLP M ON M

[REMARKS]
