000
CXUS55 KLIX 221000
CF6GPT
PRELIMINARY LOCAL CLIMATOLOGICAL DATA (WS FORM: F-6)

                                          STATION:   GULFPORT
                                          MONTH:     AUGUST
                                          YEAR:      2017
                                          LATITUDE:   30 23 N
                                          LONGITUDE:  89  4 W

  TEMPERATURE IN F:       :PCPN:    SNOW:  WIND      :SUNSHINE: SKY     :PK WND
================================================================================
1   2   3   4   5  6A  6B    7    8   9   10  11  12  13   14  15   16   17  18
                                     12Z  AVG MX 2MIN
DY MAX MIN AVG DEP HDD CDD  WTR  SNW DPTH SPD SPD DIR MIN PSBL S-S WX    SPD DR
================================================================================

 1  90  70  80  -3   0  15 0.00  0.0    0  3.8 15 130   M    M   1        17 130
 2  89  72  81  -2   0  16 0.00  0.0    0  4.5 15 140   M    M   2        20 150
 3  85  74  80  -3   0  15 0.24  0.0    0  5.8 13 140   M    M   7 1      15 140
 4  88  75  82  -1   0  17 3.55  0.0    0  4.1 17 190   M    M   7 13     23 200
 5  87  75  81  -2   0  16 0.00  0.0    0  4.7 15 140   M    M   4        19 140
 6  88  76  82  -1   0  17 0.53  0.0    0  6.5 14 170   M    M   4 13     19 170
 7  89  76  83   0   0  18 0.05  0.0    0  4.7 14 160   M    M   4 13     20 160
 8  89  76  83   0   0  18 0.08  0.0    0  4.0 12 160   M    M   3 13     15 170
 9  90  77  84   1   0  19 0.03  0.0    0  5.1 14 150   M    M   2 13     21 140
10  91  76  84   1   0  19 0.05  0.0    0  4.6 17 160   M    M   3 13     22 170
11  87  74  81  -2   0  16 2.80  0.0    0  3.1 20 270   M    M   1 1238   26 270
12  93  76  85   2   0  20 0.00  0.0    0  4.9 14  30   M    M   3 3      18 180
13  93  76  85   2   0  20 0.07  0.0    0  4.4 17 310   M    M   3 138    21 310
14  93  77  85   2   0  20    T  0.0    0  2.9 17 350   M    M   1 138    21 340
15  85  76  81  -2   0  16 0.28  0.0    0  2.8 12 230   M    M   1 13     15 220
16  91  76  84   2   0  19 0.01  0.0    0  3.9 17 280   M    M   2 13     26 270
17  93  75  84   2   0  19    M  0.0    0  3.9 13 170   M    M   2        17 190
18  96  78  87   5   0  22 0.47  0.0    0  5.2 23  70   M    M   2 13     36  60
19  95  74  85   3   0  20 0.58  0.0    0  4.9 24 350   M    M   2 13     36 350
20  93  73  83   1   0  18    M  0.0    0  3.9 12 150   M    M   0        14 150
21  92  76  84   2   0  19 0.00  0.0    0  3.6 18  30   M    M   3 3      24  40
================================================================================
SM 1897 1578         0 379  8.74     0.0  91.3          M       57
================================================================================
AV 90.3 75.1                               4.3 FASTST   M    M   3    MAX(MPH)
                                 MISC ---->  # 24 350               # 36   60
================================================================================
NOTES:
# LAST OF SEVERAL OCCURRENCES

COLUMN 17 PEAK WIND IN M.P.H.

PRELIMINARY LOCAL CLIMATOLOGICAL DATA (WS FORM: F-6) , PAGE 2

                                          STATION:  GULFPORT
                                          MONTH:    AUGUST
                                          YEAR:     2017
                                          LATITUDE:   30 23 N
                                          LONGITUDE:  89  4 W

[TEMPERATURE DATA]      [PRECIPITATION DATA]       SYMBOLS USED IN COLUMN 16

AVERAGE MONTHLY: 82.7   TOTAL FOR MONTH:   8.74    1 = FOG OR MIST
DPTR FM NORMAL:   0.0   DPTR FM NORMAL:    4.40    2 = FOG REDUCING VISIBILITY
HIGHEST:    96 ON 18    GRTST 24HR  3.55 ON  4- 4      TO 1/4 MILE OR LESS
LOWEST:     70 ON  1                               3 = THUNDER
                        SNOW, ICE PELLETS, HAIL    4 = ICE PELLETS
                        TOTAL MONTH:   0.0 INCH    5 = HAIL
                        GRTST 24HR     0.0         6 = FREEZING RAIN OR DRIZZLE
                        GRTST DEPTH:   0           7 = DUSTSTORM OR SANDSTORM:
                                                       VSBY 1/2 MILE OR LESS
                                                   8 = SMOKE OR HAZE
[NO. OF DAYS WITH]      [WEATHER - DAYS WITH]      9 = BLOWING SNOW
                                                   X = TORNADO
MAX 32 OR BELOW:   0    0.01 INCH OR MORE:  13
MAX 90 OR ABOVE:  12    0.10 INCH OR MORE:   7
MIN 32 OR BELOW:   0    0.50 INCH OR MORE:   4
MIN  0 OR BELOW:   0    1.00 INCH OR MORE:   2

[HDD (BASE 65) ]
TOTAL THIS MO.     0    CLEAR  (SCALE 0-3)  13
DPTR FM NORMAL     0    PTCLDY (SCALE 4-7)   8
TOTAL FM JUL 1     0    CLOUDY (SCALE 8-10)  0
DPTR FM NORMAL     0

[CDD (BASE 65) ]
TOTAL THIS MO.   379
DPTR FM NORMAL     5    [PRESSURE DATA]
TOTAL FM JAN 1  2028    HIGHEST SLP M ON M
DPTR FM NORMAL   220    LOWEST  SLP 29.86 ON 14

[REMARKS]
