000
CXUS53 KIWX 290800
CF6GSH
PRELIMINARY LOCAL CLIMATOLOGICAL DATA (WS FORM: F-6)

                                          STATION:   GOSHEN
                                          MONTH:     MAY
                                          YEAR:      2017
                                          LATITUDE:   41 31 N
                                          LONGITUDE:  85 47 W

  TEMPERATURE IN F:       :PCPN:    SNOW:  WIND      :SUNSHINE: SKY     :PK WND
================================================================================
1   2   3   4   5  6A  6B    7    8   9   10  11  12  13   14  15   16   17  18
                                     12Z  AVG MX 2MIN
DY MAX MIN AVG DEP HDD CDD  WTR  SNW DPTH SPD SPD DIR MIN PSBL S-S WX    SPD DR
================================================================================

 1  67  47  57   3   8   0 0.51    M    0 18.2 36 210   M    M   9 13     42 210
 2  47  41  44 -10  21   0 0.13  0.0    0 17.2 30 260   M    M  10 1      38 260
 3  57  34  46  -9  19   0 0.00  0.0    0  5.7 12 320   M    M   2        15 110
 4  50  43  47  -8  18   0 0.75  0.0    0 13.6 23  30   M    M  10 1      31  10
 5  60  40  50  -6  15   0    T  0.0    0 16.8 29  20   M    M   3        38  10
 6  58  38  48  -8  17   0 0.00  0.0    0 12.6 24 330   M    M   2        31 310
 7  54  34  44 -12  21   0 0.00  0.0    0 13.3 31 320   M    M   0        38 310
 8  60  30  45 -11  20   0 0.01    M    0  7.8 17 320   M    M   1        22 340
 9  59  43  51  -6  14   0    T  0.0    0  4.0 10 130   M    M   9        14 130
10  73  46  60   3   5   0 0.84  0.0    0  8.6 30  70   M    M   6 13     35  60
11  64  45  55  -2  10   0 0.27  0.0    0  7.8 18 100   M    M   9 1      24  80
12  71  46  59   1   6   0 0.00  0.0    0  6.8 16 330   M    M   2 18     22  30
13  72  44  58   0   7   0    T  0.0    0  4.9 20 250   M    M   3 1      24 250
14  77  50  64   6   1   0 0.00  0.0    0  7.1 22 330   M    M   0 1      26 340
15  78  51  65   6   0   0 0.00  0.0    0 10.7 18 130   M    M   1        25 140
16  85  62  74  15   0   9    T  0.0    0 13.5 26 220   M    M   0        33 190
17  85  69  77  18   0  12 0.00  0.0    0 18.9 35 200   M    M   2        41 190
18  88  58  73  13   0   8 0.00  0.0    0 19.8 33 240   M    M   1        42 220
19  58  50  54  -6  11   0 0.57  0.0    0 11.7 23  70   M    M   7 1      28  80
20  64  50  57  -3   8   0 1.49  0.0    0 11.8 23 100   M    M  10 138    35 250
21  70  52  61   0   4   0 0.24  0.0    0 14.0 28 250   M    M   8 13     35 250
22  71  49  60  -1   5   0 0.00  0.0    0 12.7 21 260   M    M   3        29 210
23  71  58  65   4   0   0    T  0.0    0  6.7 17 350   M    M   7        20 350
24  72  56  64   2   1   0 0.43  0.0    0  9.2 28  90   M    M   6 138    33 100
25  62  52  57  -5   8   0 0.02  0.0    0 12.9 18  10   M    M   8 1      22 350
26  73  51  62   0   3   0 0.78  0.0    0  6.2 15  90   M    M   6 13     17  30
27  75  58  67   4   0   2    T  0.0    0  4.7 10  80   M    M   8 1      12  90
28  77  56  67   4   0   2 0.08  0.0    0  6.8 21 300   M    M   2 3      28 290
================================================================================
SM 1898 1353       222  33  6.12     0.0 304.0          M      135
================================================================================
AV 67.8 48.3                              10.9 FASTST   M    M   5    MAX(MPH)
                                 MISC ---->  # 36 210               # 42  210
================================================================================
NOTES:
# LAST OF SEVERAL OCCURRENCES

COLUMN 17 PEAK WIND IN M.P.H.

PRELIMINARY LOCAL CLIMATOLOGICAL DATA (WS FORM: F-6) , PAGE 2

                                          STATION:  GOSHEN
                                          MONTH:    MAY
                                          YEAR:     2017
                                          LATITUDE:   41 31 N
                                          LONGITUDE:  85 47 W

[TEMPERATURE DATA]      [PRECIPITATION DATA]       SYMBOLS USED IN COLUMN 16

AVERAGE MONTHLY: 58.1   TOTAL FOR MONTH:   6.12    1 = FOG OR MIST
DPTR FM NORMAL:  -0.5   DPTR FM NORMAL:    2.08    2 = FOG REDUCING VISIBILITY
HIGHEST:    88 ON 18    GRTST 24HR  1.49 ON 20-20      TO 1/4 MILE OR LESS
LOWEST:     30 ON  8                               3 = THUNDER
                        SNOW, ICE PELLETS, HAIL    4 = ICE PELLETS
                        TOTAL MONTH:   0.0 INCH    5 = HAIL
                        GRTST 24HR     0.0         6 = FREEZING RAIN OR DRIZZLE
                        GRTST DEPTH:   0           7 = DUSTSTORM OR SANDSTORM:
                                                       VSBY 1/2 MILE OR LESS
                                                   8 = SMOKE OR HAZE
[NO. OF DAYS WITH]      [WEATHER - DAYS WITH]      9 = BLOWING SNOW
                                                   X = TORNADO
MAX 32 OR BELOW:   0    0.01 INCH OR MORE:  13
MAX 90 OR ABOVE:   0    0.10 INCH OR MORE:  10
MIN 32 OR BELOW:   1    0.50 INCH OR MORE:   6
MIN  0 OR BELOW:   0    1.00 INCH OR MORE:   1

[HDD (BASE 65) ]
TOTAL THIS MO.   222    CLEAR  (SCALE 0-3)  13
DPTR FM NORMAL     6    PTCLDY (SCALE 4-7)   9
TOTAL FM JUL 1  5182    CLOUDY (SCALE 8-10)  6
DPTR FM NORMAL -1192

[CDD (BASE 65) ]
TOTAL THIS MO.    33
DPTR FM NORMAL    -1    [PRESSURE DATA]
TOTAL FM JAN 1    45    HIGHEST SLP M ON M
DPTR FM NORMAL     5    LOWEST  SLP 29.42 ON  1

[REMARKS]
