000
CXGM50 PGUM 281850
CF6GSN
PRELIMINARY LOCAL CLIMATOLOGICAL DATA (WS FORM: F-6)

                                          STATION:   SAIPAN/ISLEY_(CGS) MP
                                          MONTH:     AUGUST
                                          YEAR:      2016
                                          LATITUDE:   15  7 N
                                          LONGITUDE: 145-44 E

  TEMPERATURE IN F:       :PCPN:    SNOW:  WIND      :SUNSHINE: SKY     :PK WND
================================================================================
1   2   3   4   5  6A  6B    7    8   9   10  11  12  13   14  15   16   17  18
                                     12Z  AVG MX 2MIN
DY MAX MIN AVG DEP HDD CDD  WTR  SNW DPTH SPD SPD DIR MIN PSBL S-S WX    SPD DR
================================================================================

 1  90  81  86   M   0  21 0.12  0.0    0  6.6 16  50   M    M   7 1      20  40
 2  88  79  84   M   0  19 0.15  0.0    0  5.2 16 360   M    M   6 1      21 340
 3  88  73  81   M   0  16 7.03  0.0    0  5.5 18 260   M    M   6 1      25 270
 4  85  75  80   M   0  15 2.58  0.0    0 23.3 36 240   M    M   8 1      46 250
 5  84  76  80   M   0  15 2.24  0.0    0 19.6 38 260   M    M   8 13     51 250
 6  84  75  80   M   0  15 1.70  0.0    0 10.9 29 270   M    M   7 1      35 270
 7  89  81  85   M   0  20    T  0.0    0  9.2 15 210   M    M   5        24 170
 8  89  81  85   M   0  20    T  0.0    0  4.1  9 150   M    M   7        20 150
 9  89  79  84   M   0  19 0.00  0.0    0  4.0 10 160   M    M   6        17 180
10  90  80  85   M   0  20    T  0.0    0  6.9 16 330   M    M   6        21 320
11  87  77  82   M   0  17 0.18  0.0    0  3.9 10 260   M    M   7 13     14 260
12  88  76  82   M   0  17 0.50  0.0    0  7.4 24 270   M    M   6 1      33 250
13  90  78  84   M   0  19 0.06  0.0    0 15.5 24 220   M    M   6 1      40 210
14  89  77  83   M   0  18 0.69  0.0    0 17.8 35 230   M    M   7 18     47 240
15  86  77  82   M   0  17 0.46  0.0    0 15.6 30 250   M    M   4 1      39 240
16  87  78  83   M   0  18 0.12  0.0    0 16.7 28 260   M    M   7 18     37 250
17  82  76  79   M   0  14 2.81  0.0    0 12.9 29 250   M    M   6 12     38 250
18  92  79  86   M   0  21 0.67  0.0    0 13.4 25 200   M    M   8 18     33 200
19  89  81  85   M   0  20 0.16  0.0    0 17.0 24 210   M    M   7 18     32 210
20  89  78  84   M   0  19 1.26  0.0    0 14.7 24 190   M    M   7 1      33 190
21  89  82  86   M   0  21 0.15  0.0    0  5.6 12 210   M    M   7 1      22 170
22  89  79  84   M   0  19 0.53  0.0    0  7.2 17  90   M    M   7 1      21  30
23  88  77  83   M   0  18 0.68  0.0    0 13.8 41 170   M    M   6 1      55 180
24  89  79  84   M   0  19 0.14  0.0    0 13.1 24 210   M    M   6 1      31 210
25  89  78  84   M   0  19 0.13  0.0    0  7.1 15 210   M    M   6 1      21 190
26  89  81  85   M   0  20 0.00  0.0    0  4.7 10 180   M    M   7        17 160
27  88  81  85   M   0  20 0.00  0.0    0  3.8  9 160   M    M   5        16 160
28  89  80  85   M   0  20    T  0.0    0  4.4  9 190   M    M   5        14 200
================================================================================
SM 2465 2194         0 516 22.36     0.0 289.9          M      180
================================================================================
AV 88.0 78.4                              10.4 FASTST   M    M   6    MAX(MPH)
                                 MISC ---->  # 41 170               # 55  180
================================================================================
NOTES:
# LAST OF SEVERAL OCCURRENCES

COLUMN 17 PEAK WIND IN M.P.H.

PRELIMINARY LOCAL CLIMATOLOGICAL DATA (WS FORM: F-6) , PAGE 2

                                          STATION:  SAIPAN/ISLEY_(CGS) MP
                                          MONTH:    AUGUST
                                          YEAR:     2016
                                          LATITUDE:   15  7 N
                                          LONGITUDE: 145-44 E

[TEMPERATURE DATA]      [PRECIPITATION DATA]       SYMBOLS USED IN COLUMN 16

AVERAGE MONTHLY: 83.2   TOTAL FOR MONTH:  22.36    1 = FOG OR MIST
DPTR FM NORMAL:     M   DPTR FM NORMAL:   11.38    2 = FOG REDUCING VISIBILITY
HIGHEST:    92 ON 18    GRTST 24HR  9.34 ON  3- 4      TO 1/4 MILE OR LESS
LOWEST:     73 ON  3                               3 = THUNDER
                        SNOW, ICE PELLETS, HAIL    4 = ICE PELLETS
                        TOTAL MONTH:   0.0 INCH    5 = HAIL
                        GRTST 24HR     0.0         6 = FREEZING RAIN OR DRIZZLE
                        GRTST DEPTH:   0           7 = DUSTSTORM OR SANDSTORM:
                                                       VSBY 1/2 MILE OR LESS
                                                   8 = SMOKE OR HAZE
[NO. OF DAYS WITH]      [WEATHER - DAYS WITH]      9 = BLOWING SNOW
                                                   X = TORNADO
MAX 32 OR BELOW:   0    0.01 INCH OR MORE:  21
MAX 90 OR ABOVE:   4    0.10 INCH OR MORE:  20
MIN 32 OR BELOW:   0    0.50 INCH OR MORE:  11
MIN  0 OR BELOW:   0    1.00 INCH OR MORE:   6

[HDD (BASE 65) ]
TOTAL THIS MO.     0    CLEAR  (SCALE 0-3)   0
DPTR FM NORMAL     M    PTCLDY (SCALE 4-7)  27
TOTAL FM JUL 1     0    CLOUDY (SCALE 8-10)  1
DPTR FM NORMAL     M

[CDD (BASE 65) ]
TOTAL THIS MO.   516
DPTR FM NORMAL     M    [PRESSURE DATA]
TOTAL FM JAN 1  4103    HIGHEST SLP M ON M
DPTR FM NORMAL     M    LOWEST  SLP 29.55 ON 18

[REMARKS]
