000
CXUS52 KRAH 300845
CF6GSO
PRELIMINARY LOCAL CLIMATOLOGICAL DATA (WS FORM: F-6)

                                          STATION:   PIEDMONT TRIAD INTL AIRPORT NC
                                          MONTH:     MAY
                                          YEAR:      2016
                                          LATITUDE:   36  4 N
                                          LONGITUDE:  79 57 W

  TEMPERATURE IN F:       :PCPN:    SNOW:  WIND      :SUNSHINE: SKY     :PK WND
================================================================================
1   2   3   4   5  6A  6B    7    8   9   10  11  12  13   14  15   16   17  18
                                     12Z  AVG MX 2MIN
DY MAX MIN AVG DEP HDD CDD  WTR  SNW DPTH SPD SPD DIR MIN PSBL S-S WX    SPD DR
================================================================================

 1  78  58  68   5   0   3 0.33  0.0    0  8.2 16 190   M    M   9 13     21 150
 2  84  61  73  10   0   8 1.47  0.0    0  7.6 30 200   M    M   8 13     41 220
 3  77  61  69   6   0   4 1.33  0.0    0  5.4 22 280   M    M   7 13     28 300
 4  72  54  63  -1   2   0 0.00  0.0    0  4.8 14 270   M    M   6        18 230
 5  56  46  51 -13  14   0 1.44  0.0    0  7.6 15 310   M    M  10 1      21  20
 6  68  46  57  -7   8   0 0.07  0.0    0  8.0 22 320   M    M   8 1      28 320
 7  75  49  62  -2   3   0    T  0.0    0  9.0 20 300   M    M   5        24 250
 8  82  62  72   7   0   7 0.00  0.0    0  8.6 21 270   M    M   7        25 310
 9  79  58  69   4   0   4 0.00  0.0    0  3.5 10 240   M    M   9 8      14 240
10  84  65  75  10   0  10    T  0.0    0  7.5 18 250   M    M   8        23 250
11  79  61  70   5   0   5 0.00  0.0    0  4.5 14 250   M    M   7 128    17 240
12  85  64  75   9   0  10 1.11  0.0    0  4.9 30 320   M    M   8 1238   37 310
13  79  59  69   3   0   4 0.01  0.0    0  8.0 18 300   M    M   7 1      24 300
14  80  54  67   1   0   2 0.01  0.0    0  9.2 25 320   M    M   2        35 330
15  66  45  56 -10   9   0 0.00  0.0    0 10.3 18 290   M    M   3        28 300
16  70  43  57 -10   8   0 0.00  0.0    0  3.9 12 220   M    M   5        20 210
17  70  58  64  -3   1   0 0.84  0.0    0  5.5 12 110   M    M  10 1      23 140
18  64  54  59  -8   6   0    T  0.0    0  7.1 13  60   M    M  10 1      17  40
19  60  56  58 -10   7   0 0.05  0.0    0  6.3 12  60   M    M  10 1      13  60
20  66  56  61  -7   4   0 1.32  0.0    0  6.6 14 270   M    M  10 1      17 270
21  76  59  68   0   0   3 0.51  0.0    0  2.9 18  10   M    M   9 13     26  10
22  75  54  65  -3   0   0    T  0.0    0  6.7 18  60   M    M   7 13     25 330
23  71  49  60  -9   5   0    T  0.0    0  5.5 18  40   M    M   6        24  40
24  81  52  67  -2   0   2 0.00  0.0    0  6.1 13 230   M    M   2        21 280
25  86  56  71   2   0   6 0.00  0.0    0  4.1 15 280   M    M   4        17 290
26  86  63  75   5   0  10 0.00  0.0    0  6.0 14 200   M    M   5        18 260
27  85  65  75   5   0  10 0.00  0.0    0  8.1 14 180   M    M   3        20 160
28  85  63  74   4   0   9 0.00  0.0    0  4.4 16  70   M    M   6        20  80
29  77  64  71   1   0   6 0.18  0.0    0  6.1 17  40   M    M  10 1      23  30
================================================================================
SM 2196 1635        67 103  8.67     0.0 186.4          M      201
================================================================================
AV 75.7 56.4                               6.4 FASTST   M    M   7    MAX(MPH)
                                 MISC ---->  # 30 200               # 41  220
================================================================================
NOTES:
# LAST OF SEVERAL OCCURRENCES

COLUMN 17 PEAK WIND IN M.P.H.

PRELIMINARY LOCAL CLIMATOLOGICAL DATA (WS FORM: F-6) , PAGE 2

                                          STATION:  PIEDMONT TRIAD INTL AIRPORT NC
                                          MONTH:    MAY
                                          YEAR:     2016
                                          LATITUDE:   36  4 N
                                          LONGITUDE:  79 57 W

[TEMPERATURE DATA]      [PRECIPITATION DATA]       SYMBOLS USED IN COLUMN 16

AVERAGE MONTHLY: 66.1   TOTAL FOR MONTH:   8.67    1 = FOG OR MIST
DPTR FM NORMAL:  -0.5   DPTR FM NORMAL:    5.54    2 = FOG REDUCING VISIBILITY
HIGHEST:    86 ON 26,25 GRTST 24HR  2.74 ON  2- 3      TO 1/4 MILE OR LESS
LOWEST:     43 ON 16                               3 = THUNDER
                        SNOW, ICE PELLETS, HAIL    4 = ICE PELLETS
                        TOTAL MONTH:   0.0 INCH    5 = HAIL
                        GRTST 24HR     0.0         6 = FREEZING RAIN OR DRIZZLE
                        GRTST DEPTH:   0           7 = DUSTSTORM OR SANDSTORM:
                                                       VSBY 1/2 MILE OR LESS
                                                   8 = SMOKE OR HAZE
[NO. OF DAYS WITH]      [WEATHER - DAYS WITH]      9 = BLOWING SNOW
                                                   X = TORNADO
MAX 32 OR BELOW:   0    0.01 INCH OR MORE:  13
MAX 90 OR ABOVE:   0    0.10 INCH OR MORE:   9
MIN 32 OR BELOW:   0    0.50 INCH OR MORE:   7
MIN  0 OR BELOW:   0    1.00 INCH OR MORE:   5

[HDD (BASE 65) ]
TOTAL THIS MO.    67    CLEAR  (SCALE 0-3)   3
DPTR FM NORMAL     2    PTCLDY (SCALE 4-7)  15
TOTAL FM JUL 1  2906    CLOUDY (SCALE 8-10) 11
DPTR FM NORMAL  -705

[CDD (BASE 65) ]
TOTAL THIS MO.   103
DPTR FM NORMAL    -5    [PRESSURE DATA]
TOTAL FM JAN 1   180    HIGHEST SLP M ON M
DPTR FM NORMAL    34    LOWEST  SLP 29.59 ON  4

[REMARKS]
