000
CXUS52 KGSP 280817
CF6GSP
PRELIMINARY LOCAL CLIMATOLOGICAL DATA (WS FORM: F-6)

                                          STATION:   GREENVILLE-SPARTANBURG SC
                                          MONTH:     JUNE
                                          YEAR:      2017
                                          LATITUDE:   34 54 N
                                          LONGITUDE:  82 13 W

  TEMPERATURE IN F:       :PCPN:    SNOW:  WIND      :SUNSHINE: SKY     :PK WND
================================================================================
1   2   3   4   5  6A  6B    7    8   9   10  11  12  13   14  15   16   17  18
                                     12Z  AVG MX 2MIN
DY MAX MIN AVG DEP HDD CDD  WTR  SNW DPTH SPD SPD DIR MIN PSBL S-S WX    SPD DR
================================================================================

 1  84  62  73   0   0   8 0.00  0.0    0  1.3  8 360   M    M   0 1      12 360
 2  86  65  76   2   0  11 0.00  0.0    0  2.4 10  40   M    M   2        13  30
 3  88  67  78   4   0  13 0.03  0.0    0  3.6 13 180   M    M   4 138    18 180
 4  84  67  76   2   0  11 0.07  0.0    0  2.9 22 240   M    M   4 138    29 230
 5  84  68  76   2   0  11 0.59  0.0    0  7.4 17 240   M    M   7 138    23 220
 6  83  65  74  -1   0   9 0.15  0.0    0  3.3 17  40   M    M   2 13     22  60
 7  77  61  69  -6   0   4    T  0.0    0  7.6 16  20   M    M   2        23  80
 8  77  60  69  -6   0   4    T  0.0    0  6.7 16  30   M    M   5        23  80
 9  84  60  72  -3   0   7 0.00  0.0    0  4.3 16 220   M    M   3        20 230
10  86  63  75  -1   0  10 0.00  0.0    0  4.3 14 180   M    M   2        24 210
11  85  63  74  -2   0   9 0.00  0.0    0  4.6 14 160   M    M   1        17 180
12  87  68  78   2   0  13 0.00  0.0    0  5.7 13 190   M    M   3        16 190
13  87  69  78   2   0  13 0.29  0.0    0  3.7 13  70   M    M   6 13     15 200
14  90  67  79   2   0  14    T  0.0    0  3.4  8 210   M    M   0 1      12 310
15  91  69  80   3   0  15 0.03  0.0    0  3.3 15 200   M    M   1 13     20 200
16  86  67  77   0   0  12 0.21  0.0    0  4.6 13 140   M    M   2 13     16 180
17  85  69  77   0   0  12 0.05  0.0    0  3.7 14  10   M    M   5 138    21 360
18  87  70  79   2   0  14    T  0.0    0  7.3 24 190   M    M   4 3      31 190
19  87  69  78   0   0  13    T  0.0    0  8.7 21 220   M    M   4 3      28 270
20  81  68  75  -3   0  10 0.29  0.0    0  5.8 12 160   M    M   8 1      16 150
21  84  67  76  -2   0  11 0.10  0.0    0  5.4 12 240   M    M   8 1      15 170
22  80  69  75  -3   0  10 0.58  0.0    0  4.3 14 260   M    M   6 1      18 250
23  88  73  81   3   0  16 0.06  0.0    0 14.3 24 210   M    M   5 1      31 260
24  83  69  76  -2   0  11 0.45  0.0    0  8.1 21 350   M    M   7 13     31 330
25  81  67  74  -5   0   9 0.00  0.0    0  3.7 10 350   M    M   1 1      13 350
26  85  61  73  -6   0   8 0.00  0.0    0  3.9 10 180   M    M   2        14 330
27  83  61  72  -7   0   7 0.00  0.0    0  5.1 15 350   M    M   1        21  10
================================================================================
SM 2283 1784         0 285  2.90     0.0 139.4          M       95
================================================================================
AV 84.6 66.1                               5.2 FASTST   M    M   4    MAX(MPH)
                                 MISC ---->  # 24 190               # 31  190
================================================================================
NOTES:
# LAST OF SEVERAL OCCURRENCES

COLUMN 17 PEAK WIND IN M.P.H.

PRELIMINARY LOCAL CLIMATOLOGICAL DATA (WS FORM: F-6) , PAGE 2

                                          STATION:  GREENVILLE-SPARTANBURG SC
                                          MONTH:    JUNE
                                          YEAR:     2017
                                          LATITUDE:   34 54 N
                                          LONGITUDE:  82 13 W

[TEMPERATURE DATA]      [PRECIPITATION DATA]       SYMBOLS USED IN COLUMN 16

AVERAGE MONTHLY: 75.3   TOTAL FOR MONTH:   2.90    1 = FOG OR MIST
DPTR FM NORMAL:  -1.1   DPTR FM NORMAL:   -0.50    2 = FOG REDUCING VISIBILITY
HIGHEST:    91 ON 15    GRTST 24HR  0.61 ON  4- 5      TO 1/4 MILE OR LESS
LOWEST:     60 ON  9, 8                            3 = THUNDER
                        SNOW, ICE PELLETS, HAIL    4 = ICE PELLETS
                        TOTAL MONTH:   0.0 INCH    5 = HAIL
                        GRTST 24HR     0.0         6 = FREEZING RAIN OR DRIZZLE
                        GRTST DEPTH:   0           7 = DUSTSTORM OR SANDSTORM:
                                                       VSBY 1/2 MILE OR LESS
                                                   8 = SMOKE OR HAZE
[NO. OF DAYS WITH]      [WEATHER - DAYS WITH]      9 = BLOWING SNOW
                                                   X = TORNADO
MAX 32 OR BELOW:   0    0.01 INCH OR MORE:  13
MAX 90 OR ABOVE:   2    0.10 INCH OR MORE:   8
MIN 32 OR BELOW:   0    0.50 INCH OR MORE:   2
MIN  0 OR BELOW:   0    1.00 INCH OR MORE:   0

[HDD (BASE 65) ]
TOTAL THIS MO.     0    CLEAR  (SCALE 0-3)  14
DPTR FM NORMAL     0    PTCLDY (SCALE 4-7)  13
TOTAL FM JUL 1  2186    CLOUDY (SCALE 8-10)  0
DPTR FM NORMAL  -858

[CDD (BASE 65) ]
TOTAL THIS MO.   285
DPTR FM NORMAL   -24    [PRESSURE DATA]
TOTAL FM JAN 1   550    HIGHEST SLP M ON M
DPTR FM NORMAL    40    LOWEST  SLP 29.71 ON M

[REMARKS]
