000
CXUS52 KGSP 220817
CF6GSP
PRELIMINARY LOCAL CLIMATOLOGICAL DATA (WS FORM: F-6)

                                          STATION:   GREENVILLE-SPARTANBURG SC
                                          MONTH:     MAY
                                          YEAR:      2017
                                          LATITUDE:   34 54 N
                                          LONGITUDE:  82 13 W

  TEMPERATURE IN F:       :PCPN:    SNOW:  WIND      :SUNSHINE: SKY     :PK WND
================================================================================
1   2   3   4   5  6A  6B    7    8   9   10  11  12  13   14  15   16   17  18
                                     12Z  AVG MX 2MIN
DY MAX MIN AVG DEP HDD CDD  WTR  SNW DPTH SPD SPD DIR MIN PSBL S-S WX    SPD DR
================================================================================

 1  76  58  67   3   0   2 0.20  0.0    0 12.5 29 190   M    M   7 13     37 190
 2  77  52  65   0   0   0 0.00  0.0    0  8.4 22 210   M    M   0        27 200
 3  81  53  67   2   0   2 0.00  0.0    0  4.8 14 200   M    M   0        22 130
 4  72  60  66   1   0   1 0.31  0.0    0  8.6 23 120   M    M   5 13     29 100
 5  65  51  58  -8   7   0 0.22  0.0    0 12.2 33 240   M    M   7 1      45 230
 6  66  46  56 -10   9   0 0.15  0.0    0  6.0 17 260   M    M   5 1      26 330
 7  71  40  56 -10   9   0 0.00  0.0    0  5.5 14 250   M    M   0        20 230
 8  77  44  61  -5   4   0 0.00  0.0    0  4.2 16 340   M    M   0        22 350
 9  85  54  70   3   0   5 0.00  0.0    0  8.2 22 230   M    M   2        33 230
10  86  60  73   6   0   8 0.00  0.0    0  5.6 15 220   M    M   0        21 240
11  85  61  73   6   0   8 0.00  0.0    0  6.7 16 230   M    M   0        21 240
12  70  58  64  -4   1   0 0.51  0.0    0  7.7 15 260   M    M   6 138    22  20
13  73  56  65  -3   0   0 0.00  0.0    0  4.2  9  10   M    M   8 1      12  80
14  83  51  67  -1   0   2 0.00  0.0    0  3.3 14 240   M    M   0        17 240
15  88  55  72   4   0   7 0.00  0.0    0  2.3 10 230   M    M   0        14 290
16  89  62  76   7   0  11 0.00  0.0    0  4.7 14 240   M    M   0        18 250
17  86  62  74   5   0   9 0.00  0.0    0  7.2 15 210   M    M   0        20 200
18  84  64  74   5   0   9 0.00  0.0    0  6.1 14 190   M    M   5 8      21 230
19  88  66  77   7   0  12 0.00  0.0    0  6.7 15 180   M    M   3        19 190
20  87  66  77   7   0  12 0.00  0.0    0  5.7 14 200   M    M   4 3      18 150
21  75  65  70   0   0   5 2.06  0.0    0  5.9 15 260   M    M  10 13     19 270
================================================================================
SM 1664 1184        30  93  3.45     0.0 136.5          M       62
================================================================================
AV 79.2 56.4                               6.5 FASTST   M    M   3    MAX(MPH)
                                 MISC ---->  # 33 240               # 45  230
================================================================================
NOTES:
# LAST OF SEVERAL OCCURRENCES

COLUMN 17 PEAK WIND IN M.P.H.

PRELIMINARY LOCAL CLIMATOLOGICAL DATA (WS FORM: F-6) , PAGE 2

                                          STATION:  GREENVILLE-SPARTANBURG SC
                                          MONTH:    MAY
                                          YEAR:     2017
                                          LATITUDE:   34 54 N
                                          LONGITUDE:  82 13 W

[TEMPERATURE DATA]      [PRECIPITATION DATA]       SYMBOLS USED IN COLUMN 16

AVERAGE MONTHLY: 67.8   TOTAL FOR MONTH:   3.45    1 = FOG OR MIST
DPTR FM NORMAL:   0.5   DPTR FM NORMAL:    0.90    2 = FOG REDUCING VISIBILITY
HIGHEST:    89 ON 16    GRTST 24HR  2.06 ON 21-21      TO 1/4 MILE OR LESS
LOWEST:     40 ON  7                               3 = THUNDER
                        SNOW, ICE PELLETS, HAIL    4 = ICE PELLETS
                        TOTAL MONTH:   0.0 INCH    5 = HAIL
                        GRTST 24HR     0.0         6 = FREEZING RAIN OR DRIZZLE
                        GRTST DEPTH:   0           7 = DUSTSTORM OR SANDSTORM:
                                                       VSBY 1/2 MILE OR LESS
                                                   8 = SMOKE OR HAZE
[NO. OF DAYS WITH]      [WEATHER - DAYS WITH]      9 = BLOWING SNOW
                                                   X = TORNADO
MAX 32 OR BELOW:   0    0.01 INCH OR MORE:   6
MAX 90 OR ABOVE:   0    0.10 INCH OR MORE:   6
MIN 32 OR BELOW:   0    0.50 INCH OR MORE:   2
MIN  0 OR BELOW:   0    1.00 INCH OR MORE:   1

[HDD (BASE 65) ]
TOTAL THIS MO.    30    CLEAR  (SCALE 0-3)  12
DPTR FM NORMAL    -4    PTCLDY (SCALE 4-7)   8
TOTAL FM JUL 1  2185    CLOUDY (SCALE 8-10)  1
DPTR FM NORMAL  -855

[CDD (BASE 65) ]
TOTAL THIS MO.    93
DPTR FM NORMAL    11    [PRESSURE DATA]
TOTAL FM JAN 1   204    HIGHEST SLP M ON M
DPTR FM NORMAL    74    LOWEST  SLP 29.47 ON  5

[REMARKS]
