000
CXUS52 KGSP 220817
CF6GSP
PRELIMINARY LOCAL CLIMATOLOGICAL DATA (WS FORM: F-6)

                                          STATION:   GREENVILLE-SPARTANBURG SC
                                          MONTH:     SEPTEMBER
                                          YEAR:      2014
                                          LATITUDE:   34 54 N
                                          LONGITUDE:  82 13 W

  TEMPERATURE IN F:       :PCPN:    SNOW:  WIND      :SUNSHINE: SKY     :PK WND
================================================================================
1   2   3   4   5  6A  6B    7    8   9   10  11  12  13   14  15   16   17  18
                                     12Z  AVG MX 2MIN
DY MAX MIN AVG DEP HDD CDD  WTR  SNW DPTH SPD SPD DIR MIN PSBL S-S WX    SPD DR
================================================================================

 1  92  70  81   5   0  16 0.00  0.0    0  4.0 13 210   M    M   0        17 210
 2  93  71  82   6   0  17 0.00  0.0    0  6.2 17 220   M    M   1        22 210
 3  92  70  81   5   0  16 1.43  0.0    0  3.8 14 230   M    M   3 3      19 350
 4  86  72  79   3   0  14 0.00  0.0    0  3.2 15 120   M    M   7 12     19 140
 5  89  70  80   4   0  15 0.00  0.0    0  3.0 12 110   M    M   4        14 110
 6  88  70  79   4   0  14    T  0.0    0  3.1 10 130   M    M   3 3      13 170
 7  87  72  80   5   0  15 0.12  0.0    0  7.7 18 130   M    M   5        25 120
 8  73  68  71  -4   0   6 0.02  0.0    0  8.9 17  20   M    M  10        21  50
 9  76  67  72  -2   0   7 0.00  0.0    0  3.3 12 100   M    M   9        14  80
10  81  66  74   0   0   9 0.00  0.0    0  2.0  9 160   M    M   6        11  80
11  88  68  78   4   0  13    T  0.0    0  6.2 16 220   M    M   5        22 240
12  90  70  80   7   0  15 1.47  0.0    0  3.5 17 180   M    M   4 13     21 190
13  86  70  78   5   0  13    T  0.0    0  3.5 16 350   M    M   8 12     24 350
14  70  61  66  -7   0   1 0.05  0.0    0  9.1 20  50   M    M  10 1      28  50
15  75  64  70  -2   0   5 0.01  0.0    0  3.3 10 150   M    M  10 1      15 150
16  86  67  77   5   0  12 0.44  0.0    0  3.3 13 330   M    M   5 13     18 320
17  75  65  70  -2   0   5 0.00  0.0    0  5.5 12  80   M    M   7 1      14  70
18  80  62  71   0   0   6 0.00  0.0    0  4.1  8  60   M    M   6 1      14  80
19  77  65  71   0   0   6 0.00  0.0    0  7.1 15 100   M    M   7 1      22 100
20  80  63  72   1   0   7 0.00  0.0    0  6.3 16  50   M    M   2 1      20  30
21  86  58  72   2   0   7    T  0.0    0  5.7 16 240   M    M   2 1      21 230
================================================================================
SM 1750 1409         0 219  3.54     0.0 102.8          M      114
================================================================================
AV 83.3 67.1                               4.9 FASTST   M    M   5    MAX(MPH)
                                 MISC ---->  # 20  50               # 28   50
================================================================================
NOTES:
# LAST OF SEVERAL OCCURRENCES

COLUMN 17 PEAK WIND IN M.P.H.

PRELIMINARY LOCAL CLIMATOLOGICAL DATA (WS FORM: F-6) , PAGE 2

                                          STATION:  GREENVILLE-SPARTANBURG SC
                                          MONTH:    SEPTEMBER
                                          YEAR:     2014
                                          LATITUDE:   34 54 N
                                          LONGITUDE:  82 13 W

[TEMPERATURE DATA]      [PRECIPITATION DATA]       SYMBOLS USED IN COLUMN 16

AVERAGE MONTHLY: 75.2   TOTAL FOR MONTH:   3.54    1 = FOG OR MIST
DPTR FM NORMAL:   1.6   DPTR FM NORMAL:    1.12    2 = FOG REDUCING VISIBILITY
HIGHEST:    93 ON  2    GRTST 24HR  1.47 ON 12-12      TO 1/4 MILE OR LESS
LOWEST:     58 ON 21                               3 = THUNDER
                        SNOW, ICE PELLETS, HAIL    4 = ICE PELLETS
                        TOTAL MONTH:   0.0 INCH    5 = HAIL
                        GRTST 24HR     0.0         6 = FREEZING RAIN OR DRIZZLE
                        GRTST DEPTH:   0           7 = DUSTSTORM OR SANDSTORM:
                                                       VSBY 1/2 MILE OR LESS
                                                   8 = SMOKE OR HAZE
[NO. OF DAYS WITH]      [WEATHER - DAYS WITH]      9 = BLOWING SNOW
                                                   X = TORNADO
MAX 32 OR BELOW:   0    0.01 INCH OR MORE:   7
MAX 90 OR ABOVE:   4    0.10 INCH OR MORE:   4
MIN 32 OR BELOW:   0    0.50 INCH OR MORE:   2
MIN  0 OR BELOW:   0    1.00 INCH OR MORE:   2

[HDD (BASE 65) ]
TOTAL THIS MO.     0    CLEAR  (SCALE 0-3)   5
DPTR FM NORMAL    -4    PTCLDY (SCALE 4-7)  11
TOTAL FM JUL 1     0    CLOUDY (SCALE 8-10)  5
DPTR FM NORMAL    -4

[CDD (BASE 65) ]
TOTAL THIS MO.   219
DPTR FM NORMAL    34    [PRESSURE DATA]
TOTAL FM JAN 1  1616    HIGHEST SLP M ON M
DPTR FM NORMAL    -4    LOWEST  SLP 29.82 ON 21

[REMARKS]
