000
CXUS56 KTFX 171205
CF6GTF
PRELIMINARY LOCAL CLIMATOLOGICAL DATA (WS FORM: F-6)

                                          STATION:   GREAT FALLS MT
                                          MONTH:     DECEMBER
                                          YEAR:      2014
                                          LATITUDE:   47 28 N
                                          LONGITUDE: 111 22 W

  TEMPERATURE IN F:       :PCPN:    SNOW:  WIND      :SUNSHINE: SKY     :PK WND
================================================================================
1   2   3   4   5  6A  6B    7    8   9   10  11  12  13   14  15   16   17  18
                                     12Z  AVG MX 2MIN
DY MAX MIN AVG DEP HDD CDD  WTR  SNW DPTH SPD SPD DIR MIN PSBL S-S WX    SPD DR
================================================================================

 1  33 -17   8 -19  57   0 0.00  0.0    5 16.6 29 220   M    M   0        35 220
 2  30   7  19  -8  46   0 0.00  0.0    4  7.8 24 240   M    M   1        29 240
 3  28   6  17 -10  48   0 0.00  0.0    3  4.2 15 200   M    M   0        16 200
 4  40  28  34   8  31   0 0.04  0.0    3  6.3 15 190   M    M   7 6      16 190
 5  31  18  25  -1  40   0    T    T    2  5.3 10  40   M    M   5 1      16 270
 6  50  19  35   9  30   0    T  0.0    1 12.6 26 210   M    M   1 1      35 210
 7  49  28  39  13  26   0 0.00  0.0    T 11.3 21 240   M    M   3        25 240
 8  52  26  39  13  26   0 0.00  0.0    T 12.5 25 210   M    M   2        30 210
 9  58  38  48  23  17   0 0.00  0.0    0 18.0 29 230   M    M   0        36 220
10  57  44  51  26  14   0 0.00  0.0    0 18.4 28 180   M    M   0        33 180
11  58  42  50  25  15   0 0.00  0.0    0 14.8 30 170   M    M   0        38 170
12  63  44  54  29  11   0 0.00  0.0    0 12.4 25 180   M    M   0        32 180
13  48  32  40  15  25   0 0.13  0.3    0 11.8 23 340   M    M   7 1      31 340
14  32  22  27   3  38   0 0.07  1.9    T 10.4 21 310   M    M  10 1      25 340
15  24  14  19  -5  46   0 0.00  0.0    2  5.5 12  80   M    M   5 12     14  90
16  25  11  18  -6  47   0 0.00  0.0    2  1.8  6 120   M    M   6 12      7 120
================================================================================
SM  678  362       517   0  0.24     2.2 169.7          M       47
================================================================================
AV 42.4 22.6                              10.6 FASTST   M    M   3    MAX(MPH)
                                 MISC ---->  # 30 170               # 38  170
================================================================================
NOTES:
# LAST OF SEVERAL OCCURRENCES

COLUMN 17 PEAK WIND IN M.P.H.

PRELIMINARY LOCAL CLIMATOLOGICAL DATA (WS FORM: F-6) , PAGE 2

                                          STATION:  GREAT FALLS MT
                                          MONTH:    DECEMBER
                                          YEAR:     2014
                                          LATITUDE:   47 28 N
                                          LONGITUDE: 111 22 W

[TEMPERATURE DATA]      [PRECIPITATION DATA]       SYMBOLS USED IN COLUMN 16

AVERAGE MONTHLY: 32.5   TOTAL FOR MONTH:   0.24    1 = FOG OR MIST
DPTR FM NORMAL:   7.0   DPTR FM NORMAL:   -0.04    2 = FOG REDUCING VISIBILITY
HIGHEST:    63 ON 12    GRTST 24HR  0.18 ON 13-14      TO 1/4 MILE OR LESS
LOWEST:    -17 ON  1                               3 = THUNDER
                        SNOW, ICE PELLETS, HAIL    4 = ICE PELLETS
                        TOTAL MONTH:   2.2 INCHES  5 = HAIL
                        GRTST 24HR   1.9 ON   M    6 = FREEZING RAIN OR DRIZZLE
                        GRTST DEPTH:   5 ON  1     7 = DUSTSTORM OR SANDSTORM:
                                                       VSBY 1/2 MILE OR LESS
                                                   8 = SMOKE OR HAZE
[NO. OF DAYS WITH]      [WEATHER - DAYS WITH]      9 = BLOWING SNOW
                                                   X = TORNADO
MAX 32 OR BELOW:   6    0.01 INCH OR MORE:   3
MAX 90 OR ABOVE:   0    0.10 INCH OR MORE:   1
MIN 32 OR BELOW:  12    0.50 INCH OR MORE:   0
MIN  0 OR BELOW:   1    1.00 INCH OR MORE:   0

[HDD (BASE 65) ]
TOTAL THIS MO.   517    CLEAR  (SCALE 0-3)  10
DPTR FM NORMAL  -116    PTCLDY (SCALE 4-7)   5
TOTAL FM JUL 1  2406    CLOUDY (SCALE 8-10)  1
DPTR FM NORMAL  -196

[CDD (BASE 65) ]
TOTAL THIS MO.     0
DPTR FM NORMAL     0    [PRESSURE DATA]
TOTAL FM JAN 1   350    HIGHEST SLP M ON M
DPTR FM NORMAL    52    LOWEST  SLP 29.68 ON 13

[REMARKS]
