000
CXUS55 KBOU 171123
CF6GXY
PRELIMINARY LOCAL CLIMATOLOGICAL DATA (WS FORM: F-6)

                                          STATION:   GREELEY  CO
                                          MONTH:     APRIL
                                          YEAR:      2014
                                          LATITUDE:   40 25 N
                                          LONGITUDE: 104 38 W

  TEMPERATURE IN F:       :PCPN:    SNOW:  WIND      :SUNSHINE: SKY     :PK WND
================================================================================
1   2   3   4   5  6A  6B    7    8   9   10  11  12  13   14  15   16   17  18
                                     12Z  AVG MX 2MIN
DY MAX MIN AVG DEP HDD CDD  WTR  SNW DPTH SPD SPD DIR MIN PSBL S-S WX    SPD DR
================================================================================

 1  61  28  45   M  20   0    M    M    M 12.2 24  40   M    M   1        30  30
 2  55  30  43   M  22   0    M    M    M  9.3 18 360   M    M   6        23 120
 3  52  34  43   M  22   0    M    M    M 13.3 25 360   M    M   6        32 360
 4  57  21  39   M  26   0    M    M    M  5.4 13 190   M    M   1        17 160
 5  61  30  46   M  19   0    M    M    M  6.5 20  30   M    M   3        24  30
 6  57  28  43   M  22   0    M    M    M 10.3 29 330   M    M   2 3      41 270
 7  55  34  45   M  20   0    M    M    M 16.0 31 350   M    M   5        39 340
 8  72  30  51   M  14   0    M    M    M  7.0 18 350   M    M   1        25 350
 9  79  30  55   M  10   0    M    M    M  6.5 20 230   M    M   0        24 270
10  68  37  53   M  12   0    M    M    M  9.5 23  10   M    M   1        31  10
11  79  30  55   M  10   0    M    M    M  5.3 15 270   M    M   0        25 270
12  73  34  54   M  11   0    M    M    M  8.9 33  30   M    M   2        39  30
13  46  23  35   M  30   0    M    M    M 16.5 24  20   M    M  10        32  20
14  45  18  32   M  33   0    M    M    M 11.6 22 360   M    M   2        31 360
15  64  21  43   M  22   0    M    M    M  4.7 14 170   M    M   0         M  M
16  55  37  46   M  19   0    M    M    M 19.7 32 330   M    M   3        41 330
================================================================================
SM  979  465       312   0    M     M    162.7          M       43
================================================================================
AV 61.2 29.1                              10.2 FASTST   M    M   3    MAX(MPH)
                                 MISC ---->    33   M                 41    M
================================================================================
NOTES:
# LAST OF SEVERAL OCCURRENCES

COLUMN 17 PEAK WIND IN M.P.H.

PRELIMINARY LOCAL CLIMATOLOGICAL DATA (WS FORM: F-6) , PAGE 2

                                          STATION:  GREELEY  CO
                                          MONTH:    APRIL
                                          YEAR:     2014
                                          LATITUDE:   40 25 N
                                          LONGITUDE: 104 38 W

[TEMPERATURE DATA]      [PRECIPITATION DATA]       SYMBOLS USED IN COLUMN 16

AVERAGE MONTHLY: 45.1   TOTAL FOR MONTH:      M    1 = FOG OR MIST
DPTR FM NORMAL:     M   DPTR FM NORMAL:       M    2 = FOG REDUCING VISIBILITY
HIGHEST:    79 ON 11, 9 GRTST 24HR    M  ON   M        TO 1/4 MILE OR LESS
LOWEST:     18 ON 14                               3 = THUNDER
                        SNOW, ICE PELLETS, HAIL    4 = ICE PELLETS
                        TOTAL MONTH:    M          5 = HAIL
                        GRTST 24HR    M  ON   M    6 = FREEZING RAIN OR DRIZZLE
                        GRTST DEPTH:  M  ON   M    7 = DUSTSTORM OR SANDSTORM:
                                                       VSBY 1/2 MILE OR LESS
                                                   8 = SMOKE OR HAZE
[NO. OF DAYS WITH]      [WEATHER - DAYS WITH]      9 = BLOWING SNOW
                                                   X = TORNADO
MAX 32 OR BELOW:   0    0.01 INCH OR MORE:   0
MAX 90 OR ABOVE:   0    0.10 INCH OR MORE:   0
MIN 32 OR BELOW:  11    0.50 INCH OR MORE:   0
MIN  0 OR BELOW:   0    1.00 INCH OR MORE:   0

[HDD (BASE 65) ]
TOTAL THIS MO.   312    CLEAR  (SCALE 0-3)  11
DPTR FM NORMAL     M    PTCLDY (SCALE 4-7)   4
TOTAL FM JUL 1  6284    CLOUDY (SCALE 8-10)  1
DPTR FM NORMAL     M

[CDD (BASE 65) ]
TOTAL THIS MO.     0
DPTR FM NORMAL     M    [PRESSURE DATA]
TOTAL FM JAN 1     0    HIGHEST SLP M ON M
DPTR FM NORMAL     M    LOWEST  SLP M ON M

[REMARKS]
