000
CXUS55 KBOU 271111
CF6GXY
PRELIMINARY LOCAL CLIMATOLOGICAL DATA (WS FORM: F-6)

                                          STATION:   GREELEY  CO
                                          MONTH:     MAY
                                          YEAR:      2015
                                          LATITUDE:   40 25 N
                                          LONGITUDE: 104 38 W

  TEMPERATURE IN F:       :PCPN:    SNOW:  WIND      :SUNSHINE: SKY     :PK WND
================================================================================
1   2   3   4   5  6A  6B    7    8   9   10  11  12  13   14  15   16   17  18
                                     12Z  AVG MX 2MIN
DY MAX MIN AVG DEP HDD CDD  WTR  SNW DPTH SPD SPD DIR MIN PSBL S-S WX    SPD DR
================================================================================

 1  64  48  56   M   9   0    M    M    M  5.5 13  60   M    M   6 3       M  M
 2  79  41  60   M   5   0    M    M    M  6.1 29 320   M    M   1        38 320
 3  75  39  57   M   8   0    M    M    M  5.2 13  70   M    M   2 3      18  80
 4  63  48  56   M   9   0    M    M    M 10.7 20 110   M    M   8        24 110
 5  54  46  50   M  15   0    M    M    M  9.6 13 110   M    M   9         M  M
 6  70  52  61   M   4   0    M    M    M  7.1 10  10   M    M   3 3       M  M
 7  68  46  57   M   8   0    M    M    M  6.8 13  50   M    M   5 3       M  M
 8  55  46  51   M  14   0    M    M    M 13.9 20 110   M    M  10        27 110
 9   M   M   M   M   M   M    M    M    M   M   M   M   M    M   M         M  M
10   M   M   M   M   M   M    M    M    M   M   M   M   M    M   M         M  M
11  68  43  56   M   9   0    M    M    M  8.4 14 120   M    M   1         M  M
12  75  37  56   M   9   0    M    M    M  3.8  9  90   M    M   0        16 230
13  61  45  53   M  12   0    M    M    M  5.9 15  80   M    M   2        16  80
14  75  39  57   M   8   0    M    M    M  7.5 31 190   M    M   3        46 190
15  68  46  57   M   8   0    M    M    M  5.8 12 360   M    M   5 3      22 360
16  66  45  56   M   9   0    M    M    M  5.4 12 300   M    M   3 3       M  M
17  68  43  56   M   9   0    M    M    M 10.6 25 340   M    M   5        35 350
18  55  45  50   M  15   0    M    M    M  9.2 21 120   M    M  10        25 120
19  50  37  44   M  21   0    M    M    M 15.4 21 110   M    M  10        30 130
20  46  34  40   M  25   0    M    M    M  5.3 10  60   M    M  10         M  M
21  57  41  49   M  16   0    M    M    M  8.5 16 150   M    M   9        21 150
22  55  46  51   M  14   0    M    M    M  9.5 16 110   M    M   8        21 120
23  61  46  54   M  11   0    M    M    M  3.8 14 330   M    M   7 3       M  M
24  64  39  52   M  13   0    M    M    M  5.1 14 350   M    M   2        20 190
25  63  45  54   M  11   0    M    M    M  4.7 18  40   M    M   4        22  80
26  73  45  59   M   6   0    M    M    M  4.3 10 170   M    M   3 3       M  M
================================================================================
SM 1533 1042       268   0    M     M    178.1          M      126
================================================================================
AV 63.9 43.4                               7.4 FASTST   M    M   5    MAX(MPH)
                                 MISC ---->    31   M               # 46  190
================================================================================
NOTES:
# LAST OF SEVERAL OCCURRENCES

COLUMN 17 PEAK WIND IN M.P.H.

PRELIMINARY LOCAL CLIMATOLOGICAL DATA (WS FORM: F-6) , PAGE 2

                                          STATION:  GREELEY  CO
                                          MONTH:    MAY
                                          YEAR:     2015
                                          LATITUDE:   40 25 N
                                          LONGITUDE: 104 38 W

[TEMPERATURE DATA]      [PRECIPITATION DATA]       SYMBOLS USED IN COLUMN 16

AVERAGE MONTHLY: 53.6   TOTAL FOR MONTH:      M    1 = FOG OR MIST
DPTR FM NORMAL:     M   DPTR FM NORMAL:       M    2 = FOG REDUCING VISIBILITY
HIGHEST:    79 ON  2    GRTST 24HR    M  ON   M        TO 1/4 MILE OR LESS
LOWEST:     34 ON 20                               3 = THUNDER
                        SNOW, ICE PELLETS, HAIL    4 = ICE PELLETS
                        TOTAL MONTH:    M          5 = HAIL
                        GRTST 24HR    M  ON   M    6 = FREEZING RAIN OR DRIZZLE
                        GRTST DEPTH:  M  ON   M    7 = DUSTSTORM OR SANDSTORM:
                                                       VSBY 1/2 MILE OR LESS
                                                   8 = SMOKE OR HAZE
[NO. OF DAYS WITH]      [WEATHER - DAYS WITH]      9 = BLOWING SNOW
                                                   X = TORNADO
MAX 32 OR BELOW:   0    0.01 INCH OR MORE:   0
MAX 90 OR ABOVE:   0    0.10 INCH OR MORE:   0
MIN 32 OR BELOW:   0    0.50 INCH OR MORE:   0
MIN  0 OR BELOW:   0    1.00 INCH OR MORE:   0

[HDD (BASE 65) ]
TOTAL THIS MO.   268    CLEAR  (SCALE 0-3)  10
DPTR FM NORMAL     M    PTCLDY (SCALE 4-7)   6
TOTAL FM JUL 1  5998    CLOUDY (SCALE 8-10)  8
DPTR FM NORMAL     M

[CDD (BASE 65) ]
TOTAL THIS MO.     0
DPTR FM NORMAL     M    [PRESSURE DATA]
TOTAL FM JAN 1     0    HIGHEST SLP M ON M
DPTR FM NORMAL     M    LOWEST  SLP M ON M

[REMARKS]
