000
CXUS54 KEWX 290910
CF6HDO
PRELIMINARY LOCAL CLIMATOLOGICAL DATA (WS FORM: F-6)

                                          STATION:   HONDO
                                          MONTH:     JULY
                                          YEAR:      2014
                                          LATITUDE:   29 21 N
                                          LONGITUDE:  99 10 W

  TEMPERATURE IN F:       :PCPN:    SNOW:  WIND      :SUNSHINE: SKY     :PK WND
================================================================================
1   2   3   4   5  6A  6B    7    8   9   10  11  12  13   14  15   16   17  18
                                     12Z  AVG MX 2MIN
DY MAX MIN AVG DEP HDD CDD  WTR  SNW DPTH SPD SPD DIR MIN PSBL S-S WX    SPD DR
================================================================================

 1  98  72  85   2   0  20 0.00    M    M 14.3 28 130   M    M   0 1      33 110
 2  95  72  84   1   0  19 0.00    M    M  9.2 21 130   M    M   3        25 130
 3  95  67  81  -2   0  16 0.00    M    M  7.4 20  90   M    M   0        26  80
 4  94  66  80  -3   0  15 0.00    M    M  8.7 30 130   M    M   1        34 140
 5  94  69  82  -1   0  17 0.00    M    M  7.7 20 150   M    M   4 3      25 150
 6  96  69  83   0   0  18 0.00    M    M  9.7 23 140   M    M   1        27 140
 7  95  71  83   0   0  18 0.00    M    M  9.5 30 160   M    M   0        36 160
 8  97  72  85   2   0  20 0.00    M    M 12.3 23 140   M    M   1 8      30 150
 9  95  69  82  -1   0  17    T    M    M 10.6 26 120   M    M   3 3      33 120
10  92  66  79  -4   0  14    T    M    M 10.3 26 150   M    M   4        31 130
11  93  71  82  -1   0  17 0.01    M    M 13.3 24 130   M    M   5        31 160
12  95  73  84   1   0  19 0.00    M    M  9.2 18 150   M    M   2        23 150
13  97  68  83   0   0  18 0.00    M    M  7.6 16 140   M    M   2        21 140
14 100  70  85   2   0  20 0.00    M    M  6.7 18 150   M    M   0        24 140
15  96  70  83   0   0  18    T    M    M  6.4 31  30   M    M   1 3      35  30
16  97  75  86   3   0  21 0.00    M    M 11.3 24 140   M    M   1        32 140
17  97  76  87   4   0  22 0.04    M    M  8.6 20 160   M    M   6 13     25 140
18  86  71  79  -4   0  14 2.99    M    M  8.4 28 360   M    M   5 13     33  20
19  90  72  81  -3   0  16 0.00    M    M  6.5 14 110   M    M   7        17 120
20  95  76  86   2   0  21 0.00    M    M  8.7 17 150   M    M   4 18     22 150
21  93  76  85   1   0  20 0.00    M    M  9.4 17 140   M    M   3 1      22 140
22  96  74  85   1   0  20 0.00    M    M  6.3 14  80   M    M   1        19  70
23  97  72  85   1   0  20 0.00    M    M  5.1 12  90   M    M   0 1      15 120
24  93  73  83  -1   0  18 0.00    M    M  5.5 17 140   M    M   1        20 140
25  95  71  83  -1   0  18 0.00    M    M  6.4 20 170   M    M   2        23 180
26  98  73  86   2   0  21 0.00    M    M 10.8 23 140   M    M   0        31 140
27  97  72  85   1   0  20 0.00    M    M 11.2 23 150   M    M   1        28 150
28  97  73  85   1   0  20 0.00    M    M  6.2 17 150   M    M   4        21 150
================================================================================
SM 2663 1999         0 517  3.04    M    247.3          M       62
================================================================================
AV 95.1 71.4                               8.8 FASTST   M    M   2    MAX(MPH)
                                 MISC ---->  # 31  30               # 36  160
================================================================================
NOTES:
# LAST OF SEVERAL OCCURRENCES

COLUMN 17 PEAK WIND IN M.P.H.

PRELIMINARY LOCAL CLIMATOLOGICAL DATA (WS FORM: F-6) , PAGE 2

                                          STATION:  HONDO
                                          MONTH:    JULY
                                          YEAR:     2014
                                          LATITUDE:   29 21 N
                                          LONGITUDE:  99 10 W

[TEMPERATURE DATA]      [PRECIPITATION DATA]       SYMBOLS USED IN COLUMN 16

AVERAGE MONTHLY: 83.2   TOTAL FOR MONTH:   3.04    1 = FOG OR MIST
DPTR FM NORMAL:  -0.1   DPTR FM NORMAL:    1.08    2 = FOG REDUCING VISIBILITY
HIGHEST:   100 ON 14    GRTST 24HR  3.02 ON 17-18      TO 1/4 MILE OR LESS
LOWEST:     66 ON 10, 4                            3 = THUNDER
                        SNOW, ICE PELLETS, HAIL    4 = ICE PELLETS
                        TOTAL MONTH:    M          5 = HAIL
                        GRTST 24HR    M  ON   M    6 = FREEZING RAIN OR DRIZZLE
                        GRTST DEPTH:  M  ON   M    7 = DUSTSTORM OR SANDSTORM:
                                                       VSBY 1/2 MILE OR LESS
                                                   8 = SMOKE OR HAZE
[NO. OF DAYS WITH]      [WEATHER - DAYS WITH]      9 = BLOWING SNOW
                                                   X = TORNADO
MAX 32 OR BELOW:   0    0.01 INCH OR MORE:   3
MAX 90 OR ABOVE:  27    0.10 INCH OR MORE:   1
MIN 32 OR BELOW:   0    0.50 INCH OR MORE:   1
MIN  0 OR BELOW:   0    1.00 INCH OR MORE:   1

[HDD (BASE 65) ]
TOTAL THIS MO.     0    CLEAR  (SCALE 0-3)  20
DPTR FM NORMAL     0    PTCLDY (SCALE 4-7)   8
TOTAL FM JUL 1     0    CLOUDY (SCALE 8-10)  0
DPTR FM NORMAL     0

[CDD (BASE 65) ]
TOTAL THIS MO.   517
DPTR FM NORMAL     4    [PRESSURE DATA]
TOTAL FM JAN 1  1739    HIGHEST SLP M ON M
DPTR FM NORMAL   138    LOWEST  SLP 29.72 ON 17

[REMARKS]
