000
CXUS53 KBIS 260738
CF6HEI
PRELIMINARY LOCAL CLIMATOLOGICAL DATA (WS FORM: F-6)

                                          STATION:   HETTINGER ND
                                          MONTH:     MARCH
                                          YEAR:      2017
                                          LATITUDE:   46  0 N
                                          LONGITUDE: 102 39 W

  TEMPERATURE IN F:       :PCPN:    SNOW:  WIND      :SUNSHINE: SKY     :PK WND
================================================================================
1   2   3   4   5  6A  6B    7    8   9   10  11  12  13   14  15   16   17  18
                                     12Z  AVG MX 2MIN
DY MAX MIN AVG DEP HDD CDD  WTR  SNW DPTH SPD SPD DIR MIN PSBL S-S WX    SPD DR
================================================================================

 1  38  16  27   3  38   0    T    M    M 11.8 28 320   M    M   7 1      34 330
 2  36  14  25   0  40   0 0.00    M    M 11.0 21 330   M    M   0        25 320
 3  55  22  39  14  26   0 0.00    M    M  7.8 22 280   M    M   4        26 270
 4  65  24  45  20  20   0 0.00    M    M  7.5 20 310   M    M   0        23 310
 5  68  19  44  18  21   0 0.00    M    M  8.2 24 200   M    M   0        28 200
 6  46  23  35   9  30   0    T    M    M 24.3 45 300   M    M   8 1      55 300
 7  36  20  28   2  37   0 0.00    M    M 29.1 49 300   M    M   1        63 290
 8  32  13  23  -4  42   0    T    M    M 10.2 25 290   M    M   7 18     33 280
 9  23   1  12 -15  53   0    T    M    M 10.3 20  30   M    M   8 18     23  30
10  10   1   6 -21  59   0    T    M    M 15.4 22 100   M    M  10 168    29 110
11  16   5  11 -17  54   0    T    M    M  9.6 18 120   M    M  10 18     25 110
12  15  -1   7 -21  58   0 0.01    M    M 13.2 23 110   M    M  10 128    29 110
13  13  -8   3 -25  62   0    T    M    M 11.4 21 140   M    M   8 18     25 140
14  25  11  18 -11  47   0    T    M    M 12.7 17 140   M    M  10 1      22 150
15  41  21  31   2  34   0 0.00    M    M  7.3 12 140   M    M   5        14 150
16  62  32  47  17  18   0 0.00    M    M  8.8 32 330   M    M   3 1      38 330
17  44  23  34   4  31   0 0.00    M    M 13.2 28 300   M    M   3        33 300
18  61  24  43  13  22   0 0.00    M    M 13.3 25 160   M    M   2        31 160
19  62  34  48  17  17   0    T    M    M  9.7 28 330   M    M   4 1      34 330
20  47  32  40   9  25   0 0.02    M    M  7.1 21 360   M    M  10 1      26  10
21  32  25  29  -3  36   0 0.00    M    M 14.6 24 140   M    M  10        34 140
22  60  26  43  11  22   0 0.00    M    M 13.8 26 140   M    M   5        35 130
23  46  30  38   6  27   0 0.15    M    M  8.3 23  30   M    M   8 1      28  30
24  59  26  43  10  22   0 0.00    M    M  8.7 18 120   M    M   3 12     25 110
25  59  33  46  13  19   0 0.00    M    M  6.9 17 140   M    M   3        24 140
================================================================================
SM 1051  466       860   0  0.18    M    294.2          M      139
================================================================================
AV 42.0 18.6                              11.8 FASTST   M    M   6    MAX(MPH)
                                 MISC ---->  # 49 300               # 63  290
================================================================================
NOTES:
# LAST OF SEVERAL OCCURRENCES

COLUMN 17 PEAK WIND IN M.P.H.

PRELIMINARY LOCAL CLIMATOLOGICAL DATA (WS FORM: F-6) , PAGE 2

                                          STATION:  HETTINGER ND
                                          MONTH:    MARCH
                                          YEAR:     2017
                                          LATITUDE:   46  0 N
                                          LONGITUDE: 102 39 W

[TEMPERATURE DATA]      [PRECIPITATION DATA]       SYMBOLS USED IN COLUMN 16

AVERAGE MONTHLY: 30.3   TOTAL FOR MONTH:   0.18    1 = FOG OR MIST
DPTR FM NORMAL:   1.8   DPTR FM NORMAL:   -0.38    2 = FOG REDUCING VISIBILITY
HIGHEST:    68 ON  5    GRTST 24HR  0.15 ON 23-23      TO 1/4 MILE OR LESS
LOWEST:     -8 ON 13                               3 = THUNDER
                        SNOW, ICE PELLETS, HAIL    4 = ICE PELLETS
                        TOTAL MONTH:    M          5 = HAIL
                        GRTST 24HR    M  ON   M    6 = FREEZING RAIN OR DRIZZLE
                        GRTST DEPTH:  M  ON   M    7 = DUSTSTORM OR SANDSTORM:
                                                       VSBY 1/2 MILE OR LESS
                                                   8 = SMOKE OR HAZE
[NO. OF DAYS WITH]      [WEATHER - DAYS WITH]      9 = BLOWING SNOW
                                                   X = TORNADO
MAX 32 OR BELOW:   8    0.01 INCH OR MORE:   3
MAX 90 OR ABOVE:   0    0.10 INCH OR MORE:   1
MIN 32 OR BELOW:  23    0.50 INCH OR MORE:   0
MIN  0 OR BELOW:   2    1.00 INCH OR MORE:   0

[HDD (BASE 65) ]
TOTAL THIS MO.   860    CLEAR  (SCALE 0-3)   8
DPTR FM NORMAL   -51    PTCLDY (SCALE 4-7)   9
TOTAL FM JUL 1  6957    CLOUDY (SCALE 8-10)  8
DPTR FM NORMAL  -270

[CDD (BASE 65) ]
TOTAL THIS MO.     0
DPTR FM NORMAL     0    [PRESSURE DATA]
TOTAL FM JAN 1     0    HIGHEST SLP M ON M
DPTR FM NORMAL     0    LOWEST  SLP 29.11 ON  6

[REMARKS]
