000
CXUS51 KLWX 280620
CF6HGR
PRELIMINARY LOCAL CLIMATOLOGICAL DATA (WS FORM: F-6)

                                          STATION:   HAGERSTOWN MD
                                          MONTH:     JUNE
                                          YEAR:      2017
                                          LATITUDE:   39 42 N
                                          LONGITUDE:  77 43 W

  TEMPERATURE IN F:       :PCPN:    SNOW:  WIND      :SUNSHINE: SKY     :PK WND
================================================================================
1   2   3   4   5  6A  6B    7    8   9   10  11  12  13   14  15   16   17  18
                                     12Z  AVG MX 2MIN
DY MAX MIN AVG DEP HDD CDD  WTR  SNW DPTH SPD SPD DIR MIN PSBL S-S WX    SPD DR
================================================================================

 1  79  58  69   2   0   4 0.04    M    M  8.5 20 310   M    M   2 3      27 300
 2  79  56  68   1   0   3 0.00    M    M  8.0 28 300   M    M   1        34 280
 3  82  56  69   1   0   4 0.00    M    M  6.9 22 320   M    M   1        33 310
 4  87  57  72   4   0   7 0.00    M    M  6.2 20  10   M    M   2        26 340
 5  74  64  69   1   0   4 0.11    M    M  4.5 12 170   M    M   5 18     13 170
 6  75  60  68  -1   0   3 0.00    M    M 10.0 20 280   M    M   4        29 280
 7  64  55  60  -9   5   0 0.00    M    M  6.1 14  70   M    M   7        18  50
 8  75  51  63  -6   2   0 0.00    M    M  2.8 13 100   M    M   3 1      16  90
 9  82  54  68  -2   0   3 0.00    M    M  7.3 16 290   M    M   1        31 320
10  88  64  76   6   0  11 0.00    M    M  7.5 14 230   M    M   1        20 270
11  92  66  79   9   0  14 0.00    M    M  7.3 18 280   M    M   0        25 280
12  92  68  80   9   0  15 0.00    M    M  5.8 15 270   M    M   1        20 270
13  95  70  83  12   0  18 0.00    M    M  5.7 15 270   M    M   2        18 280
14  91  72  82  11   0  17 0.00    M    M  6.2 13 330   M    M   3        16 170
15  86  73  80   8   0  15 0.01    M    M  9.5 18 150   M    M   6        27 160
16  83  70  77   5   0  12 0.08    M    M  4.0 14 170   M    M   9 1      17 160
17  86  70  78   6   0  13 0.00    M    M  7.5 14 160   M    M   5 18     18 180
18  93  73  83  11   0  18 0.00    M    M 12.6 24 180   M    M   2        29 190
19  88  69  79   6   0  14 1.02    M    M  9.4 32 290   M    M   3 13     43 300
20  85  68  77   4   0  12 0.00    M    M  9.1 17 280   M    M   4        25 270
21  88  64  76   3   0  11 0.02    M    M  6.8 23 290   M    M   3 3      33 310
22  88  67  78   5   0  13 0.00    M    M  5.2 15 190   M    M   3        19 200
23  90  72  81   7   0  16 0.74    M    M  9.2 21 190   M    M   6 1      27 200
24  84  70  77   3   0  12 0.71    M    M  8.9 20 310   M    M   4 1      26 300
25  83  65  74   0   0   9 0.00    M    M  7.5 21 270   M    M   2        26 280
26  80  62  71  -3   0   6 0.00    M    M  6.7 14 190   M    M   4        19 280
27  78  62  70  -4   0   5 0.00    M    M  7.7 22 300   M    M   3        25 310
================================================================================
SM 2267 1736         7 259  2.73    M    196.9          M       87
================================================================================
AV 84.0 64.3                               7.3 FASTST   M    M   3    MAX(MPH)
                                 MISC ---->  # 32 290               # 43  300
================================================================================
NOTES:
# LAST OF SEVERAL OCCURRENCES

COLUMN 17 PEAK WIND IN M.P.H.

PRELIMINARY LOCAL CLIMATOLOGICAL DATA (WS FORM: F-6) , PAGE 2

                                          STATION:  HAGERSTOWN MD
                                          MONTH:    JUNE
                                          YEAR:     2017
                                          LATITUDE:   39 42 N
                                          LONGITUDE:  77 43 W

[TEMPERATURE DATA]      [PRECIPITATION DATA]       SYMBOLS USED IN COLUMN 16

AVERAGE MONTHLY: 74.1   TOTAL FOR MONTH:   2.73    1 = FOG OR MIST
DPTR FM NORMAL:   3.1   DPTR FM NORMAL:   -0.89    2 = FOG REDUCING VISIBILITY
HIGHEST:    95 ON 13    GRTST 24HR  1.02 ON 19-19      TO 1/4 MILE OR LESS
LOWEST:     51 ON  8                               3 = THUNDER
                        SNOW, ICE PELLETS, HAIL    4 = ICE PELLETS
                        TOTAL MONTH:    M          5 = HAIL
                        GRTST 24HR    M  ON   M    6 = FREEZING RAIN OR DRIZZLE
                        GRTST DEPTH:  M  ON   M    7 = DUSTSTORM OR SANDSTORM:
                                                       VSBY 1/2 MILE OR LESS
                                                   8 = SMOKE OR HAZE
[NO. OF DAYS WITH]      [WEATHER - DAYS WITH]      9 = BLOWING SNOW
                                                   X = TORNADO
MAX 32 OR BELOW:   0    0.01 INCH OR MORE:   8
MAX 90 OR ABOVE:   6    0.10 INCH OR MORE:   4
MIN 32 OR BELOW:   0    0.50 INCH OR MORE:   3
MIN  0 OR BELOW:   0    1.00 INCH OR MORE:   1

[HDD (BASE 65) ]
TOTAL THIS MO.     7    CLEAR  (SCALE 0-3)  16
DPTR FM NORMAL   -10    PTCLDY (SCALE 4-7)  10
TOTAL FM JUL 1  4020    CLOUDY (SCALE 8-10)  1
DPTR FM NORMAL -1164

[CDD (BASE 65) ]
TOTAL THIS MO.   259
DPTR FM NORMAL    80    [PRESSURE DATA]
TOTAL FM JAN 1   394    HIGHEST SLP M ON M
DPTR FM NORMAL   139    LOWEST  SLP 29.57 ON 24

[REMARKS]
