263
CXUS55 KLOX 261655
CF6HHR
PRELIMINARY LOCAL CLIMATOLOGICAL DATA (WS FORM: F-6)

                                          STATION:   HAWTHORNE AIRPORT CA
                                          MONTH:     MAY
                                          YEAR:      2016
                                          LATITUDE:   33 55 N
                                          LONGITUDE: 118 20 W

  TEMPERATURE IN F:       :PCPN:    SNOW:  WIND      :SUNSHINE: SKY     :PK WND
================================================================================
1   2   3   4   5  6A  6B    7    8   9   10  11  12  13   14  15   16   17  18
                                     12Z  AVG MX 2MIN
DY MAX MIN AVG DEP HDD CDD  WTR  SNW DPTH SPD SPD DIR MIN PSBL S-S WX    SPD DR
================================================================================

 1  72  57  65   2   0   0 0.00  0.0    0  5.7 17 250   M    M   3        22 260
 2  69  57  63  -1   2   0 0.00  0.0    0  6.0 18 260   M    M   2 8      22 270
 3  72  58  65   1   0   0 0.00  0.0    0  5.7 17 260   M    M   2 8      21 260
 4  66  57  62  -2   3   0 0.00  0.0    0  5.8 17 250   M    M   7 18     22 260
 5  69  57  63  -1   2   0 0.11  0.0    0  5.4 15 250   M    M  10        23 260
 6  66  57  62  -2   3   0 0.02  0.0    0  5.3 18 260   M    M   8        24 260
 7  69  58  64   0   1   0    T  0.0    0  6.2 16 260   M    M   6        21 270
 8  69  59  64   0   1   0 0.00  0.0    0  6.9 16 240   M    M   5        23 260
 9  67  58  63  -1   2   0 0.00  0.0    0  4.9 16 260   M    M   4        20 260
10  69  58  64   0   1   0 0.00  0.0    0  4.9 15 260   M    M   8        19 250
11  69  59  64   0   1   0 0.00  0.0    0  6.4 17 260   M    M   9        24 270
12  69  58  64   0   1   0 0.00  0.0    0  5.8 15 260   M    M   4 1      23 270
13  73  60  67   3   0   2 0.00  0.0    0  5.4 15 260   M    M   7 18     20 250
14  69  61  65   1   0   0 0.00  0.0    0  6.4 15 260   M    M   9 8      18 250
15  71  62  67   2   0   2 0.00  0.0    0  6.6 16 260   M    M   7        20 260
16  70  62  66   1   0   1 0.00  0.0    0  5.4 15 260   M    M   9        19 260
17  71  61  66   1   0   1 0.00  0.0    0  6.7 16 250   M    M   7 8      21 260
18  65  61  63  -2   2   0 0.00  0.0    0  6.4 15 260   M    M  10        19 260
19  69  61  65   0   0   0 0.00  0.0    0  5.9 15 260   M    M  10 8      18 260
20  66  58  62  -3   3   0 0.00  0.0    0  7.1 17 250   M    M   5        24 260
21  67  57  62  -3   3   0 0.00  0.0    0  6.9 20 260   M    M   3 8      24 260
22  70  56  63  -2   2   0 0.00  0.0    0  6.9 18 260   M    M   0 8      24 260
23  71  57  64  -1   1   0 0.00  0.0    0  6.4 16 260   M    M   2 8      21 140
24  68  59  64  -1   1   0 0.00  0.0    0  6.7 18 250   M    M   5        24 260
25  68  58  63  -2   2   0 0.00  0.0    0  6.2 16 270   M    M   4        20 250
================================================================================
SM 1724 1466        31   6  0.13     0.0 152.1          M      146
================================================================================
AV 69.0 58.6                               6.1 FASTST   M    M   6    MAX(MPH)
                                 MISC ---->  # 20 260                 24    M
================================================================================
NOTES:
# LAST OF SEVERAL OCCURRENCES

COLUMN 17 PEAK WIND IN M.P.H.

PRELIMINARY LOCAL CLIMATOLOGICAL DATA (WS FORM: F-6) , PAGE 2

                                          STATION:  HAWTHORNE AIRPORT CA
                                          MONTH:    MAY
                                          YEAR:     2016
                                          LATITUDE:   33 55 N
                                          LONGITUDE: 118 20 W

[TEMPERATURE DATA]      [PRECIPITATION DATA]       SYMBOLS USED IN COLUMN 16

AVERAGE MONTHLY: 63.8   TOTAL FOR MONTH:   0.13    1 = FOG OR MIST
DPTR FM NORMAL:  -0.6   DPTR FM NORMAL:   -0.11    2 = FOG REDUCING VISIBILITY
HIGHEST:    73 ON 13    GRTST 24HR  0.13 ON  5- 6      TO 1/4 MILE OR LESS
LOWEST:     56 ON 22                               3 = THUNDER
                        SNOW, ICE PELLETS, HAIL    4 = ICE PELLETS
                        TOTAL MONTH:   0.0 INCH    5 = HAIL
                        GRTST 24HR     0.0         6 = FREEZING RAIN OR DRIZZLE
                        GRTST DEPTH:   0           7 = DUSTSTORM OR SANDSTORM:
                                                       VSBY 1/2 MILE OR LESS
                                                   8 = SMOKE OR HAZE
[NO. OF DAYS WITH]      [WEATHER - DAYS WITH]      9 = BLOWING SNOW
                                                   X = TORNADO
MAX 32 OR BELOW:   0    0.01 INCH OR MORE:   2
MAX 90 OR ABOVE:   0    0.10 INCH OR MORE:   1
MIN 32 OR BELOW:   0    0.50 INCH OR MORE:   0
MIN  0 OR BELOW:   0    1.00 INCH OR MORE:   0

[HDD (BASE 65) ]
TOTAL THIS MO.    31    CLEAR  (SCALE 0-3)   5
DPTR FM NORMAL   -10    PTCLDY (SCALE 4-7)  14
TOTAL FM JUL 1   744    CLOUDY (SCALE 8-10)  6
DPTR FM NORMAL  -370

[CDD (BASE 65) ]
TOTAL THIS MO.     6
DPTR FM NORMAL   -19    [PRESSURE DATA]
TOTAL FM JAN 1   135    HIGHEST SLP M ON M
DPTR FM NORMAL    61    LOWEST  SLP 29.77 ON M

[REMARKS]
