000
CXUS55 KPQR 241230
CF6HIO
PRELIMINARY LOCAL CLIMATOLOGICAL DATA (WS FORM: F-6)

                                          STATION:   HILLSBORO OR
                                          MONTH:     APRIL
                                          YEAR:      2014
                                          LATITUDE:   45 32 N
                                          LONGITUDE: 122 57 W

  TEMPERATURE IN F:       :PCPN:    SNOW:  WIND      :SUNSHINE: SKY     :PK WND
================================================================================
1   2   3   4   5  6A  6B    7    8   9   10  11  12  13   14  15   16   17  18
                                     12Z  AVG MX 2MIN
DY MAX MIN AVG DEP HDD CDD  WTR  SNW DPTH SPD SPD DIR MIN PSBL S-S WX    SPD DR
================================================================================

 1  52  44  48   0  17   0 0.16    M    0  3.8  9 170   M    M   9 1      12 270
 2  59  34  47  -1  18   0    T    M    0  1.8 14 230   M    M   6 12     18 230
 3  56  39  48   0  17   0 0.16    M    0  6.0 21 160   M    M   6 1      28 160
 4  58  39  49   1  16   0    T    M    0  4.1 15 210   M    M   8 1      19 220
 5  55  45  50   1  15   0 0.12    M    0  7.1 15 180   M    M  10 1      19 180
 6  65  45  55   6  10   0    T    M    0  4.5 14 170   M    M   6        18 180
 7  74  40  57   8   8   0 0.00    M    M  2.5 10 290   M    M   3 12     13 290
 8  66  46  56   7   9   0 0.31    M    M  3.7 13 290   M    M   8 1      16 290
 9  62  40  51   2  14   0    T    M    0  5.7 14 330   M    M   0 18     17 330
10  65  35  50   1  15   0 0.00  0.0    0  4.8 15 310   M    M   0        19 320
11  68  38  53   4  12   0 0.00  0.0    0  7.0 17 320   M    M   0        23 320
12  65  37  51   2  14   0 0.00  0.0    0  5.8 15 310   M    M   2        18  10
13  70  36  53   3  12   0 0.00  0.0    0  7.0 18  60   M    M   0        23  50
14  71  36  54   4  11   0 0.00  0.0    0  7.0 24 310   M    M   0        29 310
15  60  45  53   3  12   0 0.01    M    0  4.1 10 290   M    M   8        15 200
16  56  47  52   2  13   0 0.15    M    0  4.9 13 220   M    M  10 1      17 220
17  55  39  47  -3  18   0 0.37    M    0  5.7 18 180   M    M   8 1      25 180
18  59  33  46  -4  19   0 0.00  0.0    0  2.5 12  40   M    M   1 1      14  30
19  60  36  48  -2  17   0 0.06    M    0  5.4 28 220   M    M   6 1      37 230
20  62  38  50  -1  15   0 0.00  0.0    0  3.4 13 160   M    M   4        18 280
21  63  45  54   3  11   0 0.27    M    0  4.1 15 220   M    M   5 1      19 230
22  55  40  48  -3  17   0 0.22    M    0  8.3 22 250   M    M   6 1      27 250
23  54  44  49  -2  16   0 0.62    M    0 12.1 22 190   M    M  10 1      28 180
================================================================================
SM 1410  921       326   0  2.45     0.0 121.3          M      116
================================================================================
AV 61.3 40.0                               5.3 FASTST   M    M   5    MAX(MPH)
                                 MISC ---->  # 28 220               # 37  230
================================================================================
NOTES:
# LAST OF SEVERAL OCCURRENCES

COLUMN 17 PEAK WIND IN M.P.H.

PRELIMINARY LOCAL CLIMATOLOGICAL DATA (WS FORM: F-6) , PAGE 2

                                          STATION:  HILLSBORO OR
                                          MONTH:    APRIL
                                          YEAR:     2014
                                          LATITUDE:   45 32 N
                                          LONGITUDE: 122 57 W

[TEMPERATURE DATA]      [PRECIPITATION DATA]       SYMBOLS USED IN COLUMN 16

AVERAGE MONTHLY: 50.7   TOTAL FOR MONTH:   2.45    1 = FOG OR MIST
DPTR FM NORMAL:   1.2   DPTR FM NORMAL:    0.06    2 = FOG REDUCING VISIBILITY
HIGHEST:    74 ON  7    GRTST 24HR  0.67 ON 22-23      TO 1/4 MILE OR LESS
LOWEST:     33 ON 18                               3 = THUNDER
                        SNOW, ICE PELLETS, HAIL    4 = ICE PELLETS
                        TOTAL MONTH:   0.0 INCH    5 = HAIL
                        GRTST 24HR     0.0         6 = FREEZING RAIN OR DRIZZLE
                        GRTST DEPTH:   0           7 = DUSTSTORM OR SANDSTORM:
                                                       VSBY 1/2 MILE OR LESS
                                                   8 = SMOKE OR HAZE
[NO. OF DAYS WITH]      [WEATHER - DAYS WITH]      9 = BLOWING SNOW
                                                   X = TORNADO
MAX 32 OR BELOW:   0    0.01 INCH OR MORE:  11
MAX 90 OR ABOVE:   0    0.10 INCH OR MORE:   9
MIN 32 OR BELOW:   0    0.50 INCH OR MORE:   1
MIN  0 OR BELOW:   0    1.00 INCH OR MORE:   0

[HDD (BASE 65) ]
TOTAL THIS MO.   326    CLEAR  (SCALE 0-3)   8
DPTR FM NORMAL   -31    PTCLDY (SCALE 4-7)   9
TOTAL FM JUL 1  4570    CLOUDY (SCALE 8-10)  6
DPTR FM NORMAL    99

[CDD (BASE 65) ]
TOTAL THIS MO.     0
DPTR FM NORMAL     0    [PRESSURE DATA]
TOTAL FM JAN 1     0    HIGHEST SLP M ON M
DPTR FM NORMAL     0    LOWEST  SLP 29.74 ON  1

[REMARKS]
