000
CXUS56 KPQR 261330
CF6HIO
PRELIMINARY LOCAL CLIMATOLOGICAL DATA (WS FORM: F-6)

                                          STATION:   HILLSBORO OR
                                          MONTH:     NOVEMBER
                                          YEAR:      2014
                                          LATITUDE:   45 32 N
                                          LONGITUDE: 122 57 W

  TEMPERATURE IN F:       :PCPN:    SNOW:  WIND      :SUNSHINE: SKY     :PK WND
================================================================================
1   2   3   4   5  6A  6B    7    8   9   10  11  12  13   14  15   16   17  18
                                     12Z  AVG MX 2MIN
DY MAX MIN AVG DEP HDD CDD  WTR  SNW DPTH SPD SPD DIR MIN PSBL S-S WX    SPD DR
================================================================================

 1  49  42  46  -2  19   0 0.03    M    0  2.3  8 310   M    M  10 12      9 300
 2  53  44  49   2  16   0 0.17    M    0  6.5 16 180   M    M  10 12     20 170
 3  56  51  54   7  11   0 0.26  0.0    0  9.1 15 180   M    M   8 1      19 170
 4  62  51  57  10   8   0 0.16  0.0    0  7.6 16 170   M    M  10 1      20 180
 5  62  51  57  10   8   0 0.03  0.0    0  0.8  6 320   M    M   8 12      7 320
 6  60  46  53   7  12   0 0.14    M    0  5.5 17 160   M    M   8 12     22 160
 7  59  39  49   3  16   0 0.00  0.0    0  2.0  9  10   M    M   6 12     12  20
 8  60  35  48   2  17   0 0.00  0.0    0  0.2  6 320   M    M   2 128     8 320
 9  56  41  49   3  16   0 0.02    M    0  3.6 13 290   M    M   9 128    17 310
10  56  38  47   1  18   0    T    M    0  3.5 15  40   M    M   5 12     22  30
11  47  34  41  -5  24   0 0.00  0.0    0 19.0 35  70   M    M   0        47  70
12  41  31  36  -9  29   0 0.00  0.0    0 18.8 29  90   M    M   0        39  90
13  38  32  35 -10  30   0 0.16    M    0 10.4 24  70   M    M  10 16     32  70
14  44  23  34 -11  31   0 0.00  0.0    0  2.1  9  40   M    M   4 1       M  M
15  44  21  33 -12  32   0 0.00  0.0    0  8.9 23  80   M    M   0        30  90
16  49  19  34 -10  31   0 0.00  0.0    0  3.5 13  60   M    M   0        18  60
17  50  21  36  -8  29   0 0.00  0.0    0  4.1 12 130   M    M   0        16 120
18  42  21  32 -12  33   0 0.00  0.0    0  2.1  7 300   M    M   1         8  40
19  51  32  42  -2  23   0 0.14    M    0  3.3 12 140   M    M   3 1      15 120
20  50  36  43   0  22   0 0.03    M    0  1.0  6 330   M    M  10 128     7 320
21  54  41  48   5  17   0 0.54    M    0  8.2 22 170   M    M  10 1      30 160
22  56  38  47   4  18   0 0.14    M    0  3.3 15 280   M    M   7 128    19 280
23   M   M   M   M   M   M 0.53    M    0  6.2 22 180   M    M   8 138    27 180
24  54  49  52  10  13   0    T    M    0  4.1 13 170   M    M  10 128    16 170
25  62  50  56  14   9   0 0.00  0.0    0  7.6 16 200   M    M  10 1      22 200
================================================================================
SM 1255  886       482   0  2.35     0.0 143.7          M      149
================================================================================
AV 52.3 36.9                               5.7 FASTST   M    M   6    MAX(MPH)
                                 MISC ---->  # 35  70               # 47   70
================================================================================
NOTES:
# LAST OF SEVERAL OCCURRENCES

COLUMN 17 PEAK WIND IN M.P.H.

PRELIMINARY LOCAL CLIMATOLOGICAL DATA (WS FORM: F-6) , PAGE 2

                                          STATION:  HILLSBORO OR
                                          MONTH:    NOVEMBER
                                          YEAR:     2014
                                          LATITUDE:   45 32 N
                                          LONGITUDE: 122 57 W

[TEMPERATURE DATA]      [PRECIPITATION DATA]       SYMBOLS USED IN COLUMN 16

AVERAGE MONTHLY: 44.6   TOTAL FOR MONTH:   2.35    1 = FOG OR MIST
DPTR FM NORMAL:  -0.4   DPTR FM NORMAL:   -2.92    2 = FOG REDUCING VISIBILITY
HIGHEST:    62 ON 25, 5 GRTST 24HR  0.84 ON 31- 1      TO 1/4 MILE OR LESS
LOWEST:     19 ON 16                               3 = THUNDER
                        SNOW, ICE PELLETS, HAIL    4 = ICE PELLETS
                        TOTAL MONTH:   0.0 INCH    5 = HAIL
                        GRTST 24HR     0.0         6 = FREEZING RAIN OR DRIZZLE
                        GRTST DEPTH:   0           7 = DUSTSTORM OR SANDSTORM:
                                                       VSBY 1/2 MILE OR LESS
                                                   8 = SMOKE OR HAZE
[NO. OF DAYS WITH]      [WEATHER - DAYS WITH]      9 = BLOWING SNOW
                                                   X = TORNADO
MAX 32 OR BELOW:   0    0.01 INCH OR MORE:  13
MAX 90 OR ABOVE:   0    0.10 INCH OR MORE:   9
MIN 32 OR BELOW:   8    0.50 INCH OR MORE:   2
MIN  0 OR BELOW:   0    1.00 INCH OR MORE:   0

[HDD (BASE 65) ]
TOTAL THIS MO.   482    CLEAR  (SCALE 0-3)   7
DPTR FM NORMAL   -19    PTCLDY (SCALE 4-7)   8
TOTAL FM JUL 1   759    CLOUDY (SCALE 8-10) 10
DPTR FM NORMAL  -423

[CDD (BASE 65) ]
TOTAL THIS MO.     0
DPTR FM NORMAL     0    [PRESSURE DATA]
TOTAL FM JAN 1   405    HIGHEST SLP M ON M
DPTR FM NORMAL   207    LOWEST  SLP 29.42 ON 21

[REMARKS]
