000
CXUS53 KGID 240730
CF6HJH
PRELIMINARY LOCAL CLIMATOLOGICAL DATA (WS FORM: F-6)

                                          STATION:   HEBRON
                                          MONTH:     APRIL
                                          YEAR:      2014
                                          LATITUDE:   40  9 N
                                          LONGITUDE:  97 35 W

  TEMPERATURE IN F:       :PCPN:    SNOW:  WIND      :SUNSHINE: SKY     :PK WND
================================================================================
1   2   3   4   5  6A  6B    7    8   9   10  11  12  13   14  15   16   17  18
                                     12Z  AVG MX 2MIN
DY MAX MIN AVG DEP HDD CDD  WTR  SNW DPTH SPD SPD DIR MIN PSBL S-S WX    SPD DR
================================================================================

 1  49  24  37  -9  28   0 0.00    M    M  6.2 12  80   M    M   4        16 310
 2  44  36  40  -6  25   0 0.00    M    M 12.0 17  80   M    M   9 1      23  80
 3  40  33  37 -10  28   0    M    M    M 13.8 18 310   M    M  10 1      32 350
 4  47  30  39  -8  26   0 0.00    M    M 10.7 21 340   M    M   6        31 340
 5  67  28  48   1  17   0 0.00    M    M  9.7 18 200   M    M   4 8      31 200
 6  63  40  52   4  13   0    T    M    M  7.5 16 160   M    M   7 8      21 160
 7  65  40  53   5  12   0    T    M    M 10.6 24 340   M    M   6        31 340
 8  61  34  48   0  17   0 0.00    M    M 10.6 23  10   M    M   0        31 350
 9  85  37  61  12   4   0 0.00    M    M 10.5 22 210   M    M   0        31 210
10  67  41  54   5  11   0 0.00    M    M 10.0 17  20   M    M   1 8      24  20
11  78  39  59  10   6   0    T    M    M  6.6 14 170   M    M   1        20 170
12  80  59  70  20   0   5 0.00    M    M 10.6 21 200   M    M   0        25 200
13  62  33  48  -2  17   0    M    M    M 20.2 30 360   M    M   9 3      43  10
14  46  28  37 -13  28   0 0.00    M    M 11.8 24 360   M    M   4        38 360
15  63  20  42  -9  23   0 0.00    M    M  9.8 20 170   M    M   0        33 200
16  67  35  51   0  14   0 0.00    M    M 19.0 30 190   M    M   1        37 190
17  56  33  45  -7  20   0 0.00    M    M  7.4 17 350   M    M   4        22 350
18  72  32  52   0  13   0 0.00    M    M 10.5 20 180   M    M   0 18     31 180
19  80  53  67  15   0   2 0.00    M    M 16.6 23 200   M    M   2        31 180
20  81  59  70  17   0   5    T    M    M 13.0 20 220   M    M   2 3      29 210
21  75  48  62   9   3   0 0.07    M    M 11.1 21  10   M    M   3        35  10
22  73  35  54   1  11   0 0.00    M    M  8.0 17 160   M    M   1        22 160
23  81  52  67  13   0   2 0.02    M    M 18.1 29 160   M    M   4 3      41 170
================================================================================
SM 1502  869       316  14  0.09    M    264.3          M       78
================================================================================
AV 65.3 37.8                              11.5 FASTST   M    M   3    MAX(MPH)
                                 MISC ---->    30   M                 43    M
================================================================================
NOTES:
# LAST OF SEVERAL OCCURRENCES

COLUMN 17 PEAK WIND IN M.P.H.

PRELIMINARY LOCAL CLIMATOLOGICAL DATA (WS FORM: F-6) , PAGE 2

                                          STATION:  HEBRON
                                          MONTH:    APRIL
                                          YEAR:     2014
                                          LATITUDE:   40  9 N
                                          LONGITUDE:  97 35 W

[TEMPERATURE DATA]      [PRECIPITATION DATA]       SYMBOLS USED IN COLUMN 16

AVERAGE MONTHLY: 51.5   TOTAL FOR MONTH:   0.09    1 = FOG OR MIST
DPTR FM NORMAL:   1.8   DPTR FM NORMAL:   -1.90    2 = FOG REDUCING VISIBILITY
HIGHEST:    85 ON  9    GRTST 24HR  0.07 ON 21-21      TO 1/4 MILE OR LESS
LOWEST:     20 ON 15                               3 = THUNDER
                        SNOW, ICE PELLETS, HAIL    4 = ICE PELLETS
                        TOTAL MONTH:    M          5 = HAIL
                        GRTST 24HR    M  ON   M    6 = FREEZING RAIN OR DRIZZLE
                        GRTST DEPTH:  M  ON   M    7 = DUSTSTORM OR SANDSTORM:
                                                       VSBY 1/2 MILE OR LESS
                                                   8 = SMOKE OR HAZE
[NO. OF DAYS WITH]      [WEATHER - DAYS WITH]      9 = BLOWING SNOW
                                                   X = TORNADO
MAX 32 OR BELOW:   0    0.01 INCH OR MORE:   2
MAX 90 OR ABOVE:   0    0.10 INCH OR MORE:   0
MIN 32 OR BELOW:   6    0.50 INCH OR MORE:   0
MIN  0 OR BELOW:   0    1.00 INCH OR MORE:   0

[HDD (BASE 65) ]
TOTAL THIS MO.   316    CLEAR  (SCALE 0-3)  12
DPTR FM NORMAL   -41    PTCLDY (SCALE 4-7)   8
TOTAL FM JUL 1  5740    CLOUDY (SCALE 8-10)  3
DPTR FM NORMAL    -1

[CDD (BASE 65) ]
TOTAL THIS MO.    14
DPTR FM NORMAL    10    [PRESSURE DATA]
TOTAL FM JAN 1    14    HIGHEST SLP M ON M
DPTR FM NORMAL     9    LOWEST  SLP M ON M

[REMARKS]
