000
CXUS53 KGID 270730
CF6HJH
PRELIMINARY LOCAL CLIMATOLOGICAL DATA (WS FORM: F-6)

                                          STATION:   HEBRON
                                          MONTH:     MAY
                                          YEAR:      2017
                                          LATITUDE:   40  9 N
                                          LONGITUDE:  97 35 W

  TEMPERATURE IN F:       :PCPN:    SNOW:  WIND      :SUNSHINE: SKY     :PK WND
================================================================================
1   2   3   4   5  6A  6B    7    8   9   10  11  12  13   14  15   16   17  18
                                     12Z  AVG MX 2MIN
DY MAX MIN AVG DEP HDD CDD  WTR  SNW DPTH SPD SPD DIR MIN PSBL S-S WX    SPD DR
================================================================================

 1  65  33  49  -8  16   0 0.04    M    M 14.6 25 340   M    M   5 1      33 310
 2  62  40  51  -6  14   0    T    M    M  5.9  9 360   M    M   4         M  M
 3  64  43  54  -3  11   0 0.08    M    M  2.3 14  80   M    M   7        18  80
 4  69  42  56  -2   9   0 0.00    M    M  8.0 16  10   M    M   2        24 360
 5  75  41  58   0   7   0 0.00    M    M  1.7  8 290   M    M   0         M  M
 6  82  53  68  10   0   3 0.00    M    M  5.4  8  70   M    M   0        17  70
 7  87  50  69  10   0   4 0.00    M    M 12.2 25 150   M    M   0        31 150
 8  89  61  75  16   0  10 0.00    M    M 10.5 17 200   M    M   0        25 240
 9  83  59  71  12   0   6 0.06    M    M  4.8 13  70   M    M   3 3      18  70
10  69  56  63   3   2   0 0.15    M    M  9.1 17  10   M    M   8 3      28  40
11  69  49  59  -1   6   0 0.02    M    M  8.8 15  20   M    M   5        28  30
12  75  43  59  -1   6   0 0.00    M    M  6.0 16  70   M    M   0        25  50
13  78  41  60  -1   5   0 0.00    M    M  9.1 21 180   M    M   0        28 180
14  87  59  73  12   0   8 0.00    M    M 10.3 23 180   M    M   0        30 180
15  90  59  75  14   0  10 0.00    M    M  9.2 18 180   M    M   1 3      28 180
16  90  59  75  13   0  10 0.73    M    M 11.5 21 200   M    M   4 3      46 300
17  69  55  62   0   3   0 0.69    M    M 10.4 21 250   M    M   7 3      28 250
18  65  52  59  -3   6   0    M    M    M 15.3 23  50   M    M  10 3      29  50
19  56  49  53 -10  12   0 1.78    M    M 12.8 17  40   M    M  10 13     32  40
20  50  41  46 -17  19   0 0.35    M    M 11.4 15 330   M    M   9 1      22 330
21  70  39  55  -8  10   0 0.00    M    M  5.9 10 310   M    M   0        18 290
22  68  53  61  -3   4   0 0.24    M    M  7.0 15 210   M    M   7 3      28 330
23  62  49  56  -8   9   0 0.03    M    M 11.0 24 340   M    M   7        32 340
24  67  46  57  -7   8   0 0.00    M    M  5.9 12  20   M    M   2         M  M
25  79  50  65   0   0   0    T    M    M  9.3 17 160   M    M   2 3      27 170
26  82  59  71   6   0   6 0.00    M    M  6.5 16 340   M    M   0        23 350
================================================================================
SM 1902 1281       147  57  4.17    M    224.9          M       93
================================================================================
AV 73.2 49.3                               8.6 FASTST   M    M   4    MAX(MPH)
                                 MISC ---->  # 25 340               # 46  300
================================================================================
NOTES:
# LAST OF SEVERAL OCCURRENCES

COLUMN 17 PEAK WIND IN M.P.H.

PRELIMINARY LOCAL CLIMATOLOGICAL DATA (WS FORM: F-6) , PAGE 2

                                          STATION:  HEBRON
                                          MONTH:    MAY
                                          YEAR:     2017
                                          LATITUDE:   40  9 N
                                          LONGITUDE:  97 35 W

[TEMPERATURE DATA]      [PRECIPITATION DATA]       SYMBOLS USED IN COLUMN 16

AVERAGE MONTHLY: 61.2   TOTAL FOR MONTH:   4.17    1 = FOG OR MIST
DPTR FM NORMAL:   0.4   DPTR FM NORMAL:    0.15    2 = FOG REDUCING VISIBILITY
HIGHEST:    90 ON 16,15 GRTST 24HR  1.78 ON 19-19      TO 1/4 MILE OR LESS
LOWEST:     33 ON  1                               3 = THUNDER
                        SNOW, ICE PELLETS, HAIL    4 = ICE PELLETS
                        TOTAL MONTH:    M          5 = HAIL
                        GRTST 24HR    M  ON   M    6 = FREEZING RAIN OR DRIZZLE
                        GRTST DEPTH:  M  ON   M    7 = DUSTSTORM OR SANDSTORM:
                                                       VSBY 1/2 MILE OR LESS
                                                   8 = SMOKE OR HAZE
[NO. OF DAYS WITH]      [WEATHER - DAYS WITH]      9 = BLOWING SNOW
                                                   X = TORNADO
MAX 32 OR BELOW:   0    0.01 INCH OR MORE:  11
MAX 90 OR ABOVE:   2    0.10 INCH OR MORE:   6
MIN 32 OR BELOW:   0    0.50 INCH OR MORE:   3
MIN  0 OR BELOW:   0    1.00 INCH OR MORE:   1

[HDD (BASE 65) ]
TOTAL THIS MO.   147    CLEAR  (SCALE 0-3)  13
DPTR FM NORMAL    -4    PTCLDY (SCALE 4-7)  10
TOTAL FM JUL 1  4991    CLOUDY (SCALE 8-10)  3
DPTR FM NORMAL  -974

[CDD (BASE 65) ]
TOTAL THIS MO.    57
DPTR FM NORMAL    15    [PRESSURE DATA]
TOTAL FM JAN 1    71    HIGHEST SLP M ON M
DPTR FM NORMAL    16    LOWEST  SLP M ON M

[REMARKS]
