000
CXUS53 KGID 010730
CF6HJH
PRELIMINARY LOCAL CLIMATOLOGICAL DATA (WS FORM: F-6)

                                          STATION:   HEBRON
                                          MONTH:     APRIL
                                          YEAR:      2016
                                          LATITUDE:   40  9 N
                                          LONGITUDE:  97 35 W

  TEMPERATURE IN F:       :PCPN:    SNOW:  WIND      :SUNSHINE: SKY     :PK WND
================================================================================
1   2   3   4   5  6A  6B    7    8   9   10  11  12  13   14  15   16   17  18
                                     12Z  AVG MX 2MIN
DY MAX MIN AVG DEP HDD CDD  WTR  SNW DPTH SPD SPD DIR MIN PSBL S-S WX    SPD DR
================================================================================

 1  48  27  38  -8  27   0 0.00    M    M 14.9 25 340   M    M   3        39 340
 2  67  28  48   2  17   0 0.00    M    M  7.8 18 360   M    M   1        25 360
 3  82  45  64  17   1   0 0.00    M    M 13.2 23 240   M    M   0        32 240
 4  64  42  53   6  12   0 0.00    M    M  6.5 12  30   M    M   0        16  30
 5  76  45  61  14   4   0    T    M    M 13.2 24 160   M    M   2 3      35 180
 6  66  44  55   7  10   0    T    M    M 14.2 27 330   M    M   2        40 330
 7  62  32  47  -1  18   0 0.00    M    M 15.6 35 330   M    M   2        45 330
 8  64  28  46  -2  19   0 0.00    M    M  9.7 18 340   M    M   0        25 340
 9  71  28  50   1  15   0 0.00    M    M 13.8 22 200   M    M   0        32 170
10  69  42  56   7   9   0 0.00    M    M 12.6 22  10   M    M   4        28 200
11  59  33  46  -3  19   0 0.00    M    M 10.4 18  40   M    M   3        32  40
12  68  27  48  -2  17   0 0.00    M    M  8.9 18 190   M    M   2 8      27 190
13  76  39  58   8   7   0 0.00    M    M  9.7 15 200   M    M   0 8      23 200
14  76  46  61  11   4   0 0.00    M    M 11.9 22 160   M    M   2 1      28 160
15  78  53  66  15   0   1 0.00    M    M 17.8 31 160   M    M   0        36 170
16  72  58  65  14   0   0 0.00    M    M 15.1 20 140   M    M   9 3      28 120
17  64  52  58   6   7   0 0.18    M    M 11.8 20 140   M    M  10        27 130
18  56  45  51  -1  14   0 0.39    M    M  7.6 12 310   M    M  10        23 310
19  63  48  56   4   9   0 0.21    M    M  5.3  8 340   M    M   9 1       M  M
20  62  49  56   3   9   0 0.70    M    M  6.8 10 290   M    M   8        17 290
21  69  50  60   7   5   0 0.04    M    M 11.2 18 340   M    M   6        28 340
22  69  42  56   3   9   0 0.00    M    M  4.6  8 360   M    M   0         M  M
23  82  48  65  11   0   0 0.00    M    M 15.9 27 170   M    M   0 1      38 180
24  76  52  64  10   1   0 0.87    M    M 12.5 21 200   M    M   5 3      29 130
25  73  47  60   6   5   0 0.00    M    M  4.2 12 320   M    M   1 1      16 320
26  76  53  65  10   0   0 1.35    M    M 13.7 24  70   M    M   8 3      29  80
27  59  42  51  -4  14   0 0.18    M    M 15.1 24 280   M    M  10 3      33 280
28  53  42  48  -8  17   0 0.00    M    M 10.9 17 330   M    M  10        23 290
29  48  43  46 -10  19   0 0.16    M    M 13.4 22  70   M    M  10 3      29  70
30  54  45  50  -6  15   0 0.31    M    M  6.6 13  50   M    M  10 1       M  M
================================================================================
SM 2002 1275       303   1  4.39    M    334.9          M      127
================================================================================
AV 66.7 42.5                              11.2 FASTST   M    M   4    MAX(MPH)
                                 MISC ---->  # 35 330                 45    M
================================================================================
NOTES:
# LAST OF SEVERAL OCCURRENCES

COLUMN 17 PEAK WIND IN M.P.H.

PRELIMINARY LOCAL CLIMATOLOGICAL DATA (WS FORM: F-6) , PAGE 2

                                          STATION:  HEBRON
                                          MONTH:    APRIL
                                          YEAR:     2016
                                          LATITUDE:   40  9 N
                                          LONGITUDE:  97 35 W

[TEMPERATURE DATA]      [PRECIPITATION DATA]       SYMBOLS USED IN COLUMN 16

AVERAGE MONTHLY: 54.6   TOTAL FOR MONTH:   4.39    1 = FOG OR MIST
DPTR FM NORMAL:   3.6   DPTR FM NORMAL:    1.60    2 = FOG REDUCING VISIBILITY
HIGHEST:    82 ON 23, 3 GRTST 24HR  1.35 ON 26-26      TO 1/4 MILE OR LESS
LOWEST:     27 ON 12, 1                            3 = THUNDER
                        SNOW, ICE PELLETS, HAIL    4 = ICE PELLETS
                        TOTAL MONTH:    M          5 = HAIL
                        GRTST 24HR    M  ON   M    6 = FREEZING RAIN OR DRIZZLE
                        GRTST DEPTH:  M  ON   M    7 = DUSTSTORM OR SANDSTORM:
                                                       VSBY 1/2 MILE OR LESS
                                                   8 = SMOKE OR HAZE
[NO. OF DAYS WITH]      [WEATHER - DAYS WITH]      9 = BLOWING SNOW
                                                   X = TORNADO
MAX 32 OR BELOW:   0    0.01 INCH OR MORE:  10
MAX 90 OR ABOVE:   0    0.10 INCH OR MORE:   9
MIN 32 OR BELOW:   6    0.50 INCH OR MORE:   3
MIN  0 OR BELOW:   0    1.00 INCH OR MORE:   1

[HDD (BASE 65) ]
TOTAL THIS MO.   303    CLEAR  (SCALE 0-3)  16
DPTR FM NORMAL  -127    PTCLDY (SCALE 4-7)   5
TOTAL FM JUL 1  4646    CLOUDY (SCALE 8-10)  9
DPTR FM NORMAL -1168

[CDD (BASE 65) ]
TOTAL THIS MO.     1
DPTR FM NORMAL   -11    [PRESSURE DATA]
TOTAL FM JAN 1     2    HIGHEST SLP M ON M
DPTR FM NORMAL   -11    LOWEST  SLP M ON M

[REMARKS]
#FINAL-04-16#
