000
CXUS54 KJAN 271200
CF6HKS
PRELIMINARY LOCAL CLIMATOLOGICAL DATA (WS FORM: F-6)

                                          STATION:   JACKSON HAWKINS
                                          MONTH:     JUNE
                                          YEAR:      2017
                                          LATITUDE:   32 20 N
                                          LONGITUDE:  90 14 W

  TEMPERATURE IN F:       :PCPN:    SNOW:  WIND      :SUNSHINE: SKY     :PK WND
================================================================================
1   2   3   4   5  6A  6B    7    8   9   10  11  12  13   14  15   16   17  18
                                     12Z  AVG MX 2MIN
DY MAX MIN AVG DEP HDD CDD  WTR  SNW DPTH SPD SPD DIR MIN PSBL S-S WX    SPD DR
================================================================================

 1  81  69  75  -2   0  10 0.30  0.0    0  4.0 10 210   M    M   6 13     14 150
 2  88  70  79   2   0  14 0.27  0.0    0  4.5 10 100   M    M   6 1      15  70
 3  81  71  76  -1   0  11 0.02  0.0    0  6.9 15 150   M    M   7 1      19 140
 4  86  71  79   2   0  14 0.41  0.0    0  7.6 25 200   M    M   7 13     30 200
 5  82  71  77  -1   0  12 0.48  0.0    0  3.2  9 110   M    M   5 18     13 100
 6  81  71  76  -2   0  11 0.89  0.0    0  4.4 13 110   M    M   7 1      21  90
 7  84  66  75  -3   0  10 0.00  0.0    0  6.5 14 360   M    M   0        21 360
 8  82  60  71  -7   0   6 0.00  0.0    0  3.1 14 290   M    M   1        19 340
 9  84  60  72  -6   0   7 0.00  0.0    0  2.3 12 260   M    M   2        15 250
10  87  64  76  -2   0  11 0.00  0.0    0  4.5 13 140   M    M   1        20 190
11  91  66  79   0   0  14    T  0.0    0  6.1 16 180   M    M   2 13     19 190
12  87  72  80   1   0  15 0.16  0.0    0  5.6 17 200   M    M   4 13     21 200
13  88  71  80   1   0  15 0.43  0.0    0  4.6 15 140   M    M   5 1      18 140
14  91  72  82   3   0  17 0.00  0.0    0  4.6 13 240   M    M   2 3      17 230
15  91  73  82   3   0  17 0.00  0.0    0  7.3 21 120   M    M   2        27 110
16  92  68  80   0   0  15 1.26  0.0    0  5.8 25 360   M    M   4 138    39 360
17  90  68  79  -1   0  14 0.73  0.0    0  6.9 16 240   M    M   4 1      19 240
18  90  74  82   2   0  17 0.04  0.0    0  6.2 20 160   M    M   5 13     26 180
19  89  73  81   1   0  16 2.89  0.0    0  3.7 15 160   M    M   5 13     18 170
20  84  73  79  -1   0  14    T  0.0    0  6.2 15 140   M    M   5 1      20 140
21  80  71  76  -4   0  11 1.50  0.0    0  9.4 20 100   M    M   8 18     25 120
22  89  75  82   2   0  17 0.12  0.0    0 13.7 26 180   M    M   5 13     34 140
23  85  71  78  -3   0  13 0.81  0.0    0  8.7 28 250   M    M   7 13     36 240
24  87  71  79  -2   0  14 0.00  0.0    0  4.6 13 320   M    M   5        17 330
25  82  66  74  -7   0   9 0.09  0.0    0  4.3 10  70   M    M   3 1      16  10
26  87  63  75  -6   0  10 0.00  0.0    0  3.7 13  30   M    M   0        16  80
================================================================================
SM 2239 1800         0 334 10.40     0.0 148.4          M      108
================================================================================
AV 86.1 69.2                               5.7 FASTST   M    M   4    MAX(MPH)
                                 MISC ---->  # 28 250               # 39  360
================================================================================
NOTES:
# LAST OF SEVERAL OCCURRENCES

COLUMN 17 PEAK WIND IN M.P.H.

PRELIMINARY LOCAL CLIMATOLOGICAL DATA (WS FORM: F-6) , PAGE 2

                                          STATION:  JACKSON HAWKINS
                                          MONTH:    JUNE
                                          YEAR:     2017
                                          LATITUDE:   32 20 N
                                          LONGITUDE:  90 14 W

[TEMPERATURE DATA]      [PRECIPITATION DATA]       SYMBOLS USED IN COLUMN 16

AVERAGE MONTHLY: 77.7   TOTAL FOR MONTH:  10.40    1 = FOG OR MIST
DPTR FM NORMAL:  -1.4   DPTR FM NORMAL:    6.90    2 = FOG REDUCING VISIBILITY
HIGHEST:    92 ON 16    GRTST 24HR  2.89 ON 19-19      TO 1/4 MILE OR LESS
LOWEST:     60 ON  9, 8                            3 = THUNDER
                        SNOW, ICE PELLETS, HAIL    4 = ICE PELLETS
                        TOTAL MONTH:   0.0 INCH    5 = HAIL
                        GRTST 24HR     0.0         6 = FREEZING RAIN OR DRIZZLE
                        GRTST DEPTH:   0           7 = DUSTSTORM OR SANDSTORM:
                                                       VSBY 1/2 MILE OR LESS
                                                   8 = SMOKE OR HAZE
[NO. OF DAYS WITH]      [WEATHER - DAYS WITH]      9 = BLOWING SNOW
                                                   X = TORNADO
MAX 32 OR BELOW:   0    0.01 INCH OR MORE:  16
MAX 90 OR ABOVE:   6    0.10 INCH OR MORE:  13
MIN 32 OR BELOW:   0    0.50 INCH OR MORE:   6
MIN  0 OR BELOW:   0    1.00 INCH OR MORE:   3

[HDD (BASE 65) ]
TOTAL THIS MO.     0    CLEAR  (SCALE 0-3)   9
DPTR FM NORMAL     0    PTCLDY (SCALE 4-7)  16
TOTAL FM JUL 1  1314    CLOUDY (SCALE 8-10)  1
DPTR FM NORMAL  -904

[CDD (BASE 65) ]
TOTAL THIS MO.   334
DPTR FM NORMAL   -30    [PRESSURE DATA]
TOTAL FM JAN 1   850    HIGHEST SLP M ON M
DPTR FM NORMAL   108    LOWEST  SLP 29.69 ON  5

[REMARKS]
