000
CXUS53 KGLD 290800
CF6HLC
PRELIMINARY LOCAL CLIMATOLOGICAL DATA (WS FORM: F-6)

                                          STATION:   HILL CITY KS
                                          MONTH:     APRIL
                                          YEAR:      2017
                                          LATITUDE:   39 22 N
                                          LONGITUDE:  99 50 W

  TEMPERATURE IN F:       :PCPN:    SNOW:  WIND      :SUNSHINE: SKY     :PK WND
================================================================================
1   2   3   4   5  6A  6B    7    8   9   10  11  12  13   14  15   16   17  18
                                     12Z  AVG MX 2MIN
DY MAX MIN AVG DEP HDD CDD  WTR  SNW DPTH SPD SPD DIR MIN PSBL S-S WX    SPD DR
================================================================================

 1  45  42  44  -3  21   0 0.51    M    M  6.0 13  70   M    M  10 1      16  40
 2  62  39  51   4  14   0 0.00    M    M  4.5 13 160   M    M   5 12     18 170
 3  69  38  54   7  11   0 0.00    M    M 10.4 25 350   M    M   4 12     31 350
 4  53  36  45  -3  20   0    T    M    M 12.5 23  40   M    M   6        29  60
 5  62  34  48   0  17   0 0.00    M    M 15.4 29 350   M    M   2        42 350
 6  64  31  48   0  17   0 0.00    M    M  4.5 10  80   M    M   1        17  50
 7  76  40  58   9   7   0 0.00    M    M 12.1 28 190   M    M   0        35 200
 8  80  50  65  16   0   0 0.00    M    M  4.3 18 200   M    M   0 8      24 190
 9  81  46  64  15   1   0 0.00    M    M 12.9 38 340   M    M   0 8      48 350
10  62  32  47  -3  18   0 0.00    M    M 14.0 31 330   M    M   0        42 300
11  75  26  51   1  14   0 0.00    M    M  8.0 25 220   M    M   0        36 210
12  84  51  68  18   0   3 0.00    M    M 11.5 26 220   M    M   1        33 220
13  77  48  63  12   2   0 0.10    M    M  5.3 23 180   M    M   4 138    31 200
14  87  56  72  21   0   7 0.08    M    M 18.8 33 190   M    M   5 13     46 210
15  83  57  70  19   0   5 0.00    M    M 12.3 25 200   M    M   0        39 200
16  64  45  55   3  10   0 0.18    M    M  9.4 22  40   M    M   4 1      29  40
17  72  41  57   5   8   0 0.00    M    M  8.8 22 160   M    M   5 1      31 140
18  81  57  69  17   0   4 0.00    M    M  9.2 17 190   M    M   4 1      26 180
19  86  57  72  19   0   7 0.00    M    M 12.6 26  10   M    M   1        32  10
20  74  48  61   8   4   0 0.08    M    0  8.0 24  10   M    M   4 1      29  10
21  57  44  51  -3  14   0 0.16    M    M 10.8 17  80   M    M   9 1      27  80
22  64  37  51  -3  14   0 0.00    M    M  7.3 14  20   M    M   4        19  30
23  73  31  52  -2  13   0 0.00    M    M 12.7 29 170   M    M   0        37 170
24  81  52  67  12   0   2 0.00    M    M 12.1 29 190   M    M   0        41 200
25  62  40  51  -4  14   0 0.00    M    M 16.4 25  10   M    M   9 18     32  30
26  58  33  46  -9  19   0 0.00    M    M 12.5 25 350   M    M   5        33 340
27  55  27  41 -15  24   0 0.30    M    M 10.6 23 100   M    M   6 1      30 110
28  58  39  49  -7  16   0 0.01    M    M 12.2 24  20   M    M   9 1      30  30
================================================================================
SM 1945 1177       278  28  1.42    M    295.1          M       98
================================================================================
AV 69.5 42.0                              10.5 FASTST   M    M   4    MAX(MPH)
                                 MISC ---->  # 38 340               # 48  350
================================================================================
NOTES:
# LAST OF SEVERAL OCCURRENCES

COLUMN 17 PEAK WIND IN M.P.H.

PRELIMINARY LOCAL CLIMATOLOGICAL DATA (WS FORM: F-6) , PAGE 2

                                          STATION:  HILL CITY KS
                                          MONTH:    APRIL
                                          YEAR:     2017
                                          LATITUDE:   39 22 N
                                          LONGITUDE:  99 50 W

[TEMPERATURE DATA]      [PRECIPITATION DATA]       SYMBOLS USED IN COLUMN 16

AVERAGE MONTHLY: 55.8   TOTAL FOR MONTH:   1.42    1 = FOG OR MIST
DPTR FM NORMAL:   4.5   DPTR FM NORMAL:   -0.53    2 = FOG REDUCING VISIBILITY
HIGHEST:    87 ON 14    GRTST 24HR  0.51 ON  1- 1      TO 1/4 MILE OR LESS
LOWEST:     26 ON 11                               3 = THUNDER
                        SNOW, ICE PELLETS, HAIL    4 = ICE PELLETS
                        TOTAL MONTH:    M          5 = HAIL
                        GRTST 24HR    M  ON   M    6 = FREEZING RAIN OR DRIZZLE
                        GRTST DEPTH:   0           7 = DUSTSTORM OR SANDSTORM:
                                                       VSBY 1/2 MILE OR LESS
                                                   8 = SMOKE OR HAZE
[NO. OF DAYS WITH]      [WEATHER - DAYS WITH]      9 = BLOWING SNOW
                                                   X = TORNADO
MAX 32 OR BELOW:   0    0.01 INCH OR MORE:   8
MAX 90 OR ABOVE:   0    0.10 INCH OR MORE:   5
MIN 32 OR BELOW:   5    0.50 INCH OR MORE:   1
MIN  0 OR BELOW:   0    1.00 INCH OR MORE:   0

[HDD (BASE 65) ]
TOTAL THIS MO.   278    CLEAR  (SCALE 0-3)  12
DPTR FM NORMAL  -109    PTCLDY (SCALE 4-7)  12
TOTAL FM JUL 1  4486    CLOUDY (SCALE 8-10)  4
DPTR FM NORMAL  -870

[CDD (BASE 65) ]
TOTAL THIS MO.    28
DPTR FM NORMAL    25    [PRESSURE DATA]
TOTAL FM JAN 1    28    HIGHEST SLP M ON M
DPTR FM NORMAL    25    LOWEST  SLP 29.34 ON 25

[REMARKS]
