000
CXUS54 KMAF 281100
CF6HOB
PRELIMINARY LOCAL CLIMATOLOGICAL DATA (WS FORM: F-6)

                                          STATION:   Lea Airport, Hobbs
                                          MONTH:     APRIL
                                          YEAR:      2017
                                          LATITUDE:   32 40 N
                                          LONGITUDE: 103-12 E

  TEMPERATURE IN F:       :PCPN:    SNOW:  WIND      :SUNSHINE: SKY     :PK WND
================================================================================
1   2   3   4   5  6A  6B    7    8   9   10  11  12  13   14  15   16   17  18
                                     12Z  AVG MX 2MIN
DY MAX MIN AVG DEP HDD CDD  WTR  SNW DPTH SPD SPD DIR MIN PSBL S-S WX    SPD DR
================================================================================

 1   M   M   M   M   M   M 0.00  0.0    0 18.2 23 360   M    M   3 1      29 350
 2  63  41  52   M  13   0 0.00  0.0    0 10.5 22 360   M    M   5        25 360
 3  79  43  61   M   4   0 0.00  0.0    0 11.6 21 280   M    M   0        25 280
 4  70  37  54   M  11   0 0.00  0.0    0 20.4 38 260   M    M   1        50 260
 5  64  32  48   M  17   0 0.00  0.0    0  8.2 20 350   M    M   0        18 340
 6  75  37  56   M   9   0 0.00  0.0    0  7.3 14 150   M    M   0        21 160
 7  82  41  62   M   3   0 0.00  0.0    0 10.2 15 180   M    M   0        22 150
 8  90  48  69   M   0   4 0.00  0.0    0 11.4 23 190   M    M   0        39 190
 9  84  54  69   M   0   4 0.00  0.0    0 15.5 30 230   M    M   0        41 230
10  75  50  63   M   2   0 0.00  0.0    0 11.3 18  30   M    M   0        25  30
11  75  50  63   M   2   0 0.00  0.0    0 11.0 15 100   M    M   4        21 100
12  72  54  63   M   2   0 2.02  0.0    0 13.0 22 320   M    M   6 3      33 320
13   M   M   M   M   M   M 0.00  0.0    0  7.6 12 140   M    M   5 1      17 200
14   M   M   M   M   M   M 0.00  0.0    0 13.9 20 150   M    M   3        25 150
15   M   M   M   M   M   M 0.00  0.0    0  7.1 16 160   M    M   2 1      22 160
16   M   M   M   M   M   M 0.00  0.0    0  7.3 23 150   M    M   4 12     33 160
17  81  52  67   M   0   2 0.00  0.0    0  8.8 15 100   M    M   0        20  90
18   M   M   M   M   M   M 0.00  0.0    0  8.3 14 180   M    M   1 12     17 180
19  90  55  73   M   0   8 0.00  0.0    0  7.8 16 220   M    M   0 1      21 220
20   M   M   M   M   M   M 0.00  0.0    0 10.6 20 360   M    M   0        25 360
21  86  54  70   M   0   5 0.00  0.0    0  8.2 25  50   M    M   0        31  50
22  68  46  57   M   8   0 0.00  0.0    0 13.7 25  30   M    M   5        31  30
23  70  41  56   M   9   0 0.00  0.0    0  7.0 14 140   M    M   0        21 160
24  91  48  70   M   0   5 0.00  0.0    0 12.4 29 230   M    M   0        36 230
25  84  57  71   M   0   6 0.00  0.0    0 19.7 38 230   M    M   0        44 230
26  70  48  59   M   6   0 0.00  0.0    0 11.6 24 320   M    M   1        33 310
27  86  48  67   M   0   2 0.00  0.0    0 15.4 30 230   M    M   0        41 230
================================================================================
SM 1555  936        86  36  2.02     0.0 308.0          M       40
================================================================================
AV 77.8 46.8                              11.4 FASTST   M    M   1    MAX(MPH)
                                 MISC ---->  # 38 260               # 50  260
================================================================================
NOTES:
# LAST OF SEVERAL OCCURRENCES

COLUMN 17 PEAK WIND IN M.P.H.

PRELIMINARY LOCAL CLIMATOLOGICAL DATA (WS FORM: F-6) , PAGE 2

                                          STATION:  Lea Airport, Hobbs
                                          MONTH:    APRIL
                                          YEAR:     2017
                                          LATITUDE:   32 40 N
                                          LONGITUDE: 103-12 E

[TEMPERATURE DATA]      [PRECIPITATION DATA]       SYMBOLS USED IN COLUMN 16

AVERAGE MONTHLY: 62.3   TOTAL FOR MONTH:   2.02    1 = FOG OR MIST
DPTR FM NORMAL:     M   DPTR FM NORMAL:       M    2 = FOG REDUCING VISIBILITY
HIGHEST:    91 ON 24    GRTST 24HR  2.02 ON 12-12      TO 1/4 MILE OR LESS
LOWEST:     32 ON  5                               3 = THUNDER
                        SNOW, ICE PELLETS, HAIL    4 = ICE PELLETS
                        TOTAL MONTH:   0.0 INCH    5 = HAIL
                        GRTST 24HR     0.0         6 = FREEZING RAIN OR DRIZZLE
                        GRTST DEPTH:   0           7 = DUSTSTORM OR SANDSTORM:
                                                       VSBY 1/2 MILE OR LESS
                                                   8 = SMOKE OR HAZE
[NO. OF DAYS WITH]      [WEATHER - DAYS WITH]      9 = BLOWING SNOW
                                                   X = TORNADO
MAX 32 OR BELOW:   0    0.01 INCH OR MORE:   1
MAX 90 OR ABOVE:   3    0.10 INCH OR MORE:   1
MIN 32 OR BELOW:   1    0.50 INCH OR MORE:   1
MIN  0 OR BELOW:   0    1.00 INCH OR MORE:   1

[HDD (BASE 65) ]
TOTAL THIS MO.    86    CLEAR  (SCALE 0-3)  19
DPTR FM NORMAL     M    PTCLDY (SCALE 4-7)   8
TOTAL FM JUL 1  1866    CLOUDY (SCALE 8-10)  0
DPTR FM NORMAL     M

[CDD (BASE 65) ]
TOTAL THIS MO.    36
DPTR FM NORMAL     M    [PRESSURE DATA]
TOTAL FM JAN 1    52    HIGHEST SLP M ON M
DPTR FM NORMAL     M    LOWEST  SLP M ON M

[REMARKS]
