000
CXUS55 KFSD 011158
CF6HON
PRELIMINARY LOCAL CLIMATOLOGICAL DATA (WS FORM: F-6)

                                          STATION:   HURON
                                          MONTH:     APRIL
                                          YEAR:      2016
                                          LATITUDE:   44 22 N
                                          LONGITUDE:  98 13 W

  TEMPERATURE IN F:       :PCPN:    SNOW:  WIND      :SUNSHINE: SKY     :PK WND
================================================================================
1   2   3   4   5  6A  6B    7    8   9   10  11  12  13   14  15   16   17  18
                                     12Z  AVG MX 2MIN
DY MAX MIN AVG DEP HDD CDD  WTR  SNW DPTH SPD SPD DIR MIN PSBL S-S WX    SPD DR
================================================================================

 1  42  28  35  -5  30   0    T    T    0 13.8 25 330   M    M   7 1      31 320
 2  56  27  42   2  23   0 0.00  0.0    0 13.6 25 310   M    M   0        30 310
 3  75  33  54  13  11   0 0.00  0.0    0 16.3 31 350   M    M   1        37  10
 4  52  20  36  -5  29   0 0.00  0.0    0  8.1 17 140   M    M   0        22 150
 5  65  39  52  10  13   0 0.01  0.0    0 18.1 35 280   M    M   3        46 170
 6  48  31  40  -2  25   0 0.04  0.0    0 18.3 36 310   M    M   8        44 320
 7  48  25  37  -6  28   0    T  0.0    0 20.7 39 330   M    M   5        48 320
 8  44  23  34  -9  31   0 0.00  0.0    0 13.7 29 340   M    M   1        37 340
 9  59  20  40  -4  25   0 0.00  0.0    0 18.6 35 160   M    M   0        47 170
10  64  25  45   1  20   0 0.00  0.0    0 16.5 35 310   M    M   1        44 300
11  46  21  34 -10  31   0 0.00  0.0    0  9.9 21 330   M    M   0        29 350
12  76  27  52   7  13   0 0.04  0.0    0 14.8 30 160   M    M   5 3      38 150
13  75  29  52   7  13   0 0.00  0.0    0  8.8 15 340   M    M   0        27 160
14  81  48  65  19   0   0 0.00  0.0    0 17.7 30 170   M    M   0        38 170
15  65  51  58  12   7   0 0.10  0.0    0 13.3 25 160   M    M   7 13     34 160
16  69  41  55   8  10   0 0.35  0.0    0 14.5 22 170   M    M   7 1      30 160
17  48  40  44  -3  21   0 0.56  0.0    0 12.6 21 360   M    M  10 1      28  20
18  56  37  47  -1  18   0 0.63  0.0    0 11.6 24 290   M    M   9 1      29 270
19  61  35  48   0  17   0 0.00  0.0    0  3.3  8 230   M    M   8 12     24 220
20  61  44  53   4  12   0 0.00  0.0    0  6.1 16 340   M    M   8 12     27 340
21  63  38  51   2  14   0 0.00  0.0    0 13.4 25 360   M    M   2        32 340
22  65  28  47  -2  18   0 0.00  0.0    0  8.0 18 140   M    M   0 1      33 150
23  80  49  65  15   0   0 0.00  0.0    0 18.0 31 170   M    M   0        42 170
24  76  56  66  16   0   1    T  0.0    0 13.2 22 160   M    M   1        28 140
25  55  45  50  -1  15   0 0.25  0.0    0 13.7 25 290   M    M  10 1      30 290
26  54  36  45  -6  20   0    T  0.0    0 10.0 21  60   M    M   9 1      26  40
27  45  39  42 -10  23   0 2.09  0.0    0 13.8 28  90   M    M  10 1      37  80
28  44  37  41 -11  24   0 0.07  0.0    0  9.9 15  30   M    M  10 1      24 350
29  56  34  45  -7  20   0 0.00  0.0    0  8.0 20 120   M    M   8        24  80
30  52  41  47  -6  18   0 0.00  0.0    0 13.8 29  70   M    M   4        36  50
================================================================================
SM 1781 1047       529   1  4.14    T    392.1          M      134
================================================================================
AV 59.4 34.9                              13.1 FASTST   M    M   4    MAX(MPH)
                                 MISC ---->  # 39 330               # 48  320
================================================================================
NOTES:
# LAST OF SEVERAL OCCURRENCES

COLUMN 17 PEAK WIND IN M.P.H.

PRELIMINARY LOCAL CLIMATOLOGICAL DATA (WS FORM: F-6) , PAGE 2

                                          STATION:  HURON
                                          MONTH:    APRIL
                                          YEAR:     2016
                                          LATITUDE:   44 22 N
                                          LONGITUDE:  98 13 W

[TEMPERATURE DATA]      [PRECIPITATION DATA]       SYMBOLS USED IN COLUMN 16

AVERAGE MONTHLY: 47.1   TOTAL FOR MONTH:   4.14    1 = FOG OR MIST
DPTR FM NORMAL:   0.6   DPTR FM NORMAL:    1.83    2 = FOG REDUCING VISIBILITY
HIGHEST:    81 ON 14    GRTST 24HR  2.09 ON 27-27      TO 1/4 MILE OR LESS
LOWEST:     20 ON  9, 4                            3 = THUNDER
                        SNOW, ICE PELLETS, HAIL    4 = ICE PELLETS
                        TOTAL MONTH:    T          5 = HAIL
                        GRTST 24HR    T  ON  1- 1  6 = FREEZING RAIN OR DRIZZLE
                        GRTST DEPTH:   0           7 = DUSTSTORM OR SANDSTORM:
                                                       VSBY 1/2 MILE OR LESS
                                                   8 = SMOKE OR HAZE
[NO. OF DAYS WITH]      [WEATHER - DAYS WITH]      9 = BLOWING SNOW
                                                   X = TORNADO
MAX 32 OR BELOW:   0    0.01 INCH OR MORE:  10
MAX 90 OR ABOVE:   0    0.10 INCH OR MORE:   6
MIN 32 OR BELOW:  12    0.50 INCH OR MORE:   3
MIN  0 OR BELOW:   0    1.00 INCH OR MORE:   1

[HDD (BASE 65) ]
TOTAL THIS MO.   529    CLEAR  (SCALE 0-3)  14
DPTR FM NORMAL   -30    PTCLDY (SCALE 4-7)   9
TOTAL FM JUL 1  6352    CLOUDY (SCALE 8-10)  7
DPTR FM NORMAL -1026

[CDD (BASE 65) ]
TOTAL THIS MO.     1
DPTR FM NORMAL    -3    [PRESSURE DATA]
TOTAL FM JAN 1     1    HIGHEST SLP 30.36 ON  4
DPTR FM NORMAL    -3    LOWEST  SLP 29.39 ON 24

[REMARKS]
#FINAL-04-16#
