000
CXUS54 KLZK 291130
CF6HOT
PRELIMINARY LOCAL CLIMATOLOGICAL DATA (WS FORM: F-6)

                                          STATION:   Hot Springs Memorial Field
                                          MONTH:     JULY
                                          YEAR:      2016
                                          LATITUDE:   34 28 N
                                          LONGITUDE:  93  6 W

  TEMPERATURE IN F:       :PCPN:    SNOW:  WIND      :SUNSHINE: SKY     :PK WND
================================================================================
1   2   3   4   5  6A  6B    7    8   9   10  11  12  13   14  15   16   17  18
                                     12Z  AVG MX 2MIN
DY MAX MIN AVG DEP HDD CDD  WTR  SNW DPTH SPD SPD DIR MIN PSBL S-S WX    SPD DR
================================================================================

 1  91  72  82   1   0  17    T    M    M  2.6 12 240   M    M   0 3      15 230
 2  94  75  85   4   0  20 0.00    M    M  4.1 12 170   M    M   0        17 190
 3  94  78  86   4   0  21 0.00    M    M  8.9 17 240   M    M   1        22 250
 4  91  71  81  -1   0  16 0.08    M    M  5.1 25 250   M    M   8 13     37 250
 5  93  77  85   3   0  20 0.00    M    M  6.9 17 230   M    M   5 8      22 240
 6  95  79  87   5   0  22 0.00    M    M  9.8 18 240   M    M   3        26 240
 7  94  78  86   4   0  21 0.00    M    M 10.0 20 220   M    M   2        26 210
 8  94  78  86   4   0  21 0.00    M    M  4.8 15 240   M    M   2        21 230
 9  92  75  84   2   0  19    T    M    M  3.8 14  40   M    M   1        21  50
10  93  74  84   2   0  19 0.00    M    M  5.7 16 200   M    M   0 3      24 200
11  92  72  82   0   0  17 0.00    M    M  5.8 15 180   M    M   5        20 240
12  94  75  85   3   0  20    T    M    M  7.4 16 180   M    M   1        24 250
13  95  78  87   5   0  22    T  0.0    0  6.5 17 180   M    M   2        24 200
14  96  69  83   1   0  18 0.71  0.0    0  6.7 30 310   M    M   2 13     51 350
15  89  69  79  -3   0  14 0.43  0.0    0  3.0 16  60   M    M   4 13     22  70
16  90  70  80  -3   0  15 0.00  0.0    0  2.9  9 200   M    M   0        13 190
17  94  74  84   1   0  19 0.00  0.0    0  3.6 10 160   M    M   0        15 230
18  93  75  84   1   0  19 0.00  0.0    0  3.8 12 150   M    M   1 3      16 140
19  95  76  86   3   0  21 0.00  0.0    0  4.1 10 180   M    M   1 3      17 200
20  96  78  87   4   0  22    T  0.0    0  3.1 15  50   M    M   1 3      19  50
21  98  78  88   5   0  23    T  0.0    0  3.8 10 150   M    M   0        14 170
22 102  79  91   8   0  26 0.00  0.0    0  4.2 18  50   M    M   2 3      29  60
23 102  76  89   6   0  24 0.07  0.0    0  2.6 20 120   M    M   2 3      28 130
24  95  73  84   1   0  19 0.46  0.0    0  4.6 26  70   M    M   0 13     35  60
25  94  73  84   1   0  19 0.49  0.0    0  2.3 13  90   M    M   2 13     19 360
26  94  75  85   2   0  20 0.00  0.0    0  4.4 12 140   M    M   1 12     17 130
27  89  75  82  -1   0  17 0.69  0.0    0  1.5 13 280   M    M   1 13     16 290
28  89  74  82  -1   0  17    T  0.0    0  5.9 13 240   M    M   2        17 200
================================================================================
SM 2628 2096         0 548  2.93     0.0 137.9          M       49
================================================================================
AV 93.9 74.9                               4.9 FASTST   M    M   2    MAX(MPH)
                                 MISC ---->  # 30 310               # 51  350
================================================================================
NOTES:
# LAST OF SEVERAL OCCURRENCES

COLUMN 17 PEAK WIND IN M.P.H.

PRELIMINARY LOCAL CLIMATOLOGICAL DATA (WS FORM: F-6) , PAGE 2

                                          STATION:  Hot Springs Memorial Field
                                          MONTH:    JULY
                                          YEAR:     2016
                                          LATITUDE:   34 28 N
                                          LONGITUDE:  93  6 W

[TEMPERATURE DATA]      [PRECIPITATION DATA]       SYMBOLS USED IN COLUMN 16

AVERAGE MONTHLY: 84.4   TOTAL FOR MONTH:   2.93    1 = FOG OR MIST
DPTR FM NORMAL:   2.0   DPTR FM NORMAL:   -1.21    2 = FOG REDUCING VISIBILITY
HIGHEST:   102 ON 23,22 GRTST 24HR  1.14 ON 14-15      TO 1/4 MILE OR LESS
LOWEST:     69 ON 15,14                            3 = THUNDER
                        SNOW, ICE PELLETS, HAIL    4 = ICE PELLETS
                        TOTAL MONTH:   0.0 INCH    5 = HAIL
                        GRTST 24HR     0.0         6 = FREEZING RAIN OR DRIZZLE
                        GRTST DEPTH:   0           7 = DUSTSTORM OR SANDSTORM:
                                                       VSBY 1/2 MILE OR LESS
                                                   8 = SMOKE OR HAZE
[NO. OF DAYS WITH]      [WEATHER - DAYS WITH]      9 = BLOWING SNOW
                                                   X = TORNADO
MAX 32 OR BELOW:   0    0.01 INCH OR MORE:   7
MAX 90 OR ABOVE:  25    0.10 INCH OR MORE:   5
MIN 32 OR BELOW:   0    0.50 INCH OR MORE:   2
MIN  0 OR BELOW:   0    1.00 INCH OR MORE:   0

[HDD (BASE 65) ]
TOTAL THIS MO.     0    CLEAR  (SCALE 0-3)  23
DPTR FM NORMAL     0    PTCLDY (SCALE 4-7)   5
TOTAL FM JUL 1     0    CLOUDY (SCALE 8-10)  0
DPTR FM NORMAL     0

[CDD (BASE 65) ]
TOTAL THIS MO.   548
DPTR FM NORMAL    61    [PRESSURE DATA]
TOTAL FM JAN 1  1242    HIGHEST SLP M ON M
DPTR FM NORMAL    70    LOWEST  SLP 29.80 ON  7

[REMARKS]
