654
CXUS54 KLZK 251130
CF6HOT
PRELIMINARY LOCAL CLIMATOLOGICAL DATA (WS FORM: F-6)

                                          STATION:   Hot Springs Memorial Field
                                          MONTH:     APRIL
                                          YEAR:      2017
                                          LATITUDE:   34 28 N
                                          LONGITUDE:  93  6 W

  TEMPERATURE IN F:       :PCPN:    SNOW:  WIND      :SUNSHINE: SKY     :PK WND
================================================================================
1   2   3   4   5  6A  6B    7    8   9   10  11  12  13   14  15   16   17  18
                                     12Z  AVG MX 2MIN
DY MAX MIN AVG DEP HDD CDD  WTR  SNW DPTH SPD SPD DIR MIN PSBL S-S WX    SPD DR
================================================================================

 1  76  54  65   6   0   0 0.00    M    M 10.5 18  80   M    M   0        24  80
 2  69  56  63   4   2   0 0.92    M    M  6.8 33 100   M    M   3 13     46  90
 3  76  55  66   6   0   1    T    M    M  8.1 22 250   M    M   6 1      28 240
 4  84  51  68   8   0   3    T    M    M  5.8 15 190   M    M   1 3      23 180
 5  63  48  56  -4   9   0 0.05    M    M  9.0 22 330   M    M   6 13     40 270
 6  69  43  56  -4   9   0 0.00    M    M  6.2 16 310   M    M   0        28 350
 7  72  40  56  -4   9   0 0.00    M    M  3.0 10 190   M    M   0        16 230
 8  79  47  63   2   2   0 0.00    M    M  8.3 20 240   M    M   0        27 180
 9  82  61  72  11   0   7 0.00    M    M 11.0 17 190   M    M   4        29 230
10  70  64  67   6   0   2 0.20    M    M  4.5 20 200   M    M   7 13     28 200
11  72  57  65   3   0   0 0.03    M    M  3.1 12  70   M    M   7 13     14  90
12  78  53  66   4   0   1 0.00    M    M  4.6 14 150   M    M   1 1      19 130
13  83  57  70   8   0   5 0.00    M    M  3.5 13 160   M    M   3 12     17 140
14  82  58  70   8   0   5 0.00    M    M  4.0 13 180   M    M   3        17 200
15  82  61  72   9   0   7 0.00    M    M  6.4 14 200   M    M   2        19 230
16  81  66  74  11   0   9 0.00  0.0    0  5.5 14 220   M    M   4        20 230
17  71  62  67   4   0   2 0.32  0.0    0  2.4 14 340   M    M   9 13     22 360
18  81  61  71   8   0   6 0.00  0.0    0  2.7  9 130   M    M   5 1      12 130
19  84  60  72   8   0   7 0.00  0.0    0  5.2 15 230   M    M   1 1      23 260
20  82  66  74  10   0   9 0.00  0.0    0  5.9 16 230   M    M   2 8      20 230
21  76  62  69   5   0   4 0.63  0.0    0  6.2 22  50   M    M   5 13     26  50
22  65  51  58  -6   7   0 0.23  0.0    0  6.5 15 320   M    M   9 13     24 320
23  73  49  61  -4   4   0 0.00  0.0    0  5.5 15 350   M    M   3        22  30
24  78  44  61  -4   4   0 0.00  0.0    0  4.1 10 190   M    M   0 18     14 200
================================================================================
SM 1828 1326        46  68  2.38     0.0 138.8          M       81
================================================================================
AV 76.2 55.3                               5.8 FASTST   M    M   3    MAX(MPH)
                                 MISC ---->  # 33 100               # 46   90
================================================================================
NOTES:
# LAST OF SEVERAL OCCURRENCES

COLUMN 17 PEAK WIND IN M.P.H.

PRELIMINARY LOCAL CLIMATOLOGICAL DATA (WS FORM: F-6) , PAGE 2

                                          STATION:  Hot Springs Memorial Field
                                          MONTH:    APRIL
                                          YEAR:     2017
                                          LATITUDE:   34 28 N
                                          LONGITUDE:  93  6 W

[TEMPERATURE DATA]      [PRECIPITATION DATA]       SYMBOLS USED IN COLUMN 16

AVERAGE MONTHLY: 65.7   TOTAL FOR MONTH:   2.38    1 = FOG OR MIST
DPTR FM NORMAL:   3.7   DPTR FM NORMAL:   -1.40    2 = FOG REDUCING VISIBILITY
HIGHEST:    84 ON 19, 4 GRTST 24HR  0.92 ON  2- 2      TO 1/4 MILE OR LESS
LOWEST:     40 ON  7                               3 = THUNDER
                        SNOW, ICE PELLETS, HAIL    4 = ICE PELLETS
                        TOTAL MONTH:   0.0 INCH    5 = HAIL
                        GRTST 24HR     0.0         6 = FREEZING RAIN OR DRIZZLE
                        GRTST DEPTH:   0           7 = DUSTSTORM OR SANDSTORM:
                                                       VSBY 1/2 MILE OR LESS
                                                   8 = SMOKE OR HAZE
[NO. OF DAYS WITH]      [WEATHER - DAYS WITH]      9 = BLOWING SNOW
                                                   X = TORNADO
MAX 32 OR BELOW:   0    0.01 INCH OR MORE:   7
MAX 90 OR ABOVE:   0    0.10 INCH OR MORE:   5
MIN 32 OR BELOW:   0    0.50 INCH OR MORE:   2
MIN  0 OR BELOW:   0    1.00 INCH OR MORE:   0

[HDD (BASE 65) ]
TOTAL THIS MO.    46    CLEAR  (SCALE 0-3)  14
DPTR FM NORMAL   -72    PTCLDY (SCALE 4-7)   8
TOTAL FM JUL 1  2049    CLOUDY (SCALE 8-10)  2
DPTR FM NORMAL  -849

[CDD (BASE 65) ]
TOTAL THIS MO.    68
DPTR FM NORMAL    25    [PRESSURE DATA]
TOTAL FM JAN 1   120    HIGHEST SLP M ON M
DPTR FM NORMAL    59    LOWEST  SLP 29.52 ON  3

[REMARKS]
