000
CXUS54 KBRO 220900
CF6HRL
PRELIMINARY LOCAL CLIMATOLOGICAL DATA (WS FORM: F-6)

                                          STATION:   HARLINGEN
                                          MONTH:     FEBRUARY
                                          YEAR:      2018
                                          LATITUDE:   26 13 N
                                          LONGITUDE:  97 40 W

  TEMPERATURE IN F:       :PCPN:    SNOW:  WIND      :SUNSHINE: SKY     :PK WND
================================================================================
1   2   3   4   5  6A  6B    7    8   9   10  11  12  13   14  15   16   17  18
                                     12Z  AVG MX 2MIN
DY MAX MIN AVG DEP HDD CDD  WTR  SNW DPTH SPD SPD DIR MIN PSBL S-S WX    SPD DR
================================================================================

 1  84  56  70   8   0   5 0.00  0.0    0 11.6 30 200   M    M   0 12     35 200
 2  64  55  60  -2   5   0 0.00  0.0    0 11.9 20  20   M    M  10 12     24  10
 3  75  54  65   3   0   0    T  0.0    0  8.2 18 180   M    M   7 12     22 200
 4  88  61  75  13   0  10 0.00  0.0    0  9.8120 190   M    M   1 8      24 190
 5  72  61  67   5   0   2 0.03  0.0    0  7.0 13  30   M    M   9 12     14 140
 6  86  69  78  16   0  13 0.00  0.0    0 18.0 31 160   M    M   5 1      38 160
 7  74  44  59  -3   6   0 0.08  0.0    0 14.8 25 360   M    M   9 13     31 360
 8  57  45  51 -11  14   0    T  0.0    0  9.9 16 340   M    M  10 1      20 340
 9  64  52  58  -4   7   0 0.01  0.0    0  4.5 13 340   M    M  10 12     14 330
10  82  60  71   8   0   6 0.00  0.0    0 13.2 26 160   M    M   6 12     31 170
11  75  42  59  -4   6   0    T  0.0    0 15.9 29 360   M    M  10 18     34 360
12  53  42  48 -15  17   0    T  0.0    0 10.7 22 350   M    M  10 1      25 360
13  55  48  52 -11  13   0 0.02    M    0 10.2 15 330   M    M  10 12     17 340
14  81  53  67   4   0   2    T  0.0    0  7.4 15 130   M    M   9 12     18 160
15  84  68  76  13   0  11 0.00  0.0    0 18.2 32 160   M    M   6 1      38 160
16  86  64  75  11   0  10 0.00  0.0    0 15.2 28 160   M    M   5 1      32 170
17  85  67  76  12   0  11 0.00  0.0    0 15.3 29 170   M    M   4 18     36 180
18  86  68  77  13   0  12 0.00  0.0    0 18.9 30 150   M    M   5 1      37 150
19  85  70  78  14   0  13 0.00  0.0    0 24.3 36 160   M    M   6        47 180
20  81  72  77  13   0  12    T  0.0    0 18.8 32 160   M    M   8        39 170
21  87  58  73   9   0   8 0.01  0.0    0 14.4 24 190   M    M   8 1      29 190
================================================================================
SM 1604 1209        68 115  0.15     0.0 278.2          M      148
================================================================================
AV 76.4 57.6                              13.2 FASTST   M    M   7    MAX(MPH)
                                 MISC ---->  #120 190               # 47  180
================================================================================
NOTES:
# LAST OF SEVERAL OCCURRENCES

COLUMN 17 PEAK WIND IN M.P.H.

PRELIMINARY LOCAL CLIMATOLOGICAL DATA (WS FORM: F-6) , PAGE 2

                                          STATION:  HARLINGEN
                                          MONTH:    FEBRUARY
                                          YEAR:     2018
                                          LATITUDE:   26 13 N
                                          LONGITUDE:  97 40 W

[TEMPERATURE DATA]      [PRECIPITATION DATA]       SYMBOLS USED IN COLUMN 16

AVERAGE MONTHLY: 67.0   TOTAL FOR MONTH:   0.15    1 = FOG OR MIST
DPTR FM NORMAL:   4.1   DPTR FM NORMAL:   -1.01    2 = FOG REDUCING VISIBILITY
HIGHEST:    88 ON  4    GRTST 24HR  0.08 ON  7- 7      TO 1/4 MILE OR LESS
LOWEST:     42 ON 12,11                            3 = THUNDER
                        SNOW, ICE PELLETS, HAIL    4 = ICE PELLETS
                        TOTAL MONTH:   0.0 INCH    5 = HAIL
                        GRTST 24HR     0.0         6 = FREEZING RAIN OR DRIZZLE
                        GRTST DEPTH:   0           7 = DUSTSTORM OR SANDSTORM:
                                                       VSBY 1/2 MILE OR LESS
                                                   8 = SMOKE OR HAZE
[NO. OF DAYS WITH]      [WEATHER - DAYS WITH]      9 = BLOWING SNOW
                                                   X = TORNADO
MAX 32 OR BELOW:   0    0.01 INCH OR MORE:   5
MAX 90 OR ABOVE:   0    0.10 INCH OR MORE:   0
MIN 32 OR BELOW:   0    0.50 INCH OR MORE:   0
MIN  0 OR BELOW:   0    1.00 INCH OR MORE:   0

[HDD (BASE 65) ]
TOTAL THIS MO.    68    CLEAR  (SCALE 0-3)   2
DPTR FM NORMAL   -29    PTCLDY (SCALE 4-7)  10
TOTAL FM JUL 1   633    CLOUDY (SCALE 8-10)  9
DPTR FM NORMAL    88

[CDD (BASE 65) ]
TOTAL THIS MO.   115
DPTR FM NORMAL    61    [PRESSURE DATA]
TOTAL FM JAN 1   138    HIGHEST SLP 30.35 ON  2
DPTR FM NORMAL    35    LOWEST  SLP 29.77 ON 10

[REMARKS]
