000
CXUS54 KBRO 261232
CF6HRL
PRELIMINARY LOCAL CLIMATOLOGICAL DATA (WS FORM: F-6)

                                          STATION:   HARLINGEN
                                          MONTH:     FEBRUARY
                                          YEAR:      2015
                                          LATITUDE:   26 13 N
                                          LONGITUDE:  97 40 W

  TEMPERATURE IN F:       :PCPN:    SNOW:  WIND      :SUNSHINE: SKY     :PK WND
================================================================================
1   2   3   4   5  6A  6B    7    8   9   10  11  12  13   14  15   16   17  18
                                     12Z  AVG MX 2MIN
DY MAX MIN AVG DEP HDD CDD  WTR  SNW DPTH SPD SPD DIR MIN PSBL S-S WX    SPD DR
================================================================================

 1  79  62  71   9   0   6 0.03  0.0    0  9.9 23 150   M    M   2        28 150
 2  69  49  59  -3   6   0    T    M    0 13.9 32  30   M    M   9        39  20
 3  52  48  50 -12  15   0 0.65  0.0    0 12.3 20 360   M    M  10 1      22 360
 4  62  49  56  -6   9   0 0.01    M    0  8.6 18 330   M    M   9 12     22 320
 5  64  50  57  -5   8   0 0.00  0.0    0  9.6 21 360   M    M  10 12     24 360
 6  63  52  58  -4   7   0 0.00  0.0    0  6.2 13  20   M    M  10 1      21  30
 7  77  50  64   2   1   0 0.00  0.0    0  7.2 18 140   M    M   6 12     22 150
 8  81  52  67   5   0   2 0.00  0.0    0 13.8 29 190   M    M   2 12     34 190
 9  81  52  67   5   0   2 0.00  0.0    0  8.1 15 340   M    M   5 12     18 340
10  82  49  66   3   0   1 0.00  0.0    0  7.7 15 150   M    M   3 12     19 140
11  79  51  65   2   0   0 0.00  0.0    0 10.2 23 130   M    M   4 12     29 140
12  72  53  63   0   2   0 0.00  0.0    0 11.2 25  40   M    M   4 12     31  40
13  74  52  63   0   2   0 0.00  0.0    0  7.2 16  80   M    M   6 1      18  80
14  79  56  68   5   0   3 0.00  0.0    0  8.1 20 120   M    M   4 1      23 110
15  77  61  69   6   0   4    T  0.0    0 13.7 25 180   M    M   4        31 170
16  86  50  68   4   0   3    T  0.0    0 18.5 35  20   M    M   7        42  20
17  54  41  48 -16  17   0 0.01    M    0 11.1 22 340   M    M   7        27 350
18  68  37  53 -11  12   0 0.00  0.0    0  8.0 17 110   M    M   0        22 120
19  73  45  59  -5   6   0 0.00  0.0    0 11.5 24 150   M    M   5        29 160
20  80  59  70   6   0   5    T  0.0    0 22.9 37 170   M    M   5        45 170
21  82  67  75  11   0  10 0.00  0.0    0 20.2 32 180   M    M   8        40 170
22  80  68  74  10   0   9 0.00  0.0    0 10.8 20 150   M    M   9 1      25 160
23  71  40  56  -9   9   0 0.07    M    0 18.1 26  30   M    M  10 1      33  20
24  45  38  42 -23  23   0 0.01    M    0 10.5 18 350   M    M  10 18     21 350
25  67  42  55 -10  10   0 0.10    M    0 13.4 23 330   M    M   4 1      29 330
================================================================================
SM 1797 1273       127  45  0.88     0.0 292.7          M      153
================================================================================
AV 71.9 50.9                              11.7 FASTST   M    M   6    MAX(MPH)
                                 MISC ---->  # 37 170               # 45  170
================================================================================
NOTES:
# LAST OF SEVERAL OCCURRENCES

COLUMN 17 PEAK WIND IN M.P.H.

PRELIMINARY LOCAL CLIMATOLOGICAL DATA (WS FORM: F-6) , PAGE 2

                                          STATION:  HARLINGEN
                                          MONTH:    FEBRUARY
                                          YEAR:     2015
                                          LATITUDE:   26 13 N
                                          LONGITUDE:  97 40 W

[TEMPERATURE DATA]      [PRECIPITATION DATA]       SYMBOLS USED IN COLUMN 16

AVERAGE MONTHLY: 61.4   TOTAL FOR MONTH:   0.88    1 = FOG OR MIST
DPTR FM NORMAL:  -1.8   DPTR FM NORMAL:   -0.43    2 = FOG REDUCING VISIBILITY
HIGHEST:    86 ON 16    GRTST 24HR  0.66 ON  3- 4      TO 1/4 MILE OR LESS
LOWEST:     37 ON 18                               3 = THUNDER
                        SNOW, ICE PELLETS, HAIL    4 = ICE PELLETS
                        TOTAL MONTH:   0.0 INCH    5 = HAIL
                        GRTST 24HR     0.0         6 = FREEZING RAIN OR DRIZZLE
                        GRTST DEPTH:   0           7 = DUSTSTORM OR SANDSTORM:
                                                       VSBY 1/2 MILE OR LESS
                                                   8 = SMOKE OR HAZE
[NO. OF DAYS WITH]      [WEATHER - DAYS WITH]      9 = BLOWING SNOW
                                                   X = TORNADO
MAX 32 OR BELOW:   0    0.01 INCH OR MORE:   7
MAX 90 OR ABOVE:   0    0.10 INCH OR MORE:   2
MIN 32 OR BELOW:   0    0.50 INCH OR MORE:   1
MIN  0 OR BELOW:   0    1.00 INCH OR MORE:   0

[HDD (BASE 65) ]
TOTAL THIS MO.   127    CLEAR  (SCALE 0-3)   4
DPTR FM NORMAL    17    PTCLDY (SCALE 4-7)  13
TOTAL FM JUL 1   661    CLOUDY (SCALE 8-10)  8
DPTR FM NORMAL   103

[CDD (BASE 65) ]
TOTAL THIS MO.    45
DPTR FM NORMAL   -21    [PRESSURE DATA]
TOTAL FM JAN 1    59    HIGHEST SLP M ON M
DPTR FM NORMAL   -56    LOWEST  SLP 29.77 ON 16

[REMARKS]
