000
CXUS54 KLZK 231130
CF6HRO
PRELIMINARY LOCAL CLIMATOLOGICAL DATA (WS FORM: F-6)

                                          STATION:   Harrison
                                          MONTH:     APRIL
                                          YEAR:      2017
                                          LATITUDE:   36 15 N
                                          LONGITUDE:  93  9 W

  TEMPERATURE IN F:       :PCPN:    SNOW:  WIND      :SUNSHINE: SKY     :PK WND
================================================================================
1   2   3   4   5  6A  6B    7    8   9   10  11  12  13   14  15   16   17  18
                                     12Z  AVG MX 2MIN
DY MAX MIN AVG DEP HDD CDD  WTR  SNW DPTH SPD SPD DIR MIN PSBL S-S WX    SPD DR
================================================================================

 1  67  42  55   1  10   0 0.00  0.0    0  9.4 17 140   M    M   3        23 140
 2  72  49  61   7   4   0 0.14  0.0    0 11.1 18 170   M    M   4 1      24 160
 3  67  53  60   6   5   0 0.08  0.0    0  7.6 23 270   M    M   5 1      33 260
 4  79  47  63   8   2   0 0.87  0.0    0  7.7 28 250   M    M   3 13     39 260
 5  56  44  50  -5  15   0 0.05  0.0    0 12.0 24 320   M    M   7 1      39 310
 6  62  40  51  -4  14   0 0.00  0.0    0  9.7 20 300   M    M   2        29 300
 7  68  38  53  -3  12   0 0.00  0.0    0  4.4 12 320   M    M   0        18 340
 8  78  45  62   6   3   0 0.00  0.0    0 12.1 24 170   M    M   0        33 170
 9  77  60  69  13   0   4    T  0.0    0 14.0 25 170   M    M   0        41 170
10  78  59  69  13   0   4 0.14  0.0    0  8.5 18 220   M    M   6 13     27 220
11  72  48  60   3   5   0 0.00  0.0    0  3.7 10 110   M    M   1        13 100
12  78  45  62   5   3   0 0.00  0.0    0  6.7 17 110   M    M   0        21 130
13  81  56  69  12   0   4 0.00  0.0    0  6.1 15 180   M    M   3        19 130
14  81  59  70  12   0   5 0.00  0.0    0  9.3 22 170   M    M   1        30 170
15  81  56  69  11   0   4 0.00  0.0    0 10.6 22 170   M    M   1        30 170
16  71  59  65   7   0   0 0.49  0.0    0  6.9 26 160   M    M   7 13     33 160
17  70  60  65   7   0   0 0.21  0.0    0  6.4 12  10   M    M   7 13     14  10
18  79  58  69  10   0   4    T  0.0    0  5.8 12 120   M    M   5 12     17 150
19  81  59  70  11   0   5    T  0.0    0  8.6 20 170   M    M   1 1      26 170
20  75  62  69  10   0   4 0.07  0.0    0  6.3 18 240   M    M   7 1      25 240
21  63  49  56  -4   9   0 3.02  0.0    0  8.5 29 110   M    M  10 13     35 100
22  49  45  47 -13  18   0 0.14  0.0    0  7.7 16  10   M    M  10 1      22  10
================================================================================
SM 1585 1133       100  34  5.21     0.0 183.1          M       83
================================================================================
AV 72.1 51.5                               8.3 FASTST   M    M   4    MAX(MPH)
                                 MISC ---->  # 29 110               # 41  170
================================================================================
NOTES:
# LAST OF SEVERAL OCCURRENCES

COLUMN 17 PEAK WIND IN M.P.H.

PRELIMINARY LOCAL CLIMATOLOGICAL DATA (WS FORM: F-6) , PAGE 2

                                          STATION:  Harrison
                                          MONTH:    APRIL
                                          YEAR:     2017
                                          LATITUDE:   36 15 N
                                          LONGITUDE:  93  9 W

[TEMPERATURE DATA]      [PRECIPITATION DATA]       SYMBOLS USED IN COLUMN 16

AVERAGE MONTHLY: 61.8   TOTAL FOR MONTH:   5.21    1 = FOG OR MIST
DPTR FM NORMAL:   4.9   DPTR FM NORMAL:    2.20    2 = FOG REDUCING VISIBILITY
HIGHEST:    81 ON 19,15 GRTST 24HR  3.02 ON 21-21      TO 1/4 MILE OR LESS
LOWEST:     38 ON  7                               3 = THUNDER
                        SNOW, ICE PELLETS, HAIL    4 = ICE PELLETS
                        TOTAL MONTH:   0.0 INCH    5 = HAIL
                        GRTST 24HR     0.0         6 = FREEZING RAIN OR DRIZZLE
                        GRTST DEPTH:   0           7 = DUSTSTORM OR SANDSTORM:
                                                       VSBY 1/2 MILE OR LESS
                                                   8 = SMOKE OR HAZE
[NO. OF DAYS WITH]      [WEATHER - DAYS WITH]      9 = BLOWING SNOW
                                                   X = TORNADO
MAX 32 OR BELOW:   0    0.01 INCH OR MORE:  10
MAX 90 OR ABOVE:   0    0.10 INCH OR MORE:   7
MIN 32 OR BELOW:   0    0.50 INCH OR MORE:   2
MIN  0 OR BELOW:   0    1.00 INCH OR MORE:   1

[HDD (BASE 65) ]
TOTAL THIS MO.   100    CLEAR  (SCALE 0-3)  11
DPTR FM NORMAL   -98    PTCLDY (SCALE 4-7)   9
TOTAL FM JUL 1  2874    CLOUDY (SCALE 8-10)  2
DPTR FM NORMAL -1004

[CDD (BASE 65) ]
TOTAL THIS MO.    34
DPTR FM NORMAL    12    [PRESSURE DATA]
TOTAL FM JAN 1    47    HIGHEST SLP M ON M
DPTR FM NORMAL    19    LOWEST  SLP 29.49 ON  3

[REMARKS]
ALL SNOWFALL DATA IS FROM THE HARRISON COOPERATIVE OBSERVER SITE
