000
CXUS52 KMHX 280700
CF6HSE
PRELIMINARY LOCAL CLIMATOLOGICAL DATA (WS FORM: F-6)

                                          STATION:   CAPE HATTERAS NC
                                          MONTH:     SEPTEMBER
                                          YEAR:      2016
                                          LATITUDE:   35 13 N
                                          LONGITUDE:  75 37 W

  TEMPERATURE IN F:       :PCPN:    SNOW:  WIND      :SUNSHINE: SKY     :PK WND
================================================================================
1   2   3   4   5  6A  6B    7    8   9   10  11  12  13   14  15   16   17  18
                                     12Z  AVG MX 2MIN
DY MAX MIN AVG DEP HDD CDD  WTR  SNW DPTH SPD SPD DIR MIN PSBL S-S WX    SPD DR
================================================================================

 1  87  74  81   4   0  16 0.44  0.0    0  5.4 15 310   M    M   4 1      22 310
 2  79  72  76  -1   0  11 3.83  0.0    0 10.1 35 100   M    M   8 1      46 110
 3  80  72  76  -1   0  11 1.92  0.0    0 18.4 47 140   M    M  10 1      56 140
 4  79  71  75  -2   0  10 0.00  0.0    0  9.0 16  20   M    M   6        26  40
 5  79  70  75  -2   0  10 0.00  0.0    0  8.4 15  30   M    M   1        25  30
 6  84  72  78   1   0  13 0.00  0.0    0  8.5 13 240   M    M   0        20 280
 7  86  76  81   5   0  16 0.00  0.0    0  9.0 18 300   M    M   1        26 290
 8  83  78  81   5   0  16    T  0.0    0  9.6 14 260   M    M   2        22 270
 9  85  77  81   5   0  16 0.00  0.0    0 10.6 15 210   M    M   0        20 220
10  88  77  83   7   0  18 0.00  0.0    0  8.9 15 200   M    M   0        19 200
11  87  77  82   6   0  17 0.00  0.0    0  9.2 15 210   M    M   1        20 210
12  85  75  80   4   0  15 0.00  0.0    0  4.9 12  30   M    M   2        18  40
13  84  66  75   0   0  10 0.00  0.0    0  5.8 13  60   M    M   0        17  30
14  86  63  75   0   0  10 0.00  0.0    0  4.2 10 200   M    M   0        14 200
15  87  73  80   5   0  15 0.00  0.0    0  7.3 14  40   M    M   3        21  40
16  85  75  80   5   0  15 0.00  0.0    0  9.2 17  80   M    M   3        25  90
17  87  75  81   7   0  16 0.11  0.0    0  7.9 17 100   M    M   2 1      23 110
18  88  76  82   8   0  17 0.01  0.0    0  7.8 14 120   M    M   2        18 120
19  89  73  81   7   0  16 0.68  0.0    0 11.0 32 140   M    M   3 13     38 130
20  84  72  78   4   0  13 1.22  0.0    0 10.1 30 140   M    M   7 1      36 140
21  84  73  79   6   0  14 0.35  0.0    0  6.5 15 170   M    M   3 1      20 160
22  87  74  81   8   0  16 0.00  0.0    0  5.1 12 120   M    M   2        17 110
23  85  74  80   7   0  15 0.13  0.0    0  5.1 12  40   M    M   3        18  40
24  85  71  78   6   0  13 0.00  0.0    0  5.4 10  50   M    M   3        18  60
25  76  68  72   0   0   7    T  0.0    0  8.4 15  40   M    M   7        23  60
26  82  68  75   3   0  10 0.01  0.0    0  8.1 17 170   M    M   2        22 150
27  81  72  77   5   0  12 0.03  0.0    0  8.4 20 140   M    M   3        23 140
================================================================================
SM 2272 1964         0 368  8.73     0.0 222.3          M       78
================================================================================
AV 84.2 72.7                               8.2 FASTST   M    M   3    MAX(MPH)
                                 MISC ---->  # 47 140               # 56  140
================================================================================
NOTES:
# LAST OF SEVERAL OCCURRENCES

COLUMN 17 PEAK WIND IN M.P.H.

PRELIMINARY LOCAL CLIMATOLOGICAL DATA (WS FORM: F-6) , PAGE 2

                                          STATION:  CAPE HATTERAS NC
                                          MONTH:    SEPTEMBER
                                          YEAR:     2016
                                          LATITUDE:   35 13 N
                                          LONGITUDE:  75 37 W

[TEMPERATURE DATA]      [PRECIPITATION DATA]       SYMBOLS USED IN COLUMN 16

AVERAGE MONTHLY: 78.4   TOTAL FOR MONTH:   8.73    1 = FOG OR MIST
DPTR FM NORMAL:   3.6   DPTR FM NORMAL:    3.06    2 = FOG REDUCING VISIBILITY
HIGHEST:    89 ON 19    GRTST 24HR  5.67 ON  2- 3      TO 1/4 MILE OR LESS
LOWEST:     63 ON 14                               3 = THUNDER
                        SNOW, ICE PELLETS, HAIL    4 = ICE PELLETS
                        TOTAL MONTH:   0.0 INCH    5 = HAIL
                        GRTST 24HR     0.0         6 = FREEZING RAIN OR DRIZZLE
                        GRTST DEPTH:   0           7 = DUSTSTORM OR SANDSTORM:
                                                       VSBY 1/2 MILE OR LESS
                                                   8 = SMOKE OR HAZE
[NO. OF DAYS WITH]      [WEATHER - DAYS WITH]      9 = BLOWING SNOW
                                                   X = TORNADO
MAX 32 OR BELOW:   0    0.01 INCH OR MORE:  11
MAX 90 OR ABOVE:   0    0.10 INCH OR MORE:   8
MIN 32 OR BELOW:   0    0.50 INCH OR MORE:   4
MIN  0 OR BELOW:   0    1.00 INCH OR MORE:   3

[HDD (BASE 65) ]
TOTAL THIS MO.     0    CLEAR  (SCALE 0-3)  17
DPTR FM NORMAL     0    PTCLDY (SCALE 4-7)   9
TOTAL FM JUL 1     0    CLOUDY (SCALE 8-10)  1
DPTR FM NORMAL     0

[CDD (BASE 65) ]
TOTAL THIS MO.   368
DPTR FM NORMAL   102    [PRESSURE DATA]
TOTAL FM JAN 1  2003    HIGHEST SLP M ON M
DPTR FM NORMAL   431    LOWEST  SLP 29.45 ON  3

[REMARKS]
