909
CXUS53 KGID 220730
CF6HSI
PRELIMINARY LOCAL CLIMATOLOGICAL DATA (WS FORM: F-6)

                                          STATION:   HASTINGS NE
                                          MONTH:     MAY
                                          YEAR:      2015
                                          LATITUDE:   40 35 N
                                          LONGITUDE:  98 26 W

  TEMPERATURE IN F:       :PCPN:    SNOW:  WIND      :SUNSHINE: SKY     :PK WND
================================================================================
1   2   3   4   5  6A  6B    7    8   9   10  11  12  13   14  15   16   17  18
                                     12Z  AVG MX 2MIN
DY MAX MIN AVG DEP HDD CDD  WTR  SNW DPTH SPD SPD DIR MIN PSBL S-S WX    SPD DR
================================================================================

 1  79  53  66  10   0   1    T  0.0    0  7.2 17 260   M    M   4 38     22 250
 2  86  60  73  17   0   8 0.00  0.0    0 10.1 17 200   M    M   2        26 200
 3  91  55  73  16   0   8 0.00  0.0    0 10.4 28 350   M    M   1 3      35  10
 4  64  54  59   2   6   0 0.13  0.0    0 14.0 28  50   M    M   8 123    37  40
 5  76  55  66   9   0   1 0.06  0.0    0 10.0 24 150   M    M   8 12     32 150
 6  69  58  64   6   1   0 0.78  0.0    0 14.3 25 140   M    M   8 13     33 110
 7  69  53  61   3   4   0 0.02  0.0    0 14.3 23 270   M    M   7        30 270
 8  65  46  56  -2   9   0 0.00  0.0    0 10.6 20 360   M    M   7        25 350
 9  63  50  57  -2   8   0 0.13  0.0    0 12.7 21  80   M    M  10 13     25  60
10  63  40  52  -7  13   0    T  0.0    0 16.8 29 290   M    M   6        34 200
11  56  39  48 -12  17   0 0.00  0.0    0 19.7 32 290   M    M   7 8      40 290
12  69  36  53  -7  12   0 0.00  0.0    0 10.9 22 170   M    M   0        32 160
13  71  48  60   0   5   0 0.63  0.0    0 14.4 25 170   M    M   5 1      35 180
14  72  53  63   2   2   0 0.11  0.0    0  7.0 13 250   M    M   7 1      27 310
15  76  59  68   7   0   3 0.04  0.0    0 11.6 23 120   M    M   4 1      30 120
16  70  55  63   2   2   0 0.36  0.0    0 13.3 24 150   M    M   3 13     36 200
17  78  53  66   4   0   1 0.69  0.0    0 10.8 33 290   M    M   4 13     41 280
18  64  45  55  -7  10   0 0.00  0.0    0 13.5 25 340   M    M   2        33 350
19  47  40  44 -18  21   0 0.36  0.0    0 11.9 24  60   M    M   7 1      30  60
20  51  40  46 -17  19   0 0.03  0.0    0  9.4 18 360   M    M  10 1      22 360
21  65  37  51 -12  14   0 0.00  0.0    0  5.6 13 320   M    M   0 8      19 330
================================================================================
SM 1444 1029       143  22  3.34     0.0 248.5          M      110
================================================================================
AV 68.8 49.0                              11.8 FASTST   M    M   5    MAX(MPH)
                                 MISC ---->  # 33 290               # 41  280
================================================================================
NOTES:
# LAST OF SEVERAL OCCURRENCES

COLUMN 17 PEAK WIND IN M.P.H.

PRELIMINARY LOCAL CLIMATOLOGICAL DATA (WS FORM: F-6) , PAGE 2

                                          STATION:  HASTINGS NE
                                          MONTH:    MAY
                                          YEAR:     2015
                                          LATITUDE:   40 35 N
                                          LONGITUDE:  98 26 W

[TEMPERATURE DATA]      [PRECIPITATION DATA]       SYMBOLS USED IN COLUMN 16

AVERAGE MONTHLY: 58.9   TOTAL FOR MONTH:   3.34    1 = FOG OR MIST
DPTR FM NORMAL:  -0.6   DPTR FM NORMAL:    0.06    2 = FOG REDUCING VISIBILITY
HIGHEST:    91 ON  3    GRTST 24HR  0.80 ON  5- 6      TO 1/4 MILE OR LESS
LOWEST:     36 ON 12                               3 = THUNDER
                        SNOW, ICE PELLETS, HAIL    4 = ICE PELLETS
                        TOTAL MONTH:   0.0 INCH    5 = HAIL
                        GRTST 24HR     0.0         6 = FREEZING RAIN OR DRIZZLE
                        GRTST DEPTH:   0           7 = DUSTSTORM OR SANDSTORM:
                                                       VSBY 1/2 MILE OR LESS
                                                   8 = SMOKE OR HAZE
[NO. OF DAYS WITH]      [WEATHER - DAYS WITH]      9 = BLOWING SNOW
                                                   X = TORNADO
MAX 32 OR BELOW:   0    0.01 INCH OR MORE:  12
MAX 90 OR ABOVE:   1    0.10 INCH OR MORE:   8
MIN 32 OR BELOW:   0    0.50 INCH OR MORE:   3
MIN  0 OR BELOW:   0    1.00 INCH OR MORE:   0

[HDD (BASE 65) ]
TOTAL THIS MO.   143    CLEAR  (SCALE 0-3)   6
DPTR FM NORMAL     3    PTCLDY (SCALE 4-7)  11
TOTAL FM JUL 1  5757    CLOUDY (SCALE 8-10)  4
DPTR FM NORMAL  -222

[CDD (BASE 65) ]
TOTAL THIS MO.    22
DPTR FM NORMAL    -4    [PRESSURE DATA]
TOTAL FM JAN 1    26    HIGHEST SLP M ON M
DPTR FM NORMAL    -5    LOWEST  SLP 29.57 ON M

[REMARKS]
