000
CXUS56 KMTR 011000
CF6HWD
PRELIMINARY LOCAL CLIMATOLOGICAL DATA (WS FORM: F-6)

                                          STATION:   HAYWARD AIRPORT
                                          MONTH:     AUGUST
                                          YEAR:      2015
                                          LATITUDE:   37 39 N
                                          LONGITUDE: 122  7 W

  TEMPERATURE IN F:       :PCPN:    SNOW:  WIND      :SUNSHINE: SKY     :PK WND
================================================================================
1   2   3   4   5  6A  6B    7    8   9   10  11  12  13   14  15   16   17  18
                                     12Z  AVG MX 2MIN
DY MAX MIN AVG DEP HDD CDD  WTR  SNW DPTH SPD SPD DIR MIN PSBL S-S WX    SPD DR
================================================================================

 1  76  62  69   3   0   4 0.00  0.0    0  9.2 17 280   M    M   4        21 300
 2  72  62  67   1   0   2 0.00  0.0    0  9.5 17 290   M    M   5        21 290
 3  73  63  68   2   0   3 0.00  0.0    0 11.6 20 290   M    M   4        25 270
 4  73  62  68   2   0   3    T  0.0    0  8.6 18 300   M    M   3        23 270
 5  76  57  67   1   0   2 0.00  0.0    0  5.9 18 290   M    M   2        22 300
 6  75  60  68   2   0   3 0.01  0.0    0  5.8 17 300   M    M   0 138    20 300
 7  77  61  69   3   0   4 0.00  0.0    0  7.6 18 300   M    M   3 8      23 290
 8  70  62  66   0   0   1 0.00  0.0    0  9.3 21 290   M    M   6        28 220
 9  73  60  67   1   0   2 0.00  0.0    0  7.2 20 170   M    M   4        25 150
10  72  60  66   0   0   1 0.00  0.0    0  9.2 28 220   M    M   6        32 270
11  73  60  67   1   0   2 0.00  0.0    0  7.8 18 290   M    M   4        23 290
12  79  57  68   2   0   3 0.00  0.0    0  7.2 20 290   M    M   1        24 290
13  74  63  69   3   0   4 0.00  0.0    0  9.4 20 300   M    M   4        23 300
14  75  62  69   3   0   4 0.00  0.0    0  8.0 17 290   M    M   4        22 280
15  92  59  76  10   0  11 0.00  0.0    0  6.4 17 300   M    M   0 8      22 300
16  96  63  80  13   0  15 0.00  0.0    0  4.1 16 300   M    M   0 8      20 290
17  85  61  73   6   0   8 0.00  0.0    0  7.2 16 290   M    M   0 18     29 210
18  76  61  69   2   0   4 0.00  0.0    0  7.6 17 290   M    M   5 18     21 310
19  73  63  68   1   0   3 0.00  0.0    0  9.5 17 300   M    M   6 8      21 290
20  70  62  66  -1   0   1 0.00  0.0    0 10.4 17 300   M    M   7 8      23 290
21  70  61  66  -1   0   1 0.00  0.0    0  9.1 18 300   M    M   6 8      22 310
22  75  61  68   1   0   3 0.00  0.0    0  7.6 20 290   M    M   6 8      26  10
23  74  62  68   1   0   3 0.00  0.0    0  8.9 17 310   M    M   6        22 290
24  75  61  68   1   0   3 0.00  0.0    0  8.6 17 300   M    M   4 8      21 290
25  76  59  68   1   0   3 0.00  0.0    0  7.8 18 290   M    M   4 18     22 300
26  81  58  70   3   0   5 0.00  0.0    0  5.1 15 300   M    M   3 18     33 200
27  87  61  74   7   0   9 0.00  0.0    0  4.6 18 290   M    M   0 8      21 290
28  92  64  78  11   0  13 0.00  0.0    0  7.2 21 310   M    M   1        26 320
29  75  64  70   3   0   5    T  0.0    0  7.2 22 220   M    M   5 18     31 100
30  75  63  69   2   0   4 0.00  0.0    0  8.6 20 280   M    M   4        24 290
31  79  59  69   2   0   4 0.00  0.0    0  6.0 18 300   M    M   0 18     23 300
================================================================================
SM 2389 1893         0 133  0.01     0.0 242.2          M      107
================================================================================
AV 77.1 61.1                               7.8 FASTST   M    M   3    MAX(MPH)
                                 MISC ---->  # 28 220               # 33  200
================================================================================
NOTES:
# LAST OF SEVERAL OCCURRENCES

COLUMN 17 PEAK WIND IN M.P.H.

PRELIMINARY LOCAL CLIMATOLOGICAL DATA (WS FORM: F-6) , PAGE 2

                                          STATION:  HAYWARD AIRPORT
                                          MONTH:    AUGUST
                                          YEAR:     2015
                                          LATITUDE:   37 39 N
                                          LONGITUDE: 122  7 W

[TEMPERATURE DATA]      [PRECIPITATION DATA]       SYMBOLS USED IN COLUMN 16

AVERAGE MONTHLY: 69.1   TOTAL FOR MONTH:   0.01    1 = FOG OR MIST
DPTR FM NORMAL:   2.6   DPTR FM NORMAL:   -0.03    2 = FOG REDUCING VISIBILITY
HIGHEST:    96 ON 16    GRTST 24HR  0.01 ON  6- 6      TO 1/4 MILE OR LESS
LOWEST:     57 ON 12, 5                            3 = THUNDER
                        SNOW, ICE PELLETS, HAIL    4 = ICE PELLETS
                        TOTAL MONTH:   0.0 INCH    5 = HAIL
                        GRTST 24HR     0.0         6 = FREEZING RAIN OR DRIZZLE
                        GRTST DEPTH:   0           7 = DUSTSTORM OR SANDSTORM:
                                                       VSBY 1/2 MILE OR LESS
                                                   8 = SMOKE OR HAZE
[NO. OF DAYS WITH]      [WEATHER - DAYS WITH]      9 = BLOWING SNOW
                                                   X = TORNADO
MAX 32 OR BELOW:   0    0.01 INCH OR MORE:   1
MAX 90 OR ABOVE:   3    0.10 INCH OR MORE:   0
MIN 32 OR BELOW:   0    0.50 INCH OR MORE:   0
MIN  0 OR BELOW:   0    1.00 INCH OR MORE:   0

[HDD (BASE 65) ]
TOTAL THIS MO.     0    CLEAR  (SCALE 0-3)  11
DPTR FM NORMAL   -22    PTCLDY (SCALE 4-7)  20
TOTAL FM JUL 1     3    CLOUDY (SCALE 8-10)  0
DPTR FM NORMAL   -64

[CDD (BASE 65) ]
TOTAL THIS MO.   133
DPTR FM NORMAL    64    [PRESSURE DATA]
TOTAL FM JAN 1   314    HIGHEST SLP M ON M
DPTR FM NORMAL   124    LOWEST  SLP 29.80 ON 16

[REMARKS]
#FINAL-08-15#
