000
CXUS56 KMTR 221000
CF6HWD
PRELIMINARY LOCAL CLIMATOLOGICAL DATA (WS FORM: F-6)

                                          STATION:   HAYWARD AIRPORT
                                          MONTH:     OCTOBER
                                          YEAR:      2017
                                          LATITUDE:   37 39 N
                                          LONGITUDE: 122  7 W

  TEMPERATURE IN F:       :PCPN:    SNOW:  WIND      :SUNSHINE: SKY     :PK WND
================================================================================
1   2   3   4   5  6A  6B    7    8   9   10  11  12  13   14  15   16   17  18
                                     12Z  AVG MX 2MIN
DY MAX MIN AVG DEP HDD CDD  WTR  SNW DPTH SPD SPD DIR MIN PSBL S-S WX    SPD DR
================================================================================

 1  74  55  65   0   0   0 0.00  0.0    0  5.8 18 270   M    M   0        23 260
 2  75  51  63  -2   2   0 0.00  0.0    0  6.9 18 270   M    M   0        23 270
 3  72  49  61  -3   4   0 0.00  0.0    0  6.9 18 290   M    M   1        23 270
 4  76  50  63  -1   2   0 0.00  0.0    0  5.4 14 280   M    M   0        17 290
 5  80  51  66   2   0   1 0.00  0.0    0  5.4 17 290   M    M   0        19 290
 6  84  52  68   4   0   3 0.00  0.0    0  5.3 15 290   M    M   0        19 290
 7  80  52  66   2   0   1 0.00  0.0    0  4.9 17 290   M    M   0        20 280
 8  84  51  68   4   0   3 0.00  0.0    0  6.9 21  20   M    M   0        30  20
 9  79  58  69   5   0   4 0.00  0.0    0  6.9 15  30   M    M   0        23  40
10  80  54  67   3   0   2 0.00  0.0    0  6.0 16 300   M    M   0 8      19 290
11  67  51  59  -5   6   0 0.00  0.0    0  5.2 15 290   M    M   5 8      19 290
12  71  45  58  -5   7   0 0.00  0.0    0  5.7 16 290   M    M   1 8      22 300
13  75  47  61  -2   4   0 0.00  0.0    0  5.4 18 300   M    M   2 8      22 290
14  80  47  64   1   1   0 0.00  0.0    0  5.3 15  40   M    M   1 8      21  40
15  80  50  65   2   0   0 0.00  0.0    0  4.0 10 280   M    M   0        13 280
16  83  52  68   5   0   3 0.00  0.0    0  4.5  9  70   M    M   1        11  70
17  79  51  65   2   0   0 0.00  0.0    0  4.3 12 290   M    M   2 8      13 290
18  68  45  57  -5   8   0 0.00  0.0    0  5.0 17 300   M    M   3 18     19 300
19  65  55  60  -2   5   0    T  0.0    0  8.1 25 300   M    M  10 18     32 290
20  64  52  58  -4   7   0    M  0.0    0  8.0 20 290   M    M   4 1      24 280
21  68  47  58  -4   7   0    M    M    0  6.1 15 300   M    M   0        19 290
================================================================================
SM 1584 1065        53  17    T      0.0 122.0          M       30
================================================================================
AV 75.4 50.7                               5.8 FASTST   M    M   1    MAX(MPH)
                                 MISC ---->  # 25 300               # 32  290
================================================================================
NOTES:
# LAST OF SEVERAL OCCURRENCES

COLUMN 17 PEAK WIND IN M.P.H.

PRELIMINARY LOCAL CLIMATOLOGICAL DATA (WS FORM: F-6) , PAGE 2

                                          STATION:  HAYWARD AIRPORT
                                          MONTH:    OCTOBER
                                          YEAR:     2017
                                          LATITUDE:   37 39 N
                                          LONGITUDE: 122  7 W

[TEMPERATURE DATA]      [PRECIPITATION DATA]       SYMBOLS USED IN COLUMN 16

AVERAGE MONTHLY: 63.1   TOTAL FOR MONTH:      T    1 = FOG OR MIST
DPTR FM NORMAL:  -0.4   DPTR FM NORMAL:   -0.57    2 = FOG REDUCING VISIBILITY
HIGHEST:    84 ON  8, 6 GRTST 24HR    T  ON 19-19      TO 1/4 MILE OR LESS
LOWEST:     45 ON 18,12                            3 = THUNDER
                        SNOW, ICE PELLETS, HAIL    4 = ICE PELLETS
                        TOTAL MONTH:   0.0 INCH    5 = HAIL
                        GRTST 24HR     0.0         6 = FREEZING RAIN OR DRIZZLE
                        GRTST DEPTH:   0           7 = DUSTSTORM OR SANDSTORM:
                                                       VSBY 1/2 MILE OR LESS
                                                   8 = SMOKE OR HAZE
[NO. OF DAYS WITH]      [WEATHER - DAYS WITH]      9 = BLOWING SNOW
                                                   X = TORNADO
MAX 32 OR BELOW:   0    0.01 INCH OR MORE:   0
MAX 90 OR ABOVE:   0    0.10 INCH OR MORE:   0
MIN 32 OR BELOW:   0    0.50 INCH OR MORE:   0
MIN  0 OR BELOW:   0    1.00 INCH OR MORE:   0

[HDD (BASE 65) ]
TOTAL THIS MO.    53    CLEAR  (SCALE 0-3)  17
DPTR FM NORMAL    -4    PTCLDY (SCALE 4-7)   3
TOTAL FM JUL 1    74    CLOUDY (SCALE 8-10)  1
DPTR FM NORMAL   -84

[CDD (BASE 65) ]
TOTAL THIS MO.    17
DPTR FM NORMAL    -6    [PRESSURE DATA]
TOTAL FM JAN 1   564    HIGHEST SLP M ON M
DPTR FM NORMAL   276    LOWEST  SLP 29.75 ON  3

[REMARKS]
