000
CXUS54 KHGX 301415
CF6IAH
PRELIMINARY LOCAL CLIMATOLOGICAL DATA (WS FORM: F-6)

                                          STATION:   HOUSTON INTERCONTINENTAL
                                          MONTH:     AUGUST
                                          YEAR:      2015
                                          LATITUDE:   29 58 N
                                          LONGITUDE:  95 21 W

  TEMPERATURE IN F:       :PCPN:    SNOW:  WIND      :SUNSHINE: SKY     :PK WND
================================================================================
1   2   3   4   5  6A  6B    7    8   9   10  11  12  13   14  15   16   17  18
                                     12Z  AVG MX 2MIN
DY MAX MIN AVG DEP HDD CDD  WTR  SNW DPTH SPD SPD DIR MIN PSBL S-S WX    SPD DR
================================================================================

 1  97  72  85   0   0  20 0.00  0.0    0  7.0 18  40   M    M   4        23  50
 2  99  72  86   1   0  21 0.00  0.0    0  4.3 14 140   M    M   2        20 100
 3  99  73  86   1   0  21 0.00  0.0    0  4.2 16 150   M    M   3        20 180
 4  98  75  87   2   0  22    T  0.0    0  4.4 18 180   M    M   5        24 180
 5  99  80  90   5   0  25 0.00  0.0    0  8.0 21 140   M    M   5        26 140
 6 100  78  89   4   0  24 0.00  0.0    0  7.5 15 180   M    M   3        21 180
 7 100  77  89   4   0  24 0.00  0.0    0  6.8 20 140   M    M   2        23 140
 8 100  78  89   4   0  24 0.00  0.0    0  6.6 21 150   M    M   2        23 140
 9 102  77  90   5   0  25 0.00  0.0    0  5.2 16 150   M    M   4        18 160
10 102  79  91   6   0  26 0.00  0.0    0  5.2 13 140   M    M   3        17 120
11 106  77  92   7   0  27 0.17  0.0    0  6.9 25  30   M    M   5 13     30  30
12  99  74  87   2   0  22 0.00  0.0    0  3.6 17  20   M    M   6        20  30
13  99  77  88   3   0  23 0.00  0.0    0  5.2 15 130   M    M   6 3      17 120
14 100  77  89   4   0  24 0.00  0.0    0  4.6 16  50   M    M   4 1      20  50
15  99  73  86   1   0  21 0.00  0.0    0  7.1 21 120   M    M   3        24 110
16  96  73  85   0   0  20 0.75  0.0    0  4.3 33 110   M    M   6 13     44 100
17  94  71  83  -2   0  18 0.00  0.0    0  5.7 18 140   M    M   5        22 140
18  95  77  86   1   0  21 0.00  0.0    0  7.4 20 120   M    M   5        23 110
19  90  76  83  -2   0  18 0.12  0.0    0  6.4 26 150   M    M   6 13     31 150
20  79  73  76  -9   0  11 0.92  0.0    0  6.6 20 130   M    M   9 13     33 130
21  88  73  81  -4   0  16 0.80  0.0    0  4.9 29 120   M    M   8 13     36 110
22  93  76  85   1   0  20 0.00  0.0    0  5.9 17 150   M    M   7        22 150
23  98  76  87   3   0  22 0.00  0.0    0  3.2 15 150   M    M   5 1      17 170
24  97  79  88   4   0  23 0.00  0.0    0  3.5  8 150   M    M   4        13  20
25  94  73  84   0   0  19 0.18  0.0    0  4.7 41  10   M    M   6 13     47  10
26  90  71  81  -3   0  16 0.00  0.0    0  4.5 14  70   M    M   3        16  90
27  93  69  81  -3   0  16 0.00  0.0    0  3.0 12 340   M    M   5        15 350
28  92  70  81  -3   0  16 0.00  0.0    0  2.4 10 150   M    M   3        13 160
29  90  69  80  -4   0  15 0.00  0.0    0  3.8 15 130   M    M   4        17 120
================================================================================
SM 2788 2165         0 600  2.94     0.0 152.9          M      133
================================================================================
AV 96.1 74.7                               5.3 FASTST   M    M   5    MAX(MPH)
                                 MISC ---->  # 41  10               # 47   10
================================================================================
NOTES:
# LAST OF SEVERAL OCCURRENCES

COLUMN 17 PEAK WIND IN M.P.H.

PRELIMINARY LOCAL CLIMATOLOGICAL DATA (WS FORM: F-6) , PAGE 2

                                          STATION:  HOUSTON INTERCONTINENTAL
                                          MONTH:    AUGUST
                                          YEAR:     2015
                                          LATITUDE:   29 58 N
                                          LONGITUDE:  95 21 W

[TEMPERATURE DATA]      [PRECIPITATION DATA]       SYMBOLS USED IN COLUMN 16

AVERAGE MONTHLY: 85.4   TOTAL FOR MONTH:   2.94    1 = FOG OR MIST
DPTR FM NORMAL:   0.7   DPTR FM NORMAL:   -0.51    2 = FOG REDUCING VISIBILITY
HIGHEST:   106 ON 11    GRTST 24HR  0.92 ON 20-20      TO 1/4 MILE OR LESS
LOWEST:     69 ON 29,27                            3 = THUNDER
                        SNOW, ICE PELLETS, HAIL    4 = ICE PELLETS
                        TOTAL MONTH:   0.0 INCH    5 = HAIL
                        GRTST 24HR     0.0         6 = FREEZING RAIN OR DRIZZLE
                        GRTST DEPTH:   0           7 = DUSTSTORM OR SANDSTORM:
                                                       VSBY 1/2 MILE OR LESS
                                                   8 = SMOKE OR HAZE
[NO. OF DAYS WITH]      [WEATHER - DAYS WITH]      9 = BLOWING SNOW
                                                   X = TORNADO
MAX 32 OR BELOW:   0    0.01 INCH OR MORE:   6
MAX 90 OR ABOVE:  27    0.10 INCH OR MORE:   6
MIN 32 OR BELOW:   0    0.50 INCH OR MORE:   3
MIN  0 OR BELOW:   0    1.00 INCH OR MORE:   0

[HDD (BASE 65) ]
TOTAL THIS MO.     0    CLEAR  (SCALE 0-3)   5
DPTR FM NORMAL     0    PTCLDY (SCALE 4-7)  23
TOTAL FM JUL 1     0    CLOUDY (SCALE 8-10)  1
DPTR FM NORMAL     0

[CDD (BASE 65) ]
TOTAL THIS MO.   600
DPTR FM NORMAL    27    [PRESSURE DATA]
TOTAL FM JAN 1  2475    HIGHEST SLP M ON M
DPTR FM NORMAL   129    LOWEST  SLP 29.77 ON 19

[REMARKS]
