000
CXUS53 KUNR 220945
CF6ICR
PRELIMINARY LOCAL CLIMATOLOGICAL DATA (WS FORM: F-6)

                                          STATION:   WINNER REGIONAL AIRPORT SD
                                          MONTH:     JULY
                                          YEAR:      2016
                                          LATITUDE:   43 23 N
                                          LONGITUDE:  99 50 W

  TEMPERATURE IN F:       :PCPN:    SNOW:  WIND      :SUNSHINE: SKY     :PK WND
================================================================================
1   2   3   4   5  6A  6B    7    8   9   10  11  12  13   14  15   16   17  18
                                     12Z  AVG MX 2MIN
DY MAX MIN AVG DEP HDD CDD  WTR  SNW DPTH SPD SPD DIR MIN PSBL S-S WX    SPD DR
================================================================================

 1  78  50  64  -9   1   0 0.25    M    M  8.0 15 150   M    M   4 18     20 150
 2  70  59  65  -8   0   0 0.38    M    M  9.0 16 120   M    M  10 18     21 120
 3  78  62  70  -4   0   5 0.00    M    M 11.1 22 150   M    M   8        30 170
 4  94  66  80   6   0  15    T    M    M  7.8 28 180   M    M   0        36 190
 5  89  70  80   6   0  15 0.00    M    M  9.8 21 320   M    M   0        28 290
 6  89  62  76   2   0  11    T    M    M 10.0 32  10   M    M   1 13     42  10
 7  84  57  71  -3   0   6    T    M    M  8.1 20 330   M    M   2        25 300
 8  91  54  73  -2   0   8 0.00    M    M  6.7 15 120   M    M   1        19 120
 9 101  69  85  10   0  20 0.00    M    M 15.7 25 150   M    M   0        33 180
10  98  80  89  14   0  24 0.02    M    M 19.9 33 160   M    M   0        45 160
11  95  61  78   3   0  13    T    M    M 14.9 30 320   M    M   2 38     38 190
12  92  56  74  -1   0   9 0.00    M    M 10.9 25 220   M    M   0 8      32 220
13  91  58  75  -1   0  10    T    M    M 10.2 24 270   M    M   0        32 270
14  88  58  73  -3   0   8 0.03    M    M  9.9 24 320   M    M   1 3      30 300
15  81  60  71  -5   0   6 0.30    M    M  6.9 22 180   M    M   1 13     25 180
16  89  62  76   0   0  11 0.24    M    M 14.8 38 300   M    M   1 3      48 310
17  88  58  73  -3   0   8 0.00    M    M  5.8 14  20   M    M   0        22  30
18  91  63  77   1   0  12 0.00    M    M 13.3 26 130   M    M   0        31 130
19  98  71  85   9   0  20    T    M    M 12.9 23 160   M    M   0        30 170
20 106  78  92  16   0  27 0.00    M    M 13.6 23 180   M    M   0        28 180
21 102  75  89  13   0  24 0.00    M    M  9.0 17  70   M    M   0        26  60
================================================================================
SM 1893 1329         1 252  1.22    M    228.3          M       31
================================================================================
AV 90.1 63.3                              10.9 FASTST   M    M   1    MAX(MPH)
                                 MISC ---->  # 38 300               # 48  310
================================================================================
NOTES:
# LAST OF SEVERAL OCCURRENCES

COLUMN 17 PEAK WIND IN M.P.H.

PRELIMINARY LOCAL CLIMATOLOGICAL DATA (WS FORM: F-6) , PAGE 2

                                          STATION:  WINNER REGIONAL AIRPORT SD
                                          MONTH:    JULY
                                          YEAR:     2016
                                          LATITUDE:   43 23 N
                                          LONGITUDE:  99 50 W

[TEMPERATURE DATA]      [PRECIPITATION DATA]       SYMBOLS USED IN COLUMN 16

AVERAGE MONTHLY: 76.7   TOTAL FOR MONTH:   1.22    1 = FOG OR MIST
DPTR FM NORMAL:   1.7   DPTR FM NORMAL:   -0.79    2 = FOG REDUCING VISIBILITY
HIGHEST:   106 ON 20    GRTST 24HR  0.63 ON  1- 2      TO 1/4 MILE OR LESS
LOWEST:     50 ON  1                               3 = THUNDER
                        SNOW, ICE PELLETS, HAIL    4 = ICE PELLETS
                        TOTAL MONTH:    M          5 = HAIL
                        GRTST 24HR    M  ON   M    6 = FREEZING RAIN OR DRIZZLE
                        GRTST DEPTH:  M  ON   M    7 = DUSTSTORM OR SANDSTORM:
                                                       VSBY 1/2 MILE OR LESS
                                                   8 = SMOKE OR HAZE
[NO. OF DAYS WITH]      [WEATHER - DAYS WITH]      9 = BLOWING SNOW
                                                   X = TORNADO
MAX 32 OR BELOW:   0    0.01 INCH OR MORE:   6
MAX 90 OR ABOVE:  11    0.10 INCH OR MORE:   4
MIN 32 OR BELOW:   0    0.50 INCH OR MORE:   0
MIN  0 OR BELOW:   0    1.00 INCH OR MORE:   0

[HDD (BASE 65) ]
TOTAL THIS MO.     1    CLEAR  (SCALE 0-3)  18
DPTR FM NORMAL     1    PTCLDY (SCALE 4-7)   2
TOTAL FM JUL 1     1    CLOUDY (SCALE 8-10)  1
DPTR FM NORMAL     1

[CDD (BASE 65) ]
TOTAL THIS MO.   252
DPTR FM NORMAL    40    [PRESSURE DATA]
TOTAL FM JAN 1   585    HIGHEST SLP M ON M
DPTR FM NORMAL   198    LOWEST  SLP 29.20 ON 10

[REMARKS]
