000
CXUS54 KFWD 290730
CF6ILE
PRELIMINARY LOCAL CLIMATOLOGICAL DATA (WS FORM: F-6)

                                          STATION:   KILLEEN SKYLARK
                                          MONTH:     AUGUST
                                          YEAR:      2016
                                          LATITUDE:   31  4 N
                                          LONGITUDE:  97 41 W

  TEMPERATURE IN F:       :PCPN:    SNOW:  WIND      :SUNSHINE: SKY     :PK WND
================================================================================
1   2   3   4   5  6A  6B    7    8   9   10  11  12  13   14  15   16   17  18
                                     12Z  AVG MX 2MIN
DY MAX MIN AVG DEP HDD CDD  WTR  SNW DPTH SPD SPD DIR MIN PSBL S-S WX    SPD DR
================================================================================

 1  98  74  86   2   0  21 0.00  0.0    0 10.3 14 160   M    M   0        23 160
 2 100  72  86   2   0  21 0.00  0.0    0  8.8 14 170   M    M   0        20 170
 3 100  76  88   4   0  23 0.00  0.0    0  8.3 16 140   M    M   0        21 140
 4  99  76  88   4   0  23 0.00  0.0    0  9.2 16 140   M    M   0        21 140
 5  99  76  88   4   0  23 0.00  0.0    0  8.4 12 160   M    M   0        18 120
 6 101  76  89   5   0  24 0.00  0.0    0  8.1 13 200   M    M   1        17 120
 7 101  76  89   5   0  24 0.00  0.0    0  9.2 14 130   M    M   0         M  M
 8 101  77  89   5   0  24 0.00  0.0    0  8.6 13 130   M    M   0        17  99
 9 100  78  89   5   0  24 0.00  0.0    0  8.7 13 160   M    M   0        20 110
10 102  78  90   6   0  25 0.00  0.0    0  9.6 14 150   M    M   0        18 150
11 102  78  90   6   0  25 0.00  0.0    0  8.1 12 150   M    M   0         M  M
12   M   M   M   M   M   M 0.41    M    0  9.0 21 330   M    M   1 3      27 330
13  92  75  84   0   0  19    T  0.0    0  6.9 12  10   M    M   2 3       M  M
14   M   M   M   M   M   M    T    M    M  8.2 15  70   M    M   4        20  70
15  74  70  72 -12   0   7 2.02  0.0    0  6.6 12  20   M    M   8 1       M  M
16  78  71  75  -9   0  10 1.75    M    0  4.8 10  50   M    M   9 1       M  M
17  84  73  79  -5   0  14 1.31  0.0    0  6.6 10 180   M    M  10 13      M  M
18  86  73  80  -4   0  15 0.23  0.0    0  5.8 14 120   M    M   6 138     M  M
19  92  74  83  -1   0  18 0.00  0.0    0  9.0 15 190   M    M   5        20 180
20  82  72  77  -7   0  12 0.23  0.0    0  6.9 14 180   M    M   6 1       M  M
21  78  72  75  -9   0  10 0.58  0.0    0  5.3  8  50   M    M  10 1       M  M
22  91  73  82  -2   0  17    T  0.0    0  7.4 24 140   M    M   6        33 140
23  93  74  84   0   0  19    T  0.0    0 10.5 18 190   M    M   4        23 190
24  93  72  83   0   0  18 0.00  0.0    0  9.9 17 190   M    M   2        22 200
25  93  72  83   0   0  18 0.00  0.0    0  6.7 10 140   M    M   2        16 110
26  92  75  84   1   0  19 0.02  0.0    0  5.7  9  80   M    M   3 3       M  M
27  91  70  81  -2   0  16 0.00  0.0    0  3.8  8 120   M    M   1 1       M  M
28  89  70  80  -3   0  15 0.00  0.0    0  6.5 14  80   M    M   4         M  M
================================================================================
SM 2411 1923         0 484  6.55     0.0 216.9          M       84
================================================================================
AV 92.7 74.0                               7.7 FASTST   M    M   3    MAX(MPH)
                                 MISC ---->    24   M                 33    M
================================================================================
NOTES:
# LAST OF SEVERAL OCCURRENCES

COLUMN 17 PEAK WIND IN M.P.H.

PRELIMINARY LOCAL CLIMATOLOGICAL DATA (WS FORM: F-6) , PAGE 2

                                          STATION:  KILLEEN SKYLARK
                                          MONTH:    AUGUST
                                          YEAR:     2016
                                          LATITUDE:   31  4 N
                                          LONGITUDE:  97 41 W

[TEMPERATURE DATA]      [PRECIPITATION DATA]       SYMBOLS USED IN COLUMN 16

AVERAGE MONTHLY: 83.3   TOTAL FOR MONTH:   6.55    1 = FOG OR MIST
DPTR FM NORMAL:  -0.5   DPTR FM NORMAL:    4.93    2 = FOG REDUCING VISIBILITY
HIGHEST:   102 ON 11,10 GRTST 24HR  2.02 ON 15-15      TO 1/4 MILE OR LESS
LOWEST:     70 ON 28,27                            3 = THUNDER
                        SNOW, ICE PELLETS, HAIL    4 = ICE PELLETS
                        TOTAL MONTH:   0.0 INCH    5 = HAIL
                        GRTST 24HR     0.0         6 = FREEZING RAIN OR DRIZZLE
                        GRTST DEPTH:   0           7 = DUSTSTORM OR SANDSTORM:
                                                       VSBY 1/2 MILE OR LESS
                                                   8 = SMOKE OR HAZE
[NO. OF DAYS WITH]      [WEATHER - DAYS WITH]      9 = BLOWING SNOW
                                                   X = TORNADO
MAX 32 OR BELOW:   0    0.01 INCH OR MORE:   8
MAX 90 OR ABOVE:  19    0.10 INCH OR MORE:   7
MIN 32 OR BELOW:   0    0.50 INCH OR MORE:   4
MIN  0 OR BELOW:   0    1.00 INCH OR MORE:   3

[HDD (BASE 65) ]
TOTAL THIS MO.     0    CLEAR  (SCALE 0-3)  17
DPTR FM NORMAL     0    PTCLDY (SCALE 4-7)   8
TOTAL FM JUL 1     0    CLOUDY (SCALE 8-10)  3
DPTR FM NORMAL     0

[CDD (BASE 65) ]
TOTAL THIS MO.   484
DPTR FM NORMAL   -43    [PRESSURE DATA]
TOTAL FM JAN 1  2072    HIGHEST SLP M ON M
DPTR FM NORMAL   145    LOWEST  SLP M ON M

[REMARKS]
