000
CXUS51 KPHI 210800
CF6ILG
PRELIMINARY LOCAL CLIMATOLOGICAL DATA (WS FORM: F-6)

                                          STATION:   WILMINGTON DE
                                          MONTH:     SEPTEMBER
                                          YEAR:      2017
                                          LATITUDE:   39 40 N
                                          LONGITUDE:  75 36 W

  TEMPERATURE IN F:       :PCPN:    SNOW:  WIND      :SUNSHINE: SKY     :PK WND
================================================================================
1   2   3   4   5  6A  6B    7    8   9   10  11  12  13   14  15   16   17  18
                                     12Z  AVG MX 2MIN
DY MAX MIN AVG DEP HDD CDD  WTR  SNW DPTH SPD SPD DIR MIN PSBL S-S WX    SPD DR
================================================================================

 1  68  56  62 -11   3   0 0.00  0.0    0  7.5 16  20   M    M   2        21  10
 2  63  57  60 -12   5   0 0.52  0.0    0  9.5 16  60   M    M   8 1      21  50
 3  75  61  68  -4   0   3 0.03  0.0    0  6.9 17 310   M    M   7 1      22 320
 4  82  57  70  -2   0   5 0.00  0.0    0  9.0 20 220   M    M   0        23 210
 5  86  67  77   5   0  12 0.09  0.0    0  7.0 25 300   M    M   2 13     35 280
 6  69  61  65  -6   0   0 0.33  0.0    0  7.0 14  10   M    M   9 1      19  20
 7  74  55  65  -6   0   0    T  0.0    0  8.1 18 270   M    M   4 1      27 270
 8  74  53  64  -7   1   0 0.00  0.0    0  7.1 20 290   M    M   2        25 310
 9  72  51  62  -8   3   0 0.00  0.0    0  8.0 16 360   M    M   1        22 320
10  76  51  64  -6   1   0 0.00  0.0    0  7.5 16  40   M    M   1        22  40
11  78  50  64  -6   1   0 0.00  0.0    0  4.5 12  50   M    M   0        15  30
12  80  57  69   0   0   4 0.00  0.0    0  3.1  8 170   M    M   0        11 140
13  75  62  69   0   0   4 0.10  0.0    0  2.3  8 140   M    M   8 1      10 140
14  83  66  75   6   0  10    T  0.0    0  5.9 18 230   M    M   5 12     22 220
15  83  63  73   5   0   8 0.00  0.0    0  3.9 12 150   M    M   M        15 190
16  85  63  74   6   0   9 0.00  0.0    0  4.6 15 170   M    M   2 1      17 170
17  81  69  75   7   0  10 0.00  0.0    0  5.1 12  80   M    M   5 1      15  50
18  81  68  75   8   0  10 0.00  0.0    0  9.6 16  70   M    M   8 1      21  60
19  81  69  75   8   0  10 0.05  0.0    0 12.3 23  30   M    M   9 1      30  40
20  89  67  78  12   0  13 0.00  0.0    0  8.8 18 360   M    M   3        24 350
================================================================================
SM 1555 1203        14  98  1.12     0.0 137.7          M       76
================================================================================
AV 77.8 60.2                               6.9 FASTST   M    M   4    MAX(MPH)
                                 MISC ---->  # 25 300               # 35  280
================================================================================
NOTES:
# LAST OF SEVERAL OCCURRENCES

COLUMN 17 PEAK WIND IN M.P.H.

PRELIMINARY LOCAL CLIMATOLOGICAL DATA (WS FORM: F-6) , PAGE 2

                                          STATION:  WILMINGTON DE
                                          MONTH:    SEPTEMBER
                                          YEAR:     2017
                                          LATITUDE:   39 40 N
                                          LONGITUDE:  75 36 W

[TEMPERATURE DATA]      [PRECIPITATION DATA]       SYMBOLS USED IN COLUMN 16

AVERAGE MONTHLY: 69.0   TOTAL FOR MONTH:   1.12    1 = FOG OR MIST
DPTR FM NORMAL:  -0.8   DPTR FM NORMAL:   -1.63    2 = FOG REDUCING VISIBILITY
HIGHEST:    89 ON 20    GRTST 24HR  0.52 ON  2- 2      TO 1/4 MILE OR LESS
LOWEST:     50 ON 11                               3 = THUNDER
                        SNOW, ICE PELLETS, HAIL    4 = ICE PELLETS
                        TOTAL MONTH:   0.0 INCH    5 = HAIL
                        GRTST 24HR     0.0         6 = FREEZING RAIN OR DRIZZLE
                        GRTST DEPTH:   0           7 = DUSTSTORM OR SANDSTORM:
                                                       VSBY 1/2 MILE OR LESS
                                                   8 = SMOKE OR HAZE
[NO. OF DAYS WITH]      [WEATHER - DAYS WITH]      9 = BLOWING SNOW
                                                   X = TORNADO
MAX 32 OR BELOW:   0    0.01 INCH OR MORE:   6
MAX 90 OR ABOVE:   0    0.10 INCH OR MORE:   3
MIN 32 OR BELOW:   0    0.50 INCH OR MORE:   1
MIN  0 OR BELOW:   0    1.00 INCH OR MORE:   0

[HDD (BASE 65) ]
TOTAL THIS MO.    14    CLEAR  (SCALE 0-3)  10
DPTR FM NORMAL    -3    PTCLDY (SCALE 4-7)   6
TOTAL FM JUL 1    14    CLOUDY (SCALE 8-10)  3
DPTR FM NORMAL    -5

[CDD (BASE 65) ]
TOTAL THIS MO.    98
DPTR FM NORMAL   -13    [PRESSURE DATA]
TOTAL FM JAN 1  1144    HIGHEST SLP  0.00 ON 15
DPTR FM NORMAL    40    LOWEST  SLP 29.75 ON  5

[REMARKS]
