000
CXUS52 KILM 241000
CF6ILM
PRELIMINARY LOCAL CLIMATOLOGICAL DATA (WS FORM: F-6)

                                          STATION:   WILMINGTON NORTH CAROLINA
                                          MONTH:     SEPTEMBER
                                          YEAR:      2017
                                          LATITUDE:   34 16 N
                                          LONGITUDE:  77 55 W

  TEMPERATURE IN F:       :PCPN:    SNOW:  WIND      :SUNSHINE: SKY     :PK WND
================================================================================
1   2   3   4   5  6A  6B    7    8   9   10  11  12  13   14  15   16   17  18
                                     12Z  AVG MX 2MIN
DY MAX MIN AVG DEP HDD CDD  WTR  SNW DPTH SPD SPD DIR MIN PSBL S-S WX    SPD DR
================================================================================

 1  89  72  81   3   0  16 0.00  0.0    0  6.5 17 180   M    M   5 123    23 190
 2  84  73  79   1   0  14 0.15  0.0    0  5.9 17 200   M    M   3 13     21 200
 3  86  68  77  -1   0  12 0.00  0.0    0  5.9 15 250   M    M   0        19 280
 4  87  65  76  -2   0  11 0.00  0.0    0  4.3 14 170   M    M   1        18 120
 5  89  70  80   3   0  15 0.00  0.0    0  8.2 21 210   M    M   2        27 170
 6  81  66  74  -3   0   9 1.13  0.0    0  7.4 17 340   M    M   5 13     22 320
 7  81  61  71  -6   0   6 0.00  0.0    0  5.2 14 360   M    M   3        17 360
 8  81  57  69  -8   0   4 0.00  0.0    0  6.0 16  10   M    M   0        20  20
 9  80  58  69  -7   0   4 0.00  0.0    0 12.0 22  30   M    M   0        28  30
10  75  60  68  -8   0   3 0.00  0.0    0 15.3 25  30   M    M   1        32  50
11  77  65  71  -5   0   6 0.03  0.0    0 17.6 29  90   M    M   8 1      40  90
12  83  73  78   2   0  13 2.26  0.0    0 10.0 26 100   M    M   7 1      38 100
13  87  66  77   1   0  12 0.00  0.0    0  4.7 14 170   M    M   1        16 200
14  85  69  77   2   0  12 0.19  0.0    0  5.8 18 240   M    M   5 1      25 250
15  88  71  80   5   0  15 0.01  0.0    0  2.6 12 130   M    M   3 12     15 130
16  88  69  79   4   0  14 0.00  0.0    0  5.3 14  90   M    M   2 12     17  40
17  87  70  79   5   0  14    T  0.0    0  9.8 24  30   M    M   7 1      29  30
18  83  70  77   3   0  12 0.00  0.0    0  9.5 17 330   M    M   5        23  10
19  87  68  78   4   0  13 0.00  0.0    0  6.2 16 340   M    M   1        23 350
20  91  65  78   4   0  13 0.00  0.0    0  4.6 14 260   M    M   0        18 330
21  91  69  80   7   0  15 0.05  0.0    0  4.7 22  20   M    M   1 13     26  20
22  86  67  77   4   0  12 0.00  0.0    0  2.5 10 120   M    M   2        14 130
23  88  67  78   5   0  13 0.00  0.0    0  3.3 13  20   M    M   1 12     20  50
================================================================================
SM 1954 1539         0 258  3.82     0.0 163.3          M       63
================================================================================
AV 85.0 66.9                               7.1 FASTST   M    M   3    MAX(MPH)
                                 MISC ---->  # 29  90               # 40   90
================================================================================
NOTES:
# LAST OF SEVERAL OCCURRENCES

COLUMN 17 PEAK WIND IN M.P.H.

PRELIMINARY LOCAL CLIMATOLOGICAL DATA (WS FORM: F-6) , PAGE 2

                                          STATION:  WILMINGTON NORTH CAROLINA
                                          MONTH:    SEPTEMBER
                                          YEAR:     2017
                                          LATITUDE:   34 16 N
                                          LONGITUDE:  77 55 W

[TEMPERATURE DATA]      [PRECIPITATION DATA]       SYMBOLS USED IN COLUMN 16

AVERAGE MONTHLY: 75.9   TOTAL FOR MONTH:   3.82    1 = FOG OR MIST
DPTR FM NORMAL:   0.3   DPTR FM NORMAL:   -2.32    2 = FOG REDUCING VISIBILITY
HIGHEST:    91 ON 21,20 GRTST 24HR  2.26 ON 12-12      TO 1/4 MILE OR LESS
LOWEST:     57 ON  8                               3 = THUNDER
                        SNOW, ICE PELLETS, HAIL    4 = ICE PELLETS
                        TOTAL MONTH:   0.0 INCH    5 = HAIL
                        GRTST 24HR     0.0         6 = FREEZING RAIN OR DRIZZLE
                        GRTST DEPTH:   0           7 = DUSTSTORM OR SANDSTORM:
                                                       VSBY 1/2 MILE OR LESS
                                                   8 = SMOKE OR HAZE
[NO. OF DAYS WITH]      [WEATHER - DAYS WITH]      9 = BLOWING SNOW
                                                   X = TORNADO
MAX 32 OR BELOW:   0    0.01 INCH OR MORE:   7
MAX 90 OR ABOVE:   2    0.10 INCH OR MORE:   4
MIN 32 OR BELOW:   0    0.50 INCH OR MORE:   2
MIN  0 OR BELOW:   0    1.00 INCH OR MORE:   2

[HDD (BASE 65) ]
TOTAL THIS MO.     0    CLEAR  (SCALE 0-3)  14
DPTR FM NORMAL     0    PTCLDY (SCALE 4-7)   8
TOTAL FM JUL 1     0    CLOUDY (SCALE 8-10)  1
DPTR FM NORMAL     0

[CDD (BASE 65) ]
TOTAL THIS MO.   258
DPTR FM NORMAL    11    [PRESSURE DATA]
TOTAL FM JAN 1  2072    HIGHEST SLP M ON M
DPTR FM NORMAL   202    LOWEST  SLP 29.76 ON 12

[REMARKS]
