000
CXUS52 KILM 241000
CF6ILM
PRELIMINARY LOCAL CLIMATOLOGICAL DATA (WS FORM: F-6)

                                          STATION:   WILMINGTON NORTH CAROLINA
                                          MONTH:     JULY
                                          YEAR:      2016
                                          LATITUDE:   34 16 N
                                          LONGITUDE:  77 55 W

  TEMPERATURE IN F:       :PCPN:    SNOW:  WIND      :SUNSHINE: SKY     :PK WND
================================================================================
1   2   3   4   5  6A  6B    7    8   9   10  11  12  13   14  15   16   17  18
                                     12Z  AVG MX 2MIN
DY MAX MIN AVG DEP HDD CDD  WTR  SNW DPTH SPD SPD DIR MIN PSBL S-S WX    SPD DR
================================================================================

 1  85  73  79  -2   0  14 0.23  0.0    0  7.3 17 170   M    M   4 13     22 200
 2  89  75  82   1   0  17 0.05  0.0    0  6.1 14 180   M    M   2        19 150
 3  93  73  83   2   0  18 0.32  0.0    0  6.5 32  10   M    M   2 13     39  10
 4  92  75  84   3   0  19 0.05  0.0    0  7.2 17 210   M    M   4 13     22 200
 5  96  78  87   6   0  22 0.00  0.0    0 12.1 22 200   M    M   1        29 230
 6  95  75  85   4   0  20 0.00  0.0    0 13.0 21 250   M    M   1        26 250
 7  95  74  85   4   0  20 0.01  0.0    0 12.7 33 230   M    M   1 3      42 230
 8  97  73  85   4   0  20 0.20  0.0    0 10.5 41 340   M    M   1 13     57 330
 9  94  73  84   3   0  19 0.08  0.0    0  9.4 16 210   M    M   1 13     23 220
10  94  76  85   4   0  20 0.05  0.0    0  4.9 23 230   M    M   2 13     31 230
11  86  73  80  -1   0  15 1.14  0.0    0  4.4 20 320   M    M   4 13     25 280
12  86  73  80  -1   0  15 0.35  0.0    0  3.3 23 290   M    M   4 13     37 300
13  97  75  86   5   0  21 0.00  0.0    0  5.3 13 200   M    M   0 1      15 210
14  97  79  88   7   0  23 0.01  0.0    0  8.5 23 270   M    M   0 3      29 300
15  92  75  84   3   0  19 0.01  0.0    0  8.4 24 280   M    M   2 3      29 280
16  90  74  82   1   0  17 0.10  0.0    0  6.1 21 320   M    M   2 138    24 320
17  88  72  80  -1   0  15 0.02  0.0    0  4.8 14 200   M    M   2 13     17 180
18  92  71  82   1   0  17 0.00  0.0    0  6.6 17 180   M    M   1 3      21 200
19  92  70  81   0   0  16 1.95  0.0    0  6.7 32 160   M    M   2 138    48 150
20  90  70  80  -1   0  15 0.00  0.0    0  4.1 15 290   M    M   2 3      18 290
21  89  72  81   0   0  16 0.00  0.0    0  3.0 13 130   M    M   2        16 130
22  90  70  80  -1   0  15 0.00  0.0    0  3.4 14 160   M    M   0        18 160
23  92  75  84   3   0  19 0.00  0.0    0  5.1 15 180   M    M   2 13     19 180
================================================================================
SM 2111 1694         0 412  4.57     0.0 159.4          M       42
================================================================================
AV 91.8 73.7                               6.9 FASTST   M    M   2    MAX(MPH)
                                 MISC ---->  # 41 340               # 57  330
================================================================================
NOTES:
# LAST OF SEVERAL OCCURRENCES

COLUMN 17 PEAK WIND IN M.P.H.

PRELIMINARY LOCAL CLIMATOLOGICAL DATA (WS FORM: F-6) , PAGE 2

                                          STATION:  WILMINGTON NORTH CAROLINA
                                          MONTH:    JULY
                                          YEAR:     2016
                                          LATITUDE:   34 16 N
                                          LONGITUDE:  77 55 W

[TEMPERATURE DATA]      [PRECIPITATION DATA]       SYMBOLS USED IN COLUMN 16

AVERAGE MONTHLY: 82.7   TOTAL FOR MONTH:   4.57    1 = FOG OR MIST
DPTR FM NORMAL:   1.7   DPTR FM NORMAL:   -0.83    2 = FOG REDUCING VISIBILITY
HIGHEST:    97 ON 14,13 GRTST 24HR  1.95 ON 19-19      TO 1/4 MILE OR LESS
LOWEST:     70 ON 22,20                            3 = THUNDER
                        SNOW, ICE PELLETS, HAIL    4 = ICE PELLETS
                        TOTAL MONTH:   0.0 INCH    5 = HAIL
                        GRTST 24HR     0.0         6 = FREEZING RAIN OR DRIZZLE
                        GRTST DEPTH:   0           7 = DUSTSTORM OR SANDSTORM:
                                                       VSBY 1/2 MILE OR LESS
                                                   8 = SMOKE OR HAZE
[NO. OF DAYS WITH]      [WEATHER - DAYS WITH]      9 = BLOWING SNOW
                                                   X = TORNADO
MAX 32 OR BELOW:   0    0.01 INCH OR MORE:  15
MAX 90 OR ABOVE:  17    0.10 INCH OR MORE:   7
MIN 32 OR BELOW:   0    0.50 INCH OR MORE:   2
MIN  0 OR BELOW:   0    1.00 INCH OR MORE:   2

[HDD (BASE 65) ]
TOTAL THIS MO.     0    CLEAR  (SCALE 0-3)  19
DPTR FM NORMAL     0    PTCLDY (SCALE 4-7)   4
TOTAL FM JUL 1     0    CLOUDY (SCALE 8-10)  0
DPTR FM NORMAL     0

[CDD (BASE 65) ]
TOTAL THIS MO.   412
DPTR FM NORMAL    44    [PRESSURE DATA]
TOTAL FM JAN 1  1165    HIGHEST SLP M ON M
DPTR FM NORMAL   131    LOWEST  SLP 29.87 ON M

[REMARKS]
