000
CXUS53 KIND 260730
CF6IND
PRELIMINARY LOCAL CLIMATOLOGICAL DATA (WS FORM: F-6)

                                          STATION:   INDIANAPOLIS IN
                                          MONTH:     DECEMBER
                                          YEAR:      2014
                                          LATITUDE:   39 43 N
                                          LONGITUDE:  86 17 W

  TEMPERATURE IN F:       :PCPN:    SNOW:  WIND      :SUNSHINE: SKY     :PK WND
================================================================================
1   2   3   4   5  6A  6B    7    8   9   10  11  12  13   14  15   16   17  18
                                     12Z  AVG MX 2MIN
DY MAX MIN AVG DEP HDD CDD  WTR  SNW DPTH SPD SPD DIR MIN PSBL S-S WX    SPD DR
================================================================================

 1  39  26  33  -3  32   0 0.02  0.0    0 13.6 22 360   M    M   8 1      27 340
 2  33  26  30  -6  35   0 0.01    T    T  8.9 15 240   M    M  10 16     20  50
 3  43  28  36   0  29   0 0.01    T    0 10.4 18 250   M    M   7 1      24 240
 4  35  29  32  -3  33   0 0.06    T    0  7.4 13  80   M    M  10 148    16  70
 5  40  34  37   2  28   0 0.98  0.0    0  6.9 16  10   M    M  10 12     20  10
 6  40  30  35   1  30   0 0.26  0.0    0 14.4 25 360   M    M  10 18     32  20
 7  39  26  33  -1  32   0 0.00  0.0    0 10.4 16  90   M    M   6        20  90
 8  41  31  36   2  29   0 0.06  0.0    0  8.4 16 280   M    M  10 18     18 280
 9  39  32  36   3  29   0 0.01  0.0    0 12.5 21 350   M    M  10 1      25 350
10  35  30  33   0  32   0    T  0.0    0  9.9 16 330   M    M   9        18 320
11  37  25  31  -2  34   0 0.00  0.0    0  9.6 17 340   M    M   6 18     21 350
12  35  22  29  -3  36   0 0.00  0.0    0  8.1 15 280   M    M   7 18     19 280
13  46  34  40   8  25   0 0.00  0.0    0  7.4 15 260   M    M  10 18     18 260
14  48  41  45  13  20   0    T  0.0    0  6.7 13 180   M    M  10 18     15 180
15  44  41  43  12  22   0 0.01  0.0    0 10.0 22 120   M    M  10 18     26 120
16  46  31  39   8  26   0 0.19  0.1    0 16.6 30 270   M    M  10 1      37 270
17  31  23  27  -4  38   0    T    T    0 11.2 23 280   M    M  10 16     27 280
18  27  22  25  -6  40   0    T    T    0  3.4  9  20   M    M   9 18     10  10
19  29  19  24  -6  41   0 0.00  0.0    0  3.0  9 270   M    M   7 18     10 270
20  32  25  29  -1  36   0 0.00  0.0    0  1.2  7 260   M    M   9 18      8 120
21  36  20  28  -2  37   0 0.00  0.0    0  5.6 13 120   M    M   5 18     16 120
22  46  27  37   7  28   0 0.04  0.0    0  9.9 16 120   M    M   9 18     21 120
23  55  45  50  20  15   0 0.17    M    0  8.4 15 140   M    M   7 1      19 150
24  45  34  40  10  25   0 0.52    T    0 14.1 23 260   M    M  10 1      27 270
25  41  31  36   7  29   0 0.01  0.0    0 11.8 21 270   M    M   6 1      28 260
================================================================================
SM  982  732       761   0  2.35     0.1 229.8          M      215
================================================================================
AV 39.3 29.3                               9.2 FASTST   M    M   9    MAX(MPH)
                                 MISC ---->  # 30 270               # 37  270
================================================================================
NOTES:
# LAST OF SEVERAL OCCURRENCES

COLUMN 17 PEAK WIND IN M.P.H.

PRELIMINARY LOCAL CLIMATOLOGICAL DATA (WS FORM: F-6) , PAGE 2

                                          STATION:  INDIANAPOLIS IN
                                          MONTH:    DECEMBER
                                          YEAR:     2014
                                          LATITUDE:   39 43 N
                                          LONGITUDE:  86 17 W

[TEMPERATURE DATA]      [PRECIPITATION DATA]       SYMBOLS USED IN COLUMN 16

AVERAGE MONTHLY: 34.3   TOTAL FOR MONTH:   2.35    1 = FOG OR MIST
DPTR FM NORMAL:   2.0   DPTR FM NORMAL:   -0.21    2 = FOG REDUCING VISIBILITY
HIGHEST:    55 ON 23    GRTST 24HR  1.24 ON  5- 6      TO 1/4 MILE OR LESS
LOWEST:     19 ON 19                               3 = THUNDER
                        SNOW, ICE PELLETS, HAIL    4 = ICE PELLETS
                        TOTAL MONTH:   0.1 INCH    5 = HAIL
                        GRTST 24HR   0.1 ON   M    6 = FREEZING RAIN OR DRIZZLE
                        GRTST DEPTH:   T           7 = DUSTSTORM OR SANDSTORM:
                                                       VSBY 1/2 MILE OR LESS
                                                   8 = SMOKE OR HAZE
[NO. OF DAYS WITH]      [WEATHER - DAYS WITH]      9 = BLOWING SNOW
                                                   X = TORNADO
MAX 32 OR BELOW:   4    0.01 INCH OR MORE:  14
MAX 90 OR ABOVE:   0    0.10 INCH OR MORE:   5
MIN 32 OR BELOW:  19    0.50 INCH OR MORE:   2
MIN  0 OR BELOW:   0    1.00 INCH OR MORE:   0

[HDD (BASE 65) ]
TOTAL THIS MO.   761    CLEAR  (SCALE 0-3)   0
DPTR FM NORMAL   -56    PTCLDY (SCALE 4-7)   8
TOTAL FM JUL 1  2040    CLOUDY (SCALE 8-10) 17
DPTR FM NORMAL   181

[CDD (BASE 65) ]
TOTAL THIS MO.     0
DPTR FM NORMAL     0    [PRESSURE DATA]
TOTAL FM JAN 1   900    HIGHEST SLP M ON M
DPTR FM NORMAL  -166    LOWEST  SLP 29.47 ON 24

[REMARKS]
