000
CXUS54 KMAF 291100
CF6INK
PRELIMINARY LOCAL CLIMATOLOGICAL DATA (WS FORM: F-6)

                                          STATION:   Wink
                                          MONTH:     JUNE
                                          YEAR:      2015
                                          LATITUDE:   31 46 N
                                          LONGITUDE: 103 12 W

  TEMPERATURE IN F:       :PCPN:    SNOW:  WIND      :SUNSHINE: SKY     :PK WND
================================================================================
1   2   3   4   5  6A  6B    7    8   9   10  11  12  13   14  15   16   17  18
                                     12Z  AVG MX 2MIN
DY MAX MIN AVG DEP HDD CDD  WTR  SNW DPTH SPD SPD DIR MIN PSBL S-S WX    SPD DR
================================================================================

 1  95  63  79  -1   0  14    T  0.0    0 12.4 21 120   M    M   0        27 120
 2  97  65  81   1   0  16    T  0.0    0 12.0 28 170   M    M   0        34 160
 3 100  66  83   3   0  18 0.00  0.0    0 12.3 22 140   M    M   0        29 130
 4  96  69  83   3   0  18 0.00  0.0    0 16.9 29 130   M    M   0        38 130
 5  95  67  81   1   0  16 0.00  0.0    0 16.4 26 130   M    M   0        36 120
 6  95  69  82   1   0  17 0.00  0.0    0 13.2 20 120   M    M   2        27 130
 7  95  70  83   2   0  18 0.00  0.0    0 11.1 18 140   M    M   0        26 140
 8  92  71  82   1   0  17 0.00  0.0    0  8.7 16 140   M    M   0        21 130
 9  94  69  82   1   0  17 0.00  0.0    0  8.0 15 140   M    M   0        21 140
10 100  68  84   2   0  19 0.00  0.0    0 14.2 23 140   M    M   0        30 140
11 104  71  88   6   0  23    T  0.0    0 13.6 25 140   M    M   0        32 140
12 101  74  88   6   0  23    T  0.0    0 13.6 30 120   M    M   0 8      40 110
13  96  70  83   1   0  18 0.03  0.0    0 11.6 32 170   M    M   3 3      39 180
14  97  63  80  -2   0  15 0.26  0.0    0 10.5 26 110   M    M   0 3      37 280
15  90  66  78  -4   0  13 0.00  0.0    0  6.3 20  80   M    M   0 3      27  80
16  90  67  79  -4   0  14 0.00  0.0    0  8.8 14  10   M    M   4        21  10
17  93  68  81  -2   0  16 0.00  0.0    0  4.9 13 110   M    M   3        19  40
18  98  70  84   1   0  19 0.11  0.0    0  8.4 21  20   M    M   0 13     27 160
19  95  72  84   1   0  19 0.00  0.0    0 10.6 22 140   M    M   1        28 150
20  98  67  83   0   0  18 0.00  0.0    0 11.8 24 140   M    M   0        31 150
21  96  71  84   1   0  19 0.00  0.0    0 12.4 21 120   M    M   1        26 140
22  92  72  82  -1   0  17 0.00  0.0    0 14.6 25 110   M    M   5        30 120
23   M   M   M   M   M   M 0.00  0.0    0 11.8 17 110   M    M   9        21 110
24  93  70  82  -1   0  17 0.00  0.0    M 13.6 23 140   M    M   2        30 130
25  99  70  85   1   0  20 0.00  0.0    0 11.3 25 150   M    M   1 3      29 150
26  99  69  84   0   0  19    T  0.0    0  8.8 31 210   M    M   2 3      39 210
27  96  67  82  -2   0  17 0.00  0.0    0  7.8 22 130   M    M   1        29 140
28  93  65  79  -5   0  14 0.00  0.0    0  7.3 18 130   M    M   0        22 130
================================================================================
SM 2589 1849         0 471  0.40     0.0 312.9          M       34
================================================================================
AV 95.9 68.5                              11.2 FASTST   M    M   1    MAX(MPH)
                                 MISC ---->  # 32 170               # 40  110
================================================================================
NOTES:
# LAST OF SEVERAL OCCURRENCES

COLUMN 17 PEAK WIND IN M.P.H.

PRELIMINARY LOCAL CLIMATOLOGICAL DATA (WS FORM: F-6) , PAGE 2

                                          STATION:  Wink
                                          MONTH:    JUNE
                                          YEAR:     2015
                                          LATITUDE:   31 46 N
                                          LONGITUDE: 103 12 W

[TEMPERATURE DATA]      [PRECIPITATION DATA]       SYMBOLS USED IN COLUMN 16

AVERAGE MONTHLY: 82.2   TOTAL FOR MONTH:   0.40    1 = FOG OR MIST
DPTR FM NORMAL:   0.1   DPTR FM NORMAL:   -1.07    2 = FOG REDUCING VISIBILITY
HIGHEST:   104 ON 11    GRTST 24HR  0.26 ON 14-14      TO 1/4 MILE OR LESS
LOWEST:     63 ON 14, 1                            3 = THUNDER
                        SNOW, ICE PELLETS, HAIL    4 = ICE PELLETS
                        TOTAL MONTH:   0.0 INCH    5 = HAIL
                        GRTST 24HR     0.0         6 = FREEZING RAIN OR DRIZZLE
                        GRTST DEPTH:   0           7 = DUSTSTORM OR SANDSTORM:
                                                       VSBY 1/2 MILE OR LESS
                                                   8 = SMOKE OR HAZE
[NO. OF DAYS WITH]      [WEATHER - DAYS WITH]      9 = BLOWING SNOW
                                                   X = TORNADO
MAX 32 OR BELOW:   0    0.01 INCH OR MORE:   3
MAX 90 OR ABOVE:  27    0.10 INCH OR MORE:   2
MIN 32 OR BELOW:   0    0.50 INCH OR MORE:   0
MIN  0 OR BELOW:   0    1.00 INCH OR MORE:   0

[HDD (BASE 65) ]
TOTAL THIS MO.     0    CLEAR  (SCALE 0-3)  25
DPTR FM NORMAL     0    PTCLDY (SCALE 4-7)   2
TOTAL FM JUL 1  2497    CLOUDY (SCALE 8-10)  1
DPTR FM NORMAL   -18

[CDD (BASE 65) ]
TOTAL THIS MO.   471
DPTR FM NORMAL    -9    [PRESSURE DATA]
TOTAL FM JAN 1   810    HIGHEST SLP M ON M
DPTR FM NORMAL  -108    LOWEST  SLP 29.55 ON 11

[REMARKS]
