000
CXUS55 KDVN 300912
CF6IOW
PRELIMINARY LOCAL CLIMATOLOGICAL DATA (WS FORM: F-6)

                                          STATION:   IOWA CITY IA
                                          MONTH:     JULY
                                          YEAR:      2015
                                          LATITUDE:   41 37 N
                                          LONGITUDE:  91 33 W

  TEMPERATURE IN F:       :PCPN:    SNOW:  WIND      :SUNSHINE: SKY     :PK WND
================================================================================
1   2   3   4   5  6A  6B    7    8   9   10  11  12  13   14  15   16   17  18
                                     12Z  AVG MX 2MIN
DY MAX MIN AVG DEP HDD CDD  WTR  SNW DPTH SPD SPD DIR MIN PSBL S-S WX    SPD DR
================================================================================

 1  74  62  68  -6   0   3 0.00    M    M  8.5 16  40   M    M   3        19  30
 2  74  57  66  -8   0   1 0.00    M    M  7.1 15  60   M    M   1        20  60
 3  79  60  70  -5   0   5 0.00    M    M  3.8 10  60   M    M   0        14  30
 4  80  56  68  -7   0   3 0.00    M    M  2.7 10 200   M    M   0        14 190
 5  84  61  73  -2   0   8 0.00    M    M  6.0 14 140   M    M   1 18     18 190
 6  83  68  76   1   0  11 0.42    M    M  7.8 22 350   M    M   6 138    29 350
 7  74  60  67  -8   0   2 0.00    M    M 10.1 20 350   M    M   4 8      28 350
 8  67  59  63 -12   2   0 0.00    M    M  7.2 12 120   M    M   8        15  70
 9  78  56  67  -8   0   2 0.00    M    M  3.2 10 320   M    M   4        16 320
10  80  58  69  -6   0   4 0.00    M    M  3.7 12 150   M    M   0        15 120
11  79  67  73  -2   0   8 0.30    M    M  6.7 14 140   M    M   7 1      18 130
12  89  69  79   4   0  14 0.00    M    M  6.7 13 140   M    M   7 12     18 120
13  95  74  85  10   0  20 0.00    M    M  6.9 17 260   M    M   3        22 280
14  88  70  79   4   0  14 0.00    M    M  7.7 15  30   M    M   2        21  20
15  79  67  73  -2   0   8 0.01    M    M  5.6 13 120   M    M   4 1      22 350
16  82  66  74  -1   0   9 0.67    M    M  8.5 26 240   M    M   8 13     36 240
17  92  69  81   6   0  16 0.00    M    M  5.0 10 220   M    M   0 12     16 270
18  89  74  82   7   0  17    T    M    M  8.0 25 260   M    M   1        31 260
19  86  69  78   3   0  13 0.00    M    M  4.4 14 340   M    M   0        17 350
20  84  66  75   0   0  10    T    M    M  5.6 14 330   M    M   3 12     18 320
21  81  62  72  -3   0   7 0.00    M    M  5.0 13  30   M    M   1        17  50
22  81  59  70  -5   0   5    T    M    M  2.0  9 180   M    M   1        13 180
23  83  60  72  -3   0   7 0.00    M    M  3.7 12 160   M    M   0        19 120
24  83  63  73  -2   0   8 0.12    M    M  5.2 23 140   M    M   3 13     29 140
25  91  70  81   6   0  16 0.00    M    M  5.1 15 340   M    M   3 13     18 340
26  84  73  79   4   0  14 0.03    M    M  5.1 18  60   M    M   5 3      23  70
27  86  69  78   3   0  13 0.01    M    M  5.1 12 110   M    M   2        15 120
28  84  71  78   3   0  13 1.01    M    M  7.7 25 350   M    M   4 138    39 350
29  84  65  75   1   0  10 0.11    M    M  9.1 18 290   M    M   0        25 290
================================================================================
SM 2393 1880         2 261  2.68    M    173.2          M       81
================================================================================
AV 82.5 64.8                               6.0 FASTST   M    M   3    MAX(MPH)
                                 MISC ---->  # 26 240               # 39  350
================================================================================
NOTES:
# LAST OF SEVERAL OCCURRENCES

COLUMN 17 PEAK WIND IN M.P.H.

PRELIMINARY LOCAL CLIMATOLOGICAL DATA (WS FORM: F-6) , PAGE 2

                                          STATION:  IOWA CITY IA
                                          MONTH:    JULY
                                          YEAR:     2015
                                          LATITUDE:   41 37 N
                                          LONGITUDE:  91 33 W

[TEMPERATURE DATA]      [PRECIPITATION DATA]       SYMBOLS USED IN COLUMN 16

AVERAGE MONTHLY: 73.7   TOTAL FOR MONTH:   2.68    1 = FOG OR MIST
DPTR FM NORMAL:  -1.2   DPTR FM NORMAL:   -2.02    2 = FOG REDUCING VISIBILITY
HIGHEST:    95 ON 13    GRTST 24HR  1.12 ON 28-29      TO 1/4 MILE OR LESS
LOWEST:     56 ON  9, 4                            3 = THUNDER
                        SNOW, ICE PELLETS, HAIL    4 = ICE PELLETS
                        TOTAL MONTH:    M          5 = HAIL
                        GRTST 24HR    M  ON   M    6 = FREEZING RAIN OR DRIZZLE
                        GRTST DEPTH:  M  ON   M    7 = DUSTSTORM OR SANDSTORM:
                                                       VSBY 1/2 MILE OR LESS
                                                   8 = SMOKE OR HAZE
[NO. OF DAYS WITH]      [WEATHER - DAYS WITH]      9 = BLOWING SNOW
                                                   X = TORNADO
MAX 32 OR BELOW:   0    0.01 INCH OR MORE:   9
MAX 90 OR ABOVE:   3    0.10 INCH OR MORE:   6
MIN 32 OR BELOW:   0    0.50 INCH OR MORE:   2
MIN  0 OR BELOW:   0    1.00 INCH OR MORE:   1

[HDD (BASE 65) ]
TOTAL THIS MO.     2    CLEAR  (SCALE 0-3)  17
DPTR FM NORMAL     2    PTCLDY (SCALE 4-7)  12
TOTAL FM JUL 1     2    CLOUDY (SCALE 8-10)  0
DPTR FM NORMAL     2

[CDD (BASE 65) ]
TOTAL THIS MO.   261
DPTR FM NORMAL   -29    [PRESSURE DATA]
TOTAL FM JAN 1   524    HIGHEST SLP M ON M
DPTR FM NORMAL   -38    LOWEST  SLP 29.57 ON 13

[REMARKS]
