000
CXUS55 KDVN 211100
CF6IOW
PRELIMINARY LOCAL CLIMATOLOGICAL DATA (WS FORM: F-6)

                                          STATION:   IOWA CITY IA
                                          MONTH:     SEPTEMBER
                                          YEAR:      2014
                                          LATITUDE:   41 37 N
                                          LONGITUDE:  91 33 W

  TEMPERATURE IN F:       :PCPN:    SNOW:  WIND      :SUNSHINE: SKY     :PK WND
================================================================================
1   2   3   4   5  6A  6B    7    8   9   10  11  12  13   14  15   16   17  18
                                     12Z  AVG MX 2MIN
DY MAX MIN AVG DEP HDD CDD  WTR  SNW DPTH SPD SPD DIR MIN PSBL S-S WX    SPD DR
================================================================================

 1  81  65  73   3   0   8 0.23    M    M  8.6 24 280   M    M   2 13     29 270
 2  79  59  69   0   0   4 0.00    M    M  4.4 17 270   M    M   1        21 260
 3  84  57  71   2   0   6 0.00    M    M  8.5 18 170   M    M   1 12     24 160
 4  90  65  78   9   0  13 1.47    M    M 11.9 23 170   M    M   3 13     31 170
 5  77  58  68   0   0   3 0.21    M    M  8.1 21 300   M    M   5 1      27 320
 6  74  53  64  -4   1   0 0.00    M    M  5.8 14 350   M    M   0        20 320
 7  76  51  64  -4   1   0 0.00    M    M  2.5 10 170   M    M   0        14 130
 8  77  52  65  -2   0   0 0.02    M    M  6.7 37 190   M    M   1 3      47 190
 9  76  62  69   2   0   4 2.15    M    M 11.5 22  40   M    M   8 13     31 100
10  75  53  64  -3   1   0 1.56    M    M 12.9 24 340   M    M  10 1      32 310
11  60  48  54 -12  11   0    T    M    M  8.7 17  10   M    M   9        21  10
12  52  41  47 -19  18   0 0.16    M    M  8.2 18 360   M    M   8 1      24 350
13  60  37  49 -16  16   0 0.00    M    M  2.2  9  40   M    M   0        12  40
14  68  40  54 -11  11   0 0.00    M    M  3.8 14 200   M    M   2        19 200
15  68  44  56  -9   9   0 0.03    M    M  6.6 23  20   M    M   7 3      28  20
16  67  40  54 -10  11   0 0.00    M    M  1.4  9 190   M    M   0        11 220
17  71  45  58  -6   7   0 0.00    M    M  2.5  9 110   M    M   3 12     13 150
18  73  46  60  -3   5   0 0.00    M    M  4.5 14 130   M    M   1 12     17 130
19  76  49  63   0   2   0 0.00    M    M  9.3 22 190   M    M   0 1      28 160
20  80  62  71   9   0   6 0.04    M    M  8.1 31 300   M    M   3 13     41 300
================================================================================
SM 1464 1027        93  44  5.87    M    136.2          M       64
================================================================================
AV 73.2 51.3                               6.8 FASTST   M    M   3    MAX(MPH)
                                 MISC ---->  # 37 190               # 47  190
================================================================================
NOTES:
# LAST OF SEVERAL OCCURRENCES

COLUMN 17 PEAK WIND IN M.P.H.

PRELIMINARY LOCAL CLIMATOLOGICAL DATA (WS FORM: F-6) , PAGE 2

                                          STATION:  IOWA CITY IA
                                          MONTH:    SEPTEMBER
                                          YEAR:     2014
                                          LATITUDE:   41 37 N
                                          LONGITUDE:  91 33 W

[TEMPERATURE DATA]      [PRECIPITATION DATA]       SYMBOLS USED IN COLUMN 16

AVERAGE MONTHLY: 62.3   TOTAL FOR MONTH:   5.87    1 = FOG OR MIST
DPTR FM NORMAL:  -4.0   DPTR FM NORMAL:    3.49    2 = FOG REDUCING VISIBILITY
HIGHEST:    90 ON  4    GRTST 24HR  3.12 ON  9-10      TO 1/4 MILE OR LESS
LOWEST:     37 ON 13                               3 = THUNDER
                        SNOW, ICE PELLETS, HAIL    4 = ICE PELLETS
                        TOTAL MONTH:    M          5 = HAIL
                        GRTST 24HR    M  ON   M    6 = FREEZING RAIN OR DRIZZLE
                        GRTST DEPTH:  M  ON   M    7 = DUSTSTORM OR SANDSTORM:
                                                       VSBY 1/2 MILE OR LESS
                                                   8 = SMOKE OR HAZE
[NO. OF DAYS WITH]      [WEATHER - DAYS WITH]      9 = BLOWING SNOW
                                                   X = TORNADO
MAX 32 OR BELOW:   0    0.01 INCH OR MORE:   9
MAX 90 OR ABOVE:   1    0.10 INCH OR MORE:   6
MIN 32 OR BELOW:   0    0.50 INCH OR MORE:   3
MIN  0 OR BELOW:   0    1.00 INCH OR MORE:   3

[HDD (BASE 65) ]
TOTAL THIS MO.    93    CLEAR  (SCALE 0-3)  13
DPTR FM NORMAL    51    PTCLDY (SCALE 4-7)   5
TOTAL FM JUL 1   105    CLOUDY (SCALE 8-10)  2
DPTR FM NORMAL    55

[CDD (BASE 65) ]
TOTAL THIS MO.    44
DPTR FM NORMAL   -23    [PRESSURE DATA]
TOTAL FM JAN 1   760    HIGHEST SLP M ON M
DPTR FM NORMAL  -129    LOWEST  SLP 29.48 ON 10

[REMARKS]
