000
CXUS55 KDVN 301136
CF6IOW
PRELIMINARY LOCAL CLIMATOLOGICAL DATA (WS FORM: F-6)

                                          STATION:   IOWA CITY IA
                                          MONTH:     JUNE
                                          YEAR:      2015
                                          LATITUDE:   41 37 N
                                          LONGITUDE:  91 33 W

  TEMPERATURE IN F:       :PCPN:    SNOW:  WIND      :SUNSHINE: SKY     :PK WND
================================================================================
1   2   3   4   5  6A  6B    7    8   9   10  11  12  13   14  15   16   17  18
                                     12Z  AVG MX 2MIN
DY MAX MIN AVG DEP HDD CDD  WTR  SNW DPTH SPD SPD DIR MIN PSBL S-S WX    SPD DR
================================================================================

 1  71  47  59  -8   6   0 0.00    M    M  5.5 14  20   M    M   2        20  80
 2  74  54  64  -4   1   0 0.00    M    M  6.2 15 160   M    M   3 18     20 160
 3  79  54  67  -1   0   2 0.00    M    M  8.3 21 160   M    M   2        28 160
 4  84  60  72   4   0   7 0.00    M    M  3.3 14 190   M    M   3 1      17 180
 5  84  65  75   6   0  10 0.00    M    M  8.9 16  70   M    M   1        24  80
 6  78  58  68  -1   0   3 0.00    M    M  7.7 15 160   M    M   1        20 150
 7  85  66  76   7   0  11 0.84    M    M  9.8 24 280   M    M   5 13     28 280
 8  84  60  72   2   0   7 0.00    M    M  6.7 21 290   M    M   1        27 280
 9  92  59  76   6   0  11 0.00    M    M  7.2 17 240   M    M   0 18     24 240
10  91  73  82  12   0  17 0.00    M    M  6.9 20 220   M    M   1        28 220
11  79  67  73   2   0   8 0.75    M    M  7.0 26  30   M    M   6 13     35  20
12  70  65  68  -3   0   3 0.06    M    M  6.8 15  30   M    M  10 1      19  30
13  77  65  71   0   0   6 0.35    M    M  3.3 10 160   M    M   9 1      12 170
14  83  69  76   5   0  11 0.59    M    M  4.2 16 220   M    M   7 123    22 230
15  82  66  74   2   0   9 1.09    M    M  7.1 29 310   M    M   6 13     36 300
16  81  61  71  -1   0   6    T    M    M  7.9 14 140   M    M   1        18 140
17  79  59  69  -3   0   4 0.01    M    M  6.5 15 120   M    M   6        19 100
18  80  66  73   1   0   8 0.00    M    M  8.3 15  20   M    M   1        20  10
19  80  62  71  -2   0   6 0.00    M    M  8.2 16  70   M    M   0        20  70
20  85  58  72  -1   0   7 0.62    M    M  6.3 25 350   M    M   2 13     29 350
21  84  65  75   2   0  10 0.00    M    M  3.3 10 170   M    M   2 12     14 190
22  82  71  77   4   0  12 0.18    M    M  7.6 18 190   M    M   7 13     23 330
23  80  64  72  -1   0   7 0.00    M    M  6.7 14  10   M    M   0        19 320
24  71  62  67  -7   0   2 0.64    M    M  8.3 22 170   M    M   6 13     30 170
25  82  67  75   1   0  10 0.02    M    M  6.3 18 160   M    M   6 3      24 160
26  73  63  68  -6   0   3 0.01    M    M  7.3 16  10   M    M   5        22  10
27  81  58  70  -4   0   5 0.00    M    M  4.0 13 350   M    M   1 1      19  20
28  74  59  67  -7   0   2 0.41    M    M  4.5 15 200   M    M   6 13     18 200
29  82  59  71  -3   0   6 0.31    M    M  6.0 31 330   M    M   4 1238   41 320
================================================================================
SM 2327 1802         7 193  5.88    M    190.1          M      104
================================================================================
AV 80.2 62.1                               6.6 FASTST   M    M   4    MAX(MPH)
                                 MISC ---->  # 31 330               # 41  320
================================================================================
NOTES:
# LAST OF SEVERAL OCCURRENCES

COLUMN 17 PEAK WIND IN M.P.H.

PRELIMINARY LOCAL CLIMATOLOGICAL DATA (WS FORM: F-6) , PAGE 2

                                          STATION:  IOWA CITY IA
                                          MONTH:    JUNE
                                          YEAR:     2015
                                          LATITUDE:   41 37 N
                                          LONGITUDE:  91 33 W

[TEMPERATURE DATA]      [PRECIPITATION DATA]       SYMBOLS USED IN COLUMN 16

AVERAGE MONTHLY: 71.2   TOTAL FOR MONTH:   5.88    1 = FOG OR MIST
DPTR FM NORMAL:  -0.2   DPTR FM NORMAL:    1.44    2 = FOG REDUCING VISIBILITY
HIGHEST:    92 ON  9    GRTST 24HR  1.62 ON 14-15      TO 1/4 MILE OR LESS
LOWEST:     47 ON  1                               3 = THUNDER
                        SNOW, ICE PELLETS, HAIL    4 = ICE PELLETS
                        TOTAL MONTH:    M          5 = HAIL
                        GRTST 24HR    M  ON   M    6 = FREEZING RAIN OR DRIZZLE
                        GRTST DEPTH:  M  ON   M    7 = DUSTSTORM OR SANDSTORM:
                                                       VSBY 1/2 MILE OR LESS
                                                   8 = SMOKE OR HAZE
[NO. OF DAYS WITH]      [WEATHER - DAYS WITH]      9 = BLOWING SNOW
                                                   X = TORNADO
MAX 32 OR BELOW:   0    0.01 INCH OR MORE:  14
MAX 90 OR ABOVE:   2    0.10 INCH OR MORE:  10
MIN 32 OR BELOW:   0    0.50 INCH OR MORE:   6
MIN  0 OR BELOW:   0    1.00 INCH OR MORE:   1

[HDD (BASE 65) ]
TOTAL THIS MO.     7    CLEAR  (SCALE 0-3)  16
DPTR FM NORMAL    -7    PTCLDY (SCALE 4-7)  11
TOTAL FM JUL 1  6728    CLOUDY (SCALE 8-10)  2
DPTR FM NORMAL   353

[CDD (BASE 65) ]
TOTAL THIS MO.   193
DPTR FM NORMAL    -8    [PRESSURE DATA]
TOTAL FM JAN 1   256    HIGHEST SLP M ON M
DPTR FM NORMAL    -6    LOWEST  SLP 29.57 ON  7

[REMARKS]
