000
CXUS55 KPSR 271005
CF6IPL
PRELIMINARY LOCAL CLIMATOLOGICAL DATA (WS FORM: F-6)

                                          STATION:   IMPERIAL CA
                                          MONTH:     JULY
                                          YEAR:      2015
                                          LATITUDE:   32 50 N
                                          LONGITUDE: 115 35 W

  TEMPERATURE IN F:       :PCPN:    SNOW:  WIND      :SUNSHINE: SKY     :PK WND
================================================================================
1   2   3   4   5  6A  6B    7    8   9   10  11  12  13   14  15   16   17  18
                                     12Z  AVG MX 2MIN
DY MAX MIN AVG DEP HDD CDD  WTR  SNW DPTH SPD SPD DIR MIN PSBL S-S WX    SPD DR
================================================================================

 1  97  83  90   0   0  25    T  0.0    0  9.2 30 140   M    M   2 3      37 130
 2 108  78  93   3   0  28 0.00  0.0    0  5.8 21 250   M    M   0        26 260
 3 108  78  93   2   0  28 0.00  0.0    0  6.2 14 250   M    M   0        17 250
 4 110  81  96   5   0  31 0.00  0.0    0 11.7 25 130   M    M   0        31 130
 5 107  81  94   3   0  29 0.00  0.0    0 10.1 24 130   M    M   0        29 150
 6 107  80  94   3   0  29 0.00  0.0    0  7.6 16 120   M    M   0        20 120
 7 109  80  95   4   0  30 0.00  0.0    0  8.0 22 260   M    M   1        29 270
 8 103  77  90  -2   0  25 0.00  0.0    0 16.8 32 270   M    M   0 8      39 250
 9  96  72  84  -8   0  19 0.00  0.0    0 13.3 28 270   M    M   0        35 270
10  96  68  82 -10   0  17 0.00  0.0    0  8.0 16 260   M    M   0        19 270
11  96  70  83  -9   0  18 0.00  0.0    0  4.2 13 130   M    M   0        19 130
12 104  74  89  -3   0  24 0.00  0.0    0  5.2 10 260   M    M   0         M  M
13 108  75  92   0   0  27    T  0.0    0  6.3 20 260   M    M   0        27 260
14 108  74  91  -1   0  26 0.00  0.0    0  6.8 18 270   M    M   0        25 270
15 107  75  91  -1   0  26 0.00  0.0    0  8.7 18 260   M    M   0        24 260
16 108  75  92  -1   0  27 0.00  0.0    0  4.5 12 190   M    M   0        19  70
17 107  80  94   1   0  29    T  0.0    0 10.9 35 180   M    M   2 38     40 180
18  97  78  88  -5   0  23 0.15  0.0    0  6.5 24 340   M    M   1 3      31 350
19  95  75  85  -8   0  20 0.10  0.0    0  5.9 21 260   M    M   1 3      27 260
20  99  74  87  -6   0  22 0.01  0.0    0  4.8 12 260   M    M   0        15 210
21 103  77  90  -3   0  25 0.00  0.0    0  6.5 17 260   M    M   0        22 260
22 102  77  90  -3   0  25 0.00  0.0    0  8.8 21 280   M    M   0        27 280
23 105  76  91  -2   0  26 0.00  0.0    0  7.7 15 270   M    M   0         M  M
24 106  76  91  -2   0  26 0.00  0.0    0  5.0 17 270   M    M   0        21 260
25 110  78  94   1   0  29 0.00  0.0    0  8.8 18 250   M    M   0        22 250
26 108  76  92  -1   0  27 0.00  0.0    0 14.1 28 260   M    M   0        37 250
================================================================================
SM 2704 1988         0 661  0.26     0.0 211.4          M        7
================================================================================
AV104.0 76.5                               8.1 FASTST   M    M   0    MAX(MPH)
                                 MISC ---->  # 35 180               # 40  180
================================================================================
NOTES:
# LAST OF SEVERAL OCCURRENCES

COLUMN 17 PEAK WIND IN M.P.H.

PRELIMINARY LOCAL CLIMATOLOGICAL DATA (WS FORM: F-6) , PAGE 2

                                          STATION:  IMPERIAL CA
                                          MONTH:    JULY
                                          YEAR:     2015
                                          LATITUDE:   32 50 N
                                          LONGITUDE: 115 35 W

[TEMPERATURE DATA]      [PRECIPITATION DATA]       SYMBOLS USED IN COLUMN 16

AVERAGE MONTHLY: 90.2   TOTAL FOR MONTH:   0.26    1 = FOG OR MIST
DPTR FM NORMAL:  -1.8   DPTR FM NORMAL:    0.17    2 = FOG REDUCING VISIBILITY
HIGHEST:   110 ON 25, 4 GRTST 24HR  0.15 ON 18-18      TO 1/4 MILE OR LESS
LOWEST:     68 ON 10                               3 = THUNDER
                        SNOW, ICE PELLETS, HAIL    4 = ICE PELLETS
                        TOTAL MONTH:   0.0 INCH    5 = HAIL
                        GRTST 24HR     0.0         6 = FREEZING RAIN OR DRIZZLE
                        GRTST DEPTH:   0           7 = DUSTSTORM OR SANDSTORM:
                                                       VSBY 1/2 MILE OR LESS
                                                   8 = SMOKE OR HAZE
[NO. OF DAYS WITH]      [WEATHER - DAYS WITH]      9 = BLOWING SNOW
                                                   X = TORNADO
MAX 32 OR BELOW:   0    0.01 INCH OR MORE:   3
MAX 90 OR ABOVE:  26    0.10 INCH OR MORE:   2
MIN 32 OR BELOW:   0    0.50 INCH OR MORE:   0
MIN  0 OR BELOW:   0    1.00 INCH OR MORE:   0

[HDD (BASE 65) ]
TOTAL THIS MO.     0    CLEAR  (SCALE 0-3)  26
DPTR FM NORMAL     0    PTCLDY (SCALE 4-7)   0
TOTAL FM JUL 1     0    CLOUDY (SCALE 8-10)  0
DPTR FM NORMAL     0

[CDD (BASE 65) ]
TOTAL THIS MO.   661
DPTR FM NORMAL   -43    [PRESSURE DATA]
TOTAL FM JAN 1  2186    HIGHEST SLP M ON M
DPTR FM NORMAL   178    LOWEST  SLP 29.55 ON  8

[REMARKS]
