000
CXUS55 KCTP 291131
CF6IPT
PRELIMINARY LOCAL CLIMATOLOGICAL DATA (WS FORM: F-6)

                                          STATION:   WILLIAMSPORT PA
                                          MONTH:     JULY
                                          YEAR:      2015
                                          LATITUDE:   41 15 N
                                          LONGITUDE:  76 55 W

  TEMPERATURE IN F:       :PCPN:    SNOW:  WIND      :SUNSHINE: SKY     :PK WND
================================================================================
1   2   3   4   5  6A  6B    7    8   9   10  11  12  13   14  15   16   17  18
                                     12Z  AVG MX 2MIN
DY MAX MIN AVG DEP HDD CDD  WTR  SNW DPTH SPD SPD DIR MIN PSBL S-S WX    SPD DR
================================================================================

 1  80  60  70  -2   0   5 0.00  0.0    0  6.2 21 250   M    M   5 1      27 260
 2  78  57  68  -4   0   3 0.00  0.0    0  2.6 10  60   M    M   4 1      14  40
 3  79  57  68  -4   0   3    T  0.0    0  3.3 10 170   M    M   3        16 140
 4  70  60  65  -7   0   0 1.09  0.0    0  4.5 17 130   M    M   9 1      26 120
 5  82  61  72   0   0   7 0.00  0.0    0  1.5  8 180   M    M   4 12     14  90
 6  83  62  73   1   0   8    T  0.0    0  3.6 14 140   M    M   6 8      21 130
 7  88  72  80   7   0  15 0.35  0.0    0  5.3 15 240   M    M   6 1      19 160
 8  81  68  75   2   0  10 0.08  0.0    0  4.9 21 270   M    M   9        28 260
 9  81  66  74   1   0   9 0.66  0.0    0  5.1 21 160   M    M   8 13     27 160
10  83  62  73   0   0   8 0.00  0.0    0  5.4 12 290   M    M   1        16 290
11  85  57  71  -2   0   6 0.00  0.0    0  3.2  9 110   M    M   1        12  10
12  85  59  72  -1   0   7 0.00  0.0    0  1.9  8 150   M    M   1        11 140
13  85  62  74   1   0   9 0.00  0.0    0  3.4 18 210   M    M   2        26 200
14  85  68  77   4   0  12 1.05  0.0    0  7.7 18 180   M    M   9 138    27 180
15  72  54  63 -10   2   0 0.00  0.0    0  7.1 16 360   M    M   5        21 360
16  81  52  67  -6   0   2 0.00  0.0    0  4.2 10 260   M    M   0        16 250
17  78  55  67  -6   0   2 0.00  0.0    0  6.2 22 160   M    M   5        29 150
18  90  69  80   7   0  15 0.18  0.0    0  4.9 14 330   M    M   5 13     22 310
19  92  68  80   7   0  15 0.02  0.0    0  4.3 29 210   M    M   4 1238   38 200
20  89  69  79   6   0  14    T  0.0    0  6.2 16 280   M    M   3        23 260
21  88  65  77   4   0  12    T  0.0    0  4.2 24 320   M    M   3 3      34 310
22  81  58  70  -3   0   5 0.00  0.0    0  7.1 20 290   M    M   2        24 310
23  82  54  68  -5   0   3 0.00  0.0    0  5.5 15 280   M    M   2        27 300
24  84  56  70  -3   0   5 0.00  0.0    0  3.6 13 270   M    M   2        17 270
25  85  56  71  -2   0   6    T  0.0    0  3.7 10  60   M    M   2        15  70
26  90  64  77   4   0  12 0.45  0.0    0  2.9 22 230   M    M   3 13     33 220
27  85  70  78   5   0  13 0.00  0.0    0  2.3 13 170   M    M   5 1      16 170
28  91  67  79   6   0  14 0.00  0.0    0  2.8 10 190   M    M   4 18     12 200
================================================================================
SM 2333 1728         2 220  3.88     0.0 123.6          M      113
================================================================================
AV 83.3 61.7                               4.4 FASTST   M    M   4    MAX(MPH)
                                 MISC ---->  # 29 210               # 38  200
================================================================================
NOTES:
# LAST OF SEVERAL OCCURRENCES

COLUMN 17 PEAK WIND IN M.P.H.

PRELIMINARY LOCAL CLIMATOLOGICAL DATA (WS FORM: F-6) , PAGE 2

                                          STATION:  WILLIAMSPORT PA
                                          MONTH:    JULY
                                          YEAR:     2015
                                          LATITUDE:   41 15 N
                                          LONGITUDE:  76 55 W

[TEMPERATURE DATA]      [PRECIPITATION DATA]       SYMBOLS USED IN COLUMN 16

AVERAGE MONTHLY: 72.5   TOTAL FOR MONTH:   3.88    1 = FOG OR MIST
DPTR FM NORMAL:  -0.3   DPTR FM NORMAL:   -0.02    2 = FOG REDUCING VISIBILITY
HIGHEST:    92 ON 19    GRTST 24HR  1.09 ON  4- 4      TO 1/4 MILE OR LESS
LOWEST:     52 ON 16                               3 = THUNDER
                        SNOW, ICE PELLETS, HAIL    4 = ICE PELLETS
                        TOTAL MONTH:   0.0 INCH    5 = HAIL
                        GRTST 24HR     0.0         6 = FREEZING RAIN OR DRIZZLE
                        GRTST DEPTH:   0           7 = DUSTSTORM OR SANDSTORM:
                                                       VSBY 1/2 MILE OR LESS
                                                   8 = SMOKE OR HAZE
[NO. OF DAYS WITH]      [WEATHER - DAYS WITH]      9 = BLOWING SNOW
                                                   X = TORNADO
MAX 32 OR BELOW:   0    0.01 INCH OR MORE:   8
MAX 90 OR ABOVE:   4    0.10 INCH OR MORE:   6
MIN 32 OR BELOW:   0    0.50 INCH OR MORE:   3
MIN  0 OR BELOW:   0    1.00 INCH OR MORE:   2

[HDD (BASE 65) ]
TOTAL THIS MO.     2    CLEAR  (SCALE 0-3)  11
DPTR FM NORMAL     2    PTCLDY (SCALE 4-7)  13
TOTAL FM JUL 1     2    CLOUDY (SCALE 8-10)  4
DPTR FM NORMAL     2

[CDD (BASE 65) ]
TOTAL THIS MO.   220
DPTR FM NORMAL    -1    [PRESSURE DATA]
TOTAL FM JAN 1   520    HIGHEST SLP M ON M
DPTR FM NORMAL   110    LOWEST  SLP 29.48 ON 14

[REMARKS]
