000
CXUS55 KCTP 200700
CF6IPT
PRELIMINARY LOCAL CLIMATOLOGICAL DATA (WS FORM: F-6)

                                          STATION:   WILLIAMSPORT PA
                                          MONTH:     JANUARY
                                          YEAR:      2018
                                          LATITUDE:   41 15 N
                                          LONGITUDE:  76 55 W

  TEMPERATURE IN F:       :PCPN:    SNOW:  WIND      :SUNSHINE: SKY     :PK WND
================================================================================
1   2   3   4   5  6A  6B    7    8   9   10  11  12  13   14  15   16   17  18
                                     12Z  AVG MX 2MIN
DY MAX MIN AVG DEP HDD CDD  WTR  SNW DPTH SPD SPD DIR MIN PSBL S-S WX    SPD DR
================================================================================

 1  22   3  13 -14  52   0    T    T    T  9.2 20 290   M    M   2        27 320
 2  25  14  20  -7  45   0 0.00  0.0    0 12.5 21 260   M    M   4        25 270
 3  22   6  14 -13  51   0 0.00  0.0    T  2.8 13  40   M    M   1        17 150
 4  24  10  17 -10  48   0    T    T    T 12.9 28 310   M    M   7 8      36 300
 5  16   7  12 -15  53   0 0.00  0.0    T 17.0 30 290   M    M   6        42 270
 6  15   3   9 -18  56   0 0.00  0.0    T 14.0 25 300   M    M   2        32 300
 7  19  -4   8 -19  57   0 0.00  0.0    T  5.7 13 130   M    M   2        20 130
 8  27  18  23  -4  42   0    T    T    T  5.0 14  90   M    M   9 8      18  90
 9  44  20  32   5  33   0 0.00  0.0    T  3.7 16 270   M    M   5 18     23 270
10  39  15  27   0  38   0 0.00  0.0    T  4.6 20  40   M    M   5        29  20
11  54  32  43  17  22   0 0.10  0.0    0  6.1 18 150   M    M   7 18     25 150
12  64  38  51  25  14   0 2.37  0.0    0  6.3 17 260   M    M  10 1      28 150
13  39  10  25  -1  40   0 0.45  1.6    2 13.7 28 300   M    M   5 1      38 290
14  22   5  14 -12  51   0 0.00  0.0    1  5.4 10  30   M    M   0        14  20
15  23   4  14 -12  51   0    T  0.1    1  1.9 10  80   M    M   5 1      12  70
16  29  22  26   0  39   0 0.27  3.7    1  2.2 15  60   M    M  10 18     19  60
17  27  14  21  -5  44   0 0.01  0.4    4 12.3 21 270   M    M   4 1      26 270
18  29  13  21  -5  44   0 0.00  0.0    4 10.3 18 270   M    M   0        26 280
19  41   9  25  -1  40   0 0.00  0.0    3  6.2 22 270   M    M   0 1      28 270
================================================================================
SM  581  239       820   0  3.20     5.8 151.8          M       84
================================================================================
AV 30.6 12.6                               8.0 FASTST   M    M   4    MAX(MPH)
                                 MISC ---->  # 30 290               # 42  270
================================================================================
NOTES:
# LAST OF SEVERAL OCCURRENCES

COLUMN 17 PEAK WIND IN M.P.H.

PRELIMINARY LOCAL CLIMATOLOGICAL DATA (WS FORM: F-6) , PAGE 2

                                          STATION:  WILLIAMSPORT PA
                                          MONTH:    JANUARY
                                          YEAR:     2018
                                          LATITUDE:   41 15 N
                                          LONGITUDE:  76 55 W

[TEMPERATURE DATA]      [PRECIPITATION DATA]       SYMBOLS USED IN COLUMN 16

AVERAGE MONTHLY: 21.6   TOTAL FOR MONTH:   3.20    1 = FOG OR MIST
DPTR FM NORMAL:  -4.9   DPTR FM NORMAL:    1.56    2 = FOG REDUCING VISIBILITY
HIGHEST:    64 ON 12    GRTST 24HR  2.37 ON 12-12      TO 1/4 MILE OR LESS
LOWEST:     -4 ON  7                               3 = THUNDER
                        SNOW, ICE PELLETS, HAIL    4 = ICE PELLETS
                        TOTAL MONTH:   5.8 INCHES  5 = HAIL
                        GRTST 24HR   3.7 ON 16-16  6 = FREEZING RAIN OR DRIZZLE
                        GRTST DEPTH:   4 ON 18,17  7 = DUSTSTORM OR SANDSTORM:
                                                       VSBY 1/2 MILE OR LESS
                                                   8 = SMOKE OR HAZE
[NO. OF DAYS WITH]      [WEATHER - DAYS WITH]      9 = BLOWING SNOW
                                                   X = TORNADO
MAX 32 OR BELOW:  13    0.01 INCH OR MORE:   5
MAX 90 OR ABOVE:   0    0.10 INCH OR MORE:   4
MIN 32 OR BELOW:  18    0.50 INCH OR MORE:   1
MIN  0 OR BELOW:   1    1.00 INCH OR MORE:   1

[HDD (BASE 65) ]
TOTAL THIS MO.   820    CLEAR  (SCALE 0-3)   7
DPTR FM NORMAL    90    PTCLDY (SCALE 4-7)   9
TOTAL FM JUL 1  2834    CLOUDY (SCALE 8-10)  3
DPTR FM NORMAL  -189

[CDD (BASE 65) ]
TOTAL THIS MO.     0
DPTR FM NORMAL     0    [PRESSURE DATA]
TOTAL FM JAN 1     0    HIGHEST SLP M ON M
DPTR FM NORMAL     0    LOWEST  SLP 29.53 ON 12

[REMARKS]
